000
CXUS53 KARX 012354
CF6AUM
PRELIMINARY LOCAL CLIMATOLOGICAL DATA (WS FORM: F-6)
STATION: AUSTIN MUNI MN
MONTH: AUGUST
YEAR: 2023
LATITUDE: 43 40 N
LONGITUDE: 92 56 W
TEMPERATURE IN F: :PCPN: SNOW: WIND :SUNSHINE: SKY :PK WND
================================================================================
1 2 3 4 5 6A 6B 7 8 9 10 11 12 13 14 15 16 17 18
12Z AVG MX 2MIN
DY MAX MIN AVG DEP HDD CDD WTR SNW DPTH SPD SPD DIR MIN PSBL S-S WX SPD DR
================================================================================
1 84 61 73 M 0 8 0.00 0.0 0 3.6 9 150 M M 1 M M
2 86 64 75 M 0 10 0.00 0.0 0 4.2 8 200 M M 2 M M
3 91 63 77 M 0 12 0.00 0.0 0 1.2 6 330 M M 4 12 M M
4 91 64 78 M 0 13 0.00 0.0 0 3.4 14 80 M M 4 1 21 210
5 86 64 75 M 0 10 0.00 0.0 0 7.4 13 120 M M 2 18 130
6 72 64 68 M 0 3 M 0.0 0 8.0 10 80 M M 9 1 17 60
7 81 61 71 M 0 6 M 0.0 0 5.5 9 330 M M 4 1 18 310
8 82 55 69 M 0 4 0.00 0.0 0 2.9 9 300 M M 1 1 16 280
9 82 57 70 M 0 5 0.00 0.0 0 1.8 12 240 M M 1 1 16 240
10 84 55 70 M 0 5 0.00 0.0 0 2.4 8 270 M M 1 1 M M
11 88 63 76 M 0 11 M 0.0 0 7.7 20 310 M M 5 3 39 150
12 81 59 70 M 0 5 0.00 0.0 0 7.6 16 290 M M 0 24 290
13 70 57 64 M 1 0 0.02 0.0 0 3.9 12 130 M M 7 16 50
14 73 55 64 M 1 0 M 0.0 0 5.8 14 70 M M 6 20 20
15 79 54 67 M 0 2 0.00 0.0 0 6.0 10 300 M M 0 17 320
16 82 55 69 M 0 4 0.00 0.0 0 13.2 25 190 M M 2 33 190
17 73 54 64 M 1 0 0.00 0.0 0 11.1 21 350 M M 2 29 330
18 79 46 63 M 2 0 0.00 0.0 0 6.1 15 200 M M 0 1 21 200
19 91 66 79 M 0 14 0.00 0.0 0 9.4 18 200 M M 0 1 23 200
20 88 66 77 M 0 12 0.00 0.0 0 5.7 9 360 M M 0 1 16 360
21 91 66 79 M 0 14 0.00 0.0 0 5.5 10 220 M M 4 16 170
22 99 72 86 M 0 21 0.00 0.0 0 10.4 17 190 M M 2 1 23 190
23 102 77 90 M 0 25 0.00 0.0 0 8.9 20 250 M M 0 1 27 260
24 93 73 83 M 0 18 0.00 0.0 0 6.5 13 310 M M 0 1 20 330
25 88 66 77 M 0 12 M 0.0 0 3.6 10 290 M M 2 17 290
26 77 57 67 M 0 2 0.00 0.0 0 6.4 10 40 M M 2 18 30
27 77 55 66 M 0 1 0.00 0.0 0 1.4 6 150 M M 5 M M
28 88 54 71 M 0 6 0.00 0.0 0 5.4 15 230 M M 1 17 230
29 82 61 72 M 0 7 0.00 0.0 0 6.8 16 340 M M 0 27 340
30 81 57 69 M 0 4 0.00 0.0 0 4.8 8 80 M M 3 M M
31 81 52 67 M 0 2 0.00 0.0 0 7.0 16 190 M M 0 18 190
================================================================================
SM 2602 1873 5 236 0.02 0.0 183.6 M 70
================================================================================
AV 83.9 60.4 5.9 FASTST M M 2 MAX(MPH)
MISC ----> 25 190 39 150
================================================================================
NOTES:
# LAST OF SEVERAL OCCURRENCES
COLUMN 17 PEAK WIND IN M.P.H.
PRELIMINARY LOCAL CLIMATOLOGICAL DATA (WS FORM: F-6) , PAGE 2
STATION: AUSTIN MUNI MN
MONTH: AUGUST
YEAR: 2023
LATITUDE: 43 40 N
LONGITUDE: 92 56 W
[TEMPERATURE DATA] [PRECIPITATION DATA] SYMBOLS USED IN COLUMN 16
AVERAGE MONTHLY: 72.2 TOTAL FOR MONTH: 0.02 1 = FOG OR MIST
DPTR FM NORMAL: 0.0 DPTR FM NORMAL: M 2 = FOG REDUCING VISIBILITY
HIGHEST: 102 ON 23 GRTST 24HR 0.02 ON 13-13 TO 1/4 MILE OR LESS
LOWEST: 46 ON 18 3 = THUNDER
SNOW, ICE PELLETS, HAIL 4 = ICE PELLETS
TOTAL MONTH: 0.0 INCH 5 = HAIL
GRTST 24HR 0.0 6 = FREEZING RAIN OR DRIZZLE
GRTST DEPTH: 0 7 = DUSTSTORM OR SANDSTORM:
VSBY 1/2 MILE OR LESS
8 = SMOKE OR HAZE
[NO. OF DAYS WITH] [WEATHER - DAYS WITH] 9 = BLOWING SNOW
X = TORNADO
MAX 32 OR BELOW: 0 0.01 INCH OR MORE: 1
MAX 90 OR ABOVE: 7 0.10 INCH OR MORE: 0
MIN 32 OR BELOW: 0 0.50 INCH OR MORE: 0
MIN 0 OR BELOW: 0 1.00 INCH OR MORE: 0
[HDD (BASE 65) ]
TOTAL THIS MO. 5 CLEAR (SCALE 0-3) 22
DPTR FM NORMAL M PTCLDY (SCALE 4-7) 8
TOTAL FM JUL 1 14 CLOUDY (SCALE 8-10) 1
DPTR FM NORMAL M
[CDD (BASE 65) ]
TOTAL THIS MO. 236
DPTR FM NORMAL M [PRESSURE DATA]
TOTAL FM JAN 1 700 HIGHEST SLP M ON M
DPTR FM NORMAL M LOWEST SLP M ON M
[REMARKS]
#FINAL-08-23#