000
CXUS53 KGRB 011509
CF6AUW
PRELIMINARY LOCAL CLIMATOLOGICAL DATA (WS FORM: F-6)
STATION: WAUSAU WI
MONTH: FEBRUARY
YEAR: 2021
LATITUDE: 44 55 N
LONGITUDE: 89 37 W
TEMPERATURE IN F: :PCPN: SNOW: WIND :SUNSHINE: SKY :PK WND
================================================================================
1 2 3 4 5 6A 6B 7 8 9 10 11 12 13 14 15 16 17 18
12Z AVG MX 2MIN
DY MAX MIN AVG DEP HDD CDD WTR SNW DPTH SPD SPD DIR MIN PSBL S-S WX SPD DR
================================================================================
1 32 12 22 6 43 0 0.00 0.0 6 6.7 15 290 M M 8 23 330
2 29 10 20 4 45 0 0.00 0.0 6 5.8 10 280 M M 7 15 350
3 34 1 18 2 47 0 0.00 0.0 6 5.5 16 140 M M 0 1 19 130
4 30 17 24 8 41 0 0.72 7.8 14 9.6 24 280 M M 10 126 35 290
5 17 1 9 -7 56 0 0.01 0.3 14 15.3 26 250 M M 8 89 37 280
6 1 -14 -6 -23 71 0 0.00 0.0 14 12.4 22 260 M M 0 30 260
7 -6 -21 -13 -30 78 0 0.00 0.0 14 8.6 21 260 M M 1 8 25 260
8 0 -11 -5 -22 70 0 T T 14 6.9 13 260 M M 4 8 16 260
9 7 -17 -5 -22 70 0 T T 14 7.9 20 240 M M 2 8 29 270
10 4 -11 -3 -21 68 0 0.00 0.0 14 7.4 14 260 M M 4 18 240
11 4 -15 -5 -23 70 0 0.01 0.1 14 6.2 12 330 M M 5 8 16 330
12 5 -6 0 -18 65 0 0.03 0.8 12 8.7 14 280 M M 3 8 19 300
13 -2 -12 -7 -25 72 0 0.02 0.5 13 8.6 14 280 M M 6 8 19 300
14 -1 -18 -9 -28 74 0 0.00 0.0 13 8.1 14 300 M M 0 21 350
15 5 -19 -7 -26 72 0 0.00 0.0 13 7.5 13 350 M M 0 18 340
16 17 -10 4 -15 61 0 0.00 0.0 13 5.4 9 270 M M 0 14 350
17 19 -16 2 -18 63 0 0.00 0.0 13 2.8 12 120 M M 3 15 180
18 22 8 15 -5 50 0 T 0.1 12 3.3 13 170 M M 9 18 16 170
19 17 6 12 -8 53 0 0.01 0.2 12 6.6 13 270 M M 9 18 16 280
20 21 -9 6 -15 59 0 0.00 0.0 12 3.3 10 190 M M 0 18 14 200
21 26 0 13 -8 52 0 0.13 1.6 13 5.5 12 90 M M 6 128 18 90
22 35 23 29 8 36 0 0.02 0.5 12 8.6 16 190 M M 8 18 25 180
23 42 30 36 14 29 0 0.03 0.0 12 10.0 17 230 M M 7 25 270
24 37 24 31 9 34 0 0.05 0.6 10 8.1 20 290 M M 6 1 28 280
25 36 19 28 6 37 0 0.00 0.0 9 8.0 18 270 M M 2 24 270
26 38 19 29 6 36 0 0.00 0.0 9 10.6 25 170 M M 5 1 37 170
27 47 26 37 14 28 0 0.00 0.0 9 5.2 16 220 M M 1 18 22 210
28 35 22 29 6 36 0 0.13 T 9 11.1 25 290 M M 6 148 36 280
================================================================================
SM 551 39 1516 0 1.16 12.5 213.7 M 120
================================================================================
AV 19.7 1.4 7.6 FASTST M M 4 MAX(MPH)
MISC ----> 26 250 # 37 280
================================================================================
NOTES:
# LAST OF SEVERAL OCCURRENCES
COLUMN 17 PEAK WIND IN M.P.H.
PRELIMINARY LOCAL CLIMATOLOGICAL DATA (WS FORM: F-6) , PAGE 2
STATION: WAUSAU WI
MONTH: FEBRUARY
YEAR: 2021
LATITUDE: 44 55 N
LONGITUDE: 89 37 W
[TEMPERATURE DATA] [PRECIPITATION DATA] SYMBOLS USED IN COLUMN 16
AVERAGE MONTHLY: 10.5 TOTAL FOR MONTH: 1.16 1 = FOG OR MIST
DPTR FM NORMAL: -8.6 DPTR FM NORMAL: 0.24 2 = FOG REDUCING VISIBILITY
HIGHEST: 47 ON 27 GRTST 24HR 0.72 ON 4- 4 TO 1/4 MILE OR LESS
LOWEST: -21 ON 7 3 = THUNDER
SNOW, ICE PELLETS, HAIL 4 = ICE PELLETS
TOTAL MONTH: 13.5 INCHES 5 = HAIL
GRTST 24HR 7.8 ON 4- 4 6 = FREEZING RAIN OR DRIZZLE
GRTST DEPTH: 14 ON 11,10 7 = DUSTSTORM OR SANDSTORM:
VSBY 1/2 MILE OR LESS
8 = SMOKE OR HAZE
[NO. OF DAYS WITH] [WEATHER - DAYS WITH] 9 = BLOWING SNOW
X = TORNADO
MAX 32 OR BELOW: 20 0.01 INCH OR MORE: 11
MAX 90 OR ABOVE: 0 0.10 INCH OR MORE: 3
MIN 32 OR BELOW: 28 0.50 INCH OR MORE: 1
MIN 0 OR BELOW: 14 1.00 INCH OR MORE: 0
[HDD (BASE 65) ]
TOTAL THIS MO. 1516 CLEAR (SCALE 0-3) 10
DPTR FM NORMAL 230 PTCLDY (SCALE 4-7) 14
TOTAL FM JUL 1 6017 CLOUDY (SCALE 8-10) 4
DPTR FM NORMAL -118
[CDD (BASE 65) ]
TOTAL THIS MO. 0
DPTR FM NORMAL 0 [PRESSURE DATA]
TOTAL FM JAN 1 0 HIGHEST SLP 30.63 ON 15
DPTR FM NORMAL 0 LOWEST SLP 29.29 ON 4
[REMARKS]
#FINAL-02-21#