000
CXUS53 KGRB 010651
CLMAUW
CLIMATE REPORT
NATIONAL WEATHER SERVICE GREEN BAY
151 AM CDT SUN OCT 01 2023
...................................
...THE WAUSAU WI CLIMATE SUMMARY FOR THE MONTH OF SEPTEMBER 2023...
CLIMATE NORMAL PERIOD: 1991 TO 2020
CLIMATE RECORD PERIOD: 1896 TO 2023
WEATHER OBSERVED NORMAL DEPART LAST YEAR`S
VALUE DATE(S) VALUE FROM VALUE DATE(S)
NORMAL
................................................................
TEMPERATURE (F)
RECORD
HIGH 99 09/10/1931
LOW 18 09/30/1899
HIGHEST 99R 09/03 84 15 87 09/01
09/07
LOWEST 38 09/14 33 5 33 09/28
09/29
AVG. MAXIMUM 73.4 69.8 3.6 72.4
AVG. MINIMUM 54.7 48.6 6.1 51.3
MEAN 64.1 59.2 4.9 61.9
DAYS MAX >= 90 3 0.1 2.9 0
DAYS MAX <= 32 0 0.0 0.0 0
DAYS MIN <= 32 0 0.5 -0.5 0
DAYS MIN <= 0 0 0.0 0.0 0
PRECIPITATION (INCHES)
RECORD
MAXIMUM 9.79 1986
MINIMUM 0.23 2009
TOTALS 3.54 3.83 -0.29 2.65
DAYS >= .01 11 11.5 -0.5 MM
DAYS >= .10 7 6.7 0.3 MM
DAYS >= .50 3 2.2 0.8
DAYS >= 1.00 1 1.0 0.0 MM
GREATEST
STORM TOTAL 1.29
(MM/DD(HH))
SNOWFALL (INCHES)
RECORDS
TOTAL 2.0 1942
24 HR TOTAL 0.0 09/30/2002 TO 09/30/2002
TOTALS 0.0 0.0 0.0 0.0
SINCE 7/1 0.0 0.0 0.0 MM
DAYS >= TRACE 0 0.0 0.0
DAYS >= 1.0 0 0.0 0.0 0
GREATEST
SNOW DEPTH 0 0 MM
24 HR TOTAL MM
DEGREE DAYS
HEATING TOTAL 98 209 -111 152
SINCE 7/1 131 270 -139 MM
COOLING TOTAL 77 35 42 63
SINCE 1/1 586 420 166 MM
................................................................
WIND (MPH)
AVERAGE WIND SPEED 6.1
HIGHEST WIND SPEED/DIRECTION 22/150 DATE 09/05
22/170 09/22
HIGHEST GUST SPEED/DIRECTION 29/170 DATE 09/22
29/110 09/23
SKY COVER
POSSIBLE SUNSHINE (PERCENT) MM
AVERAGE SKY COVER 0.51
NUMBER OF DAYS FAIR 12
NUMBER OF DAYS PC 8
NUMBER OF DAYS CLOUDY 10
AVERAGE RH (PERCENT) 73
WEATHER CONDITIONS. NUMBER OF DAYS WITH
THUNDERSTORM 5 MIXED PRECIP 0
HEAVY RAIN 4 RAIN 8
LIGHT RAIN 15 FREEZING RAIN 0
LT FREEZING RAIN 0 HAIL 0
HEAVY SNOW 0 SNOW 0
LIGHT SNOW 0 SLEET 0
FOG 19 FOG W/VIS <= 1/4 MILE 0
HAZE 7
- INDICATES NEGATIVE NUMBERS.
R INDICATES RECORD WAS SET OR TIED.
MM INDICATES DATA IS MISSING.
T INDICATES TRACE AMOUNT.
$$