000
CXUS53 KGRR 021125
CF6AZO
PRELIMINARY LOCAL CLIMATOLOGICAL DATA (WS FORM: F-6)
STATION: KALAMAZOO
MONTH: JULY
YEAR: 2020
LATITUDE: 42 13 N
LONGITUDE: 85 33 W
TEMPERATURE IN F: :PCPN: SNOW: WIND :SUNSHINE: SKY :PK WND
================================================================================
1 2 3 4 5 6A 6B 7 8 9 10 11 12 13 14 15 16 17 18
12Z AVG MX 2MIN
DY MAX MIN AVG DEP HDD CDD WTR SNW DPTH SPD SPD DIR MIN PSBL S-S WX SPD DR
================================================================================
1 90 62 76 4 0 11 0.00 M M 2.8 10 140 M M 0 17 100
2 93 64 79 7 0 14 0.00 M M 4.0 15 320 M M 2 19 310
3 93 67 80 8 0 15 0.00 M M 5.5 15 310 M M 1 20 290
4 91 67 79 7 0 14 0.00 M M 3.1 10 10 M M 0 18 16 10
5 92 67 80 8 0 15 0.00 M M 4.4 16 260 M M 2 138 22 280
6 94 61 78 6 0 13 0.00 M M 2.0 13 350 M M 0 16 360
7 94 68 81 8 0 16 T M M 3.5 14 310 M M 1 18 18 330
8 94 71 83 10 0 18 T M M 3.7 12 270 M M 1 138 16 270
9 95 70 83 10 0 18 0.00 M M 5.3 15 220 M M 1 18 26 240
10 86 70 78 5 0 13 0.71 M M 7.9 25 240 M M 5 138 37 220
11 85 66 76 3 0 11 0.00 M M 7.6 20 270 M M 2 1 27 280
12 83 65 74 1 0 9 0.00 M M 6.8 15 300 M M 4 21 340
13 81 58 70 -3 0 5 0.00 M M 5.9 14 330 M M 2 22 340
14 84 59 72 -1 0 7 0.00 M M 3.5 13 200 M M 0 1 17 200
15 87 67 77 4 0 12 0.05 M M 4.2 14 180 M M 1 1 19 200
16 84 65 75 2 0 10 0.42 M M 5.1 13 300 M M 7 18 17 290
17 86 62 74 1 0 9 0.00 M M 4.3 14 220 M M 1 12 20 250
18 91 67 79 6 0 14 0.00 M M 9.8 18 200 M M 1 28 190
19 83 70 77 4 0 12 0.16 M M 9.3 25 270 M M 2 13 39 260
20 84 67 76 3 0 11 0.00 M M 7.4 16 330 M M 1 20 290
21 83 64 74 1 0 9 T M M 4.2 10 180 M M 2 15 180
22 85 70 78 5 0 13 T M M 7.1 16 220 M M 7 29 280
23 86 67 77 4 0 12 0.00 M M 3.1 12 350 M M 6 18 15 20
24 88 65 77 4 0 12 0.00 M M 1.9 8 60 M M 4 12 70
25 89 62 76 3 0 11 0.00 M M 3.3 12 200 M M 1 16 180
26 94 68 81 9 0 16 T M M 9.3 17 210 M M 1 27 210
27 86 65 76 4 0 11 0.12 M M 7.3 16 290 M M 6 18 25 300
28 87 63 75 3 0 10 0.00 M M 8.9 20 300 M M 1 27 310
29 87 73 80 8 0 15 T M M 9.7 17 260 M M 6 25 260
30 83 65 74 2 0 9 T M M 3.5 10 30 M M 2 15 40
31 85 59 72 0 0 7 0.00 M M 3.0 14 10 M M 1 22 360
================================================================================
SM 2723 2034 0 372 1.46 M 167.4 M 71
================================================================================
AV 87.8 65.6 5.4 FASTST M M 2 MAX(MPH)
MISC ----> # 25 240 # 39 260
================================================================================
NOTES:
# LAST OF SEVERAL OCCURRENCES
COLUMN 17 PEAK WIND IN M.P.H.
PRELIMINARY LOCAL CLIMATOLOGICAL DATA (WS FORM: F-6) , PAGE 2
STATION: KALAMAZOO
MONTH: JULY
YEAR: 2020
LATITUDE: 42 13 N
LONGITUDE: 85 33 W
[TEMPERATURE DATA] [PRECIPITATION DATA] SYMBOLS USED IN COLUMN 16
AVERAGE MONTHLY: 76.7 TOTAL FOR MONTH: 1.46 1 = FOG OR MIST
DPTR FM NORMAL: 4.1 DPTR FM NORMAL: -2.24 2 = FOG REDUCING VISIBILITY
HIGHEST: 95 ON 9 GRTST 24HR 0.71 ON 10-10 TO 1/4 MILE OR LESS
LOWEST: 58 ON 13 3 = THUNDER
SNOW, ICE PELLETS, HAIL 4 = ICE PELLETS
TOTAL MONTH: M 5 = HAIL
GRTST 24HR M ON M 6 = FREEZING RAIN OR DRIZZLE
GRTST DEPTH: M ON M 7 = DUSTSTORM OR SANDSTORM:
VSBY 1/2 MILE OR LESS
8 = SMOKE OR HAZE
[NO. OF DAYS WITH] [WEATHER - DAYS WITH] 9 = BLOWING SNOW
X = TORNADO
MAX 32 OR BELOW: 0 0.01 INCH OR MORE: 5
MAX 90 OR ABOVE: 11 0.10 INCH OR MORE: 4
MIN 32 OR BELOW: 0 0.50 INCH OR MORE: 1
MIN 0 OR BELOW: 0 1.00 INCH OR MORE: 0
[HDD (BASE 65) ]
TOTAL THIS MO. 0 CLEAR (SCALE 0-3) 23
DPTR FM NORMAL -5 PTCLDY (SCALE 4-7) 8
TOTAL FM JUL 1 0 CLOUDY (SCALE 8-10) 0
DPTR FM NORMAL -5
[CDD (BASE 65) ]
TOTAL THIS MO. 372
DPTR FM NORMAL 132 [PRESSURE DATA]
TOTAL FM JAN 1 633 HIGHEST SLP 30.18 ON 24
DPTR FM NORMAL 207 LOWEST SLP 29.73 ON 10
[REMARKS]
#FINAL-07-20#