000
CXUS51 KBOX 011359
CLMBDL
CLIMATE REPORT
NATIONAL WEATHER SERVICE BOSTON/NORTON MA
959 AM EDT TUE AUG 01 2023
...................................
...THE HARTFORD CT CLIMATE SUMMARY FOR THE MONTH OF JULY 2023...
CLIMATE NORMAL PERIOD 1991 TO 2020
CLIMATE RECORD PERIOD 1904 TO 2023
WEATHER OBSERVED NORMAL DEPART LAST YEAR`S
VALUE DATE(S) VALUE FROM VALUE
NORMAL
..............................................................
TEMPERATURE (F)
RECORD
HIGH 103 07/22/2011
LOW 44 07/02/1962
HIGHEST 93 07/06 97
LOWEST 57 07/31 56
AVG. MAXIMUM 86.4 85.2 1.2
AVG. MINIMUM 67.3 63.4 3.9
MEAN 76.8 74.3 2.5
DAYS MAX >= 90 8 8.1 -0.1
DAYS MAX <= 32 0 0.0 0.0
DAYS MIN <= 32 0 0.0 0.0
DAYS MIN <= 0 0 0.0 0.0
PRECIPITATION (INCHES)
RECORD
MAXIMUM 11.24 1938
MINIMUM 0.54 1924
TOTALS 13.93 4.17 9.76
DAILY AVG. 0.45 0.13 0.32
DAYS >= .01 14 10.7 3.3
DAYS >= .10 12 7.3 4.7
DAYS >= .50 11 2.7 8.3
DAYS >= 1.00 6 1.1 4.9
GREATEST
24 HR. TOTAL 3.51 07/02 TO 07/03
SNOWFALL (INCHES)
RECORDS
TOTAL T 2021
SNOW DEPTH 0 MM
TOTALS 0.0 0.0 0.0
LIQUID EQUIV 0.00
SINCE 7/1 0.0 0.0 0.0
SNOWDEPTH AVG. 0
DAYS >= TRACE 0 0.0 0.0
DAYS >= 1.0 0 0.0 0.0
GREATEST
SNOW DEPTH 0
24 HR TOTAL MM
DEGREE DAYS
HEATING TOTAL 0 2 -2
SINCE 7/1 0 0 0
COOLING TOTAL 374 290 84
SINCE 1/1 555 487 68
..............................................................
WIND (MPH)
AVERAGE WIND SPEED 6.1
RESULTANT WIND SPEED/DIRECTION 3/190
HIGHEST WIND SPEED/DIRECTION 33/290 DATE 07/27
HIGHEST GUST SPEED/DIRECTION 44/290 DATE 07/27
SKY COVER
POSSIBLE SUNSHINE (PERCENT) MM
AVERAGE SKY COVER 0.59
NUMBER OF DAYS FAIR 6
NUMBER OF DAYS PC 15
NUMBER OF DAYS CLOUDY 10
AVERAGE RH (PERCENT) 74
WEATHER CONDITIONS. NUMBER OF DAYS WITH
THUNDERSTORM 12 MIXED PRECIP 0
HEAVY RAIN 11 RAIN 11
LIGHT RAIN 16 FREEZING RAIN 0
LT FREEZING RAIN 0 HAIL 0
HEAVY SNOW 0 SNOW 0
LIGHT SNOW 0 SLEET 0
FOG 21 FOG W/VIS <= 1/4 MILE 3
HAZE 7
- INDICATES NEGATIVE NUMBERS.
R INDICATES RECORD WAS SET OR TIED.
MM INDICATES DATA IS MISSING.
T INDICATES TRACE AMOUNT.
$$