000
CXAK56 PAFC 130409
CF6BET
PRELIMINARY LOCAL CLIMATOLOGICAL DATA (WS FORM: F-6)
STATION: BETHEL
MONTH: FEBRUARY
YEAR: 2021
LATITUDE: 60 46 N
LONGITUDE: 161 48 W
TEMPERATURE IN F: :PCPN: SNOW: WIND :SUNSHINE: SKY :PK WND
================================================================================
1 2 3 4 5 6A 6B 7 8 9 10 11 12 13 14 15 16 17 18
12Z AVG MX 2MIN
DY MAX MIN AVG DEP HDD CDD WTR SNW DPTH SPD SPD DIR MIN PSBL S-S WX SPD DR
================================================================================
1 5 1 3 -5 62 0 M M M 26.6 36 40 M M 6 89 46 40
2 20 1 11 3 54 0 M M M 17.5 30 50 M M 10 19 38 40
3 29 12 21 12 44 0 M M M 10.7 18 220 M M 10 126 24 220
4 29 3 16 7 49 0 M M M 9.1 17 40 M M 7 1 20 40
5 32 5 19 10 46 0 M M M 16.2 30 220 M M 7 1 37 220
6 21 11 16 7 49 0 M M M 10.0 17 50 M M 8 1 22 40
7 15 1 8 -2 57 0 M M M 13.7 22 30 M M 2 1 26 30
8 2 -3 0 -10 65 0 M M M 19.8 24 30 M M 6 29 40
9 2 -12 -5 -15 70 0 M M M 23.3 29 40 M M 5 8 36 40
10 0 -12 -6 -16 71 0 M M M 21.0 26 30 M M 9 18 32 30
11 36 0 18 8 47 0 M M M 21.9 35 60 M M 8 128 45 60
12 38 24 31 20 34 0 M M M 15.4 35 110 M M 4 8 42 120
13 26 13 20 9 45 0 M M M 10.9 20 40 M M 2 24 40
14 35 12 24 13 41 0 M M M 10.2 21 40 M M 7 1 27 40
15 26 19 23 12 42 0 M M M 7.2 12 30 M M 10 1 14 30
16 22 12 17 5 48 0 M M M 9.8 18 20 M M 8 22 30
17 12 5 9 -3 56 0 M M M 22.3 29 20 M M 8 12 34 30
18 5 -10 -2 -14 67 0 M M M 14.9 24 360 M M 0 32 20
19 -4 -16 -10 -22 75 0 M M M 11.7 24 30 M M 0 30 40
20 -4 -9 -6 -18 71 0 M M M 20.7 25 20 M M 7 30 20
21 -6 -12 -9 -21 74 0 M M M 10.3 20 20 M M 2 24 20
22 2 -13 -5 -17 70 0 M M M 7.2 13 50 M M 5 16 70
23 33 1 17 4 48 0 M M M 9.3 24 160 M M 10 1 28 160
24 33 28 31 18 34 0 M M M 17.7 24 200 M M 10 126 29 220
25 29 20 25 12 40 0 M M M 10.6 17 230 M M 10 12 22 240
26 24 11 18 5 47 0 M M M 10.5 20 10 M M 10 1269 22 20
27 11 -9 1 -12 64 0 M M M 12.9 23 320 M M 7 18 28 300
28 0 -19 -9 -22 74 0 M M M 11.5 21 290 M M 3 18 25 290
================================================================================
SM 473 64 1544 0 M M 402.9 M 181
================================================================================
AV 16.9 2.3 14.4 FASTST M M 6 MAX(MPH)
MISC ----> 36 40 46 40
================================================================================
NOTES:
# LAST OF SEVERAL OCCURRENCES
COLUMN 17 PEAK WIND IN M.P.H.
PRELIMINARY LOCAL CLIMATOLOGICAL DATA (WS FORM: F-6) , PAGE 2
STATION: BETHEL
MONTH: FEBRUARY
YEAR: 2021
LATITUDE: 60 46 N
LONGITUDE: 161 48 W
[TEMPERATURE DATA] [PRECIPITATION DATA] SYMBOLS USED IN COLUMN 16
AVERAGE MONTHLY: 9.6 TOTAL FOR MONTH: M 1 = FOG OR MIST
DPTR FM NORMAL: -1.5 DPTR FM NORMAL: M 2 = FOG REDUCING VISIBILITY
HIGHEST: 38 ON 12 GRTST 24HR 0.65 ON 26-27 TO 1/4 MILE OR LESS
LOWEST: -19 ON 28 3 = THUNDER
SNOW, ICE PELLETS, HAIL 4 = ICE PELLETS
TOTAL MONTH: M 5 = HAIL
GRTST 24HR M ON M 6 = FREEZING RAIN OR DRIZZLE
GRTST DEPTH: M ON M 7 = DUSTSTORM OR SANDSTORM:
VSBY 1/2 MILE OR LESS
8 = SMOKE OR HAZE
[NO. OF DAYS WITH] [WEATHER - DAYS WITH] 9 = BLOWING SNOW
X = TORNADO
MAX 32 OR BELOW: 23 0.01 INCH OR MORE: 0
MAX 90 OR ABOVE: 0 0.10 INCH OR MORE: 0
MIN 32 OR BELOW: 28 0.50 INCH OR MORE: 0
MIN 0 OR BELOW: 11 1.00 INCH OR MORE: 0
[HDD (BASE 65) ]
TOTAL THIS MO. 1544 CLEAR (SCALE 0-3) 6
DPTR FM NORMAL 33 PTCLDY (SCALE 4-7) 14
TOTAL FM JUL 1 8077 CLOUDY (SCALE 8-10) 8
DPTR FM NORMAL -660
[CDD (BASE 65) ]
TOTAL THIS MO. 0
DPTR FM NORMAL 0 [PRESSURE DATA]
TOTAL FM JAN 1 0 HIGHEST SLP 30.67 ON 6
DPTR FM NORMAL 0 LOWEST SLP 29.17 ON 20
[REMARKS]
#FINAL-02-21#