000
CXUS54 KAMA 010710
CF6BGD
PRELIMINARY LOCAL CLIMATOLOGICAL DATA (WS FORM: F-6)
STATION: BORGER
MONTH: MAY
YEAR: 2022
LATITUDE: 35 42 N
LONGITUDE: 101 24 W
TEMPERATURE IN F: :PCPN: SNOW: WIND :SUNSHINE: SKY :PK WND
================================================================================
1 2 3 4 5 6A 6B 7 8 9 10 11 12 13 14 15 16 17 18
12Z AVG MX 2MIN
DY MAX MIN AVG DEP HDD CDD WTR SNW DPTH SPD SPD DIR MIN PSBL S-S WX SPD DR
================================================================================
1 83 48 66 2 0 1 0.67 M M 14.8 32 120 M M 3 3 54 110
2 83 45 64 0 1 0 0.19 M M 16.8 37 320 M M 2 38 58 110
3 71 42 57 -8 8 0 0.00 M M 10.0 21 340 M M 5 28 120
4 76 51 64 -1 1 0 T M M 14.1 26 10 M M 6 1 35 110
5 74 47 61 -4 4 0 T M M 10.4 23 310 M M 4 35 270
6 89 48 69 3 0 4 0.00 M M 7.1 22 120 M M 0 34 120
7 102 62 82 16 0 17 0.00 M M 15.0 25 150 M M 1 41 140
8 100 64 82 16 0 17 0.00 M M 11.5 25 180 M M 0 42 170
9 99 75 87 20 0 22 0.00 M M 18.2 31 230 M M 0 46 210
10 102 65 84 17 0 19 0.46 M M 12.8 43 150 M M 1 3 64 150
11 90 62 76 8 0 11 0.01 M M 15.1 26 140 M M 0 41 160
12 98 73 86 18 0 21 0.00 M M 14.9 28 140 M M 0 45 140
13 87 60 74 6 0 9 0.00 M M 9.5 23 10 M M 0 29 20
14 95 59 77 8 0 12 0.00 M M 7.2 16 120 M M 0 25 260
15 91 62 77 8 0 12 0.00 M M 13.0 26 20 M M 0 39 40
16 88 61 75 6 0 10 0.08 M M 9.0 26 180 M M 1 3 42 180
17 100 66 83 13 0 18 T M M 10.5 22 210 M M 0 31 200
18 91 62 77 7 0 12 0.00 M M 10.4 32 350 M M 1 8 46 350
19 102 60 81 11 0 16 0.00 M M 11.7 29 210 M M 0 40 210
20 85 52 69 -2 0 4 0.00 M M 14.9 32 320 M M 0 8 43 320
21 64 49 57 -14 8 0 0.00 M M 17.1 30 360 M M 5 42 360
22 71 44 58 -14 7 0 0.00 M M 8.3 17 100 M M 0 26 100
23 67 54 61 -11 4 0 0.13 M M 14.0 22 90 M M 8 1 35 100
24 58 49 54 -18 11 0 0.52 M M 12.4 25 320 M M 10 13 37 330
25 71 48 60 -13 5 0 0.00 M M 13.6 29 320 M M 5 40 310
26 86 52 69 -4 0 4 0.00 M M 7.2 20 320 M M 0 29 310
27 95 63 79 6 0 14 0.00 M M 15.2 25 160 M M 0 42 190
28 105 73 89 15 0 24 0.00 M M 14.2 29 210 M M 1 8 42 210
29 98 75 87 13 0 22 0.00 M M 18.9 33 170 M M 2 53 160
30 94 67 81 7 0 16 0.00 M M 11.6 25 200 M M 0 41 160
31 88 59 74 -1 0 9 0.00 0.0 M 11.0 21 50 M M 1 30 40
================================================================================
SM 2703 1797 49 294 2.06 0.0 390.4 M 56
================================================================================
AV 87.2 58.0 12.6 FASTST M M 2 MAX(MPH)
MISC ----> 43 150 64 150
================================================================================
NOTES:
# LAST OF SEVERAL OCCURRENCES
COLUMN 17 PEAK WIND IN M.P.H.
PRELIMINARY LOCAL CLIMATOLOGICAL DATA (WS FORM: F-6) , PAGE 2
STATION: BORGER
MONTH: MAY
YEAR: 2022
LATITUDE: 35 42 N
LONGITUDE: 101 24 W
[TEMPERATURE DATA] [PRECIPITATION DATA] SYMBOLS USED IN COLUMN 16
AVERAGE MONTHLY: 72.6 TOTAL FOR MONTH: 2.06 1 = FOG OR MIST
DPTR FM NORMAL: 3.3 DPTR FM NORMAL: -0.24 2 = FOG REDUCING VISIBILITY
HIGHEST: 105 ON 28 GRTST 24HR 0.86 ON 1- 2 TO 1/4 MILE OR LESS
LOWEST: 42 ON 3 3 = THUNDER
SNOW, ICE PELLETS, HAIL 4 = ICE PELLETS
TOTAL MONTH: 0.0 INCH 5 = HAIL
GRTST 24HR 0.0 6 = FREEZING RAIN OR DRIZZLE
GRTST DEPTH: M ON M 7 = DUSTSTORM OR SANDSTORM:
VSBY 1/2 MILE OR LESS
8 = SMOKE OR HAZE
[NO. OF DAYS WITH] [WEATHER - DAYS WITH] 9 = BLOWING SNOW
X = TORNADO
MAX 32 OR BELOW: 0 0.01 INCH OR MORE: 7
MAX 90 OR ABOVE: 15 0.10 INCH OR MORE: 5
MIN 32 OR BELOW: 0 0.50 INCH OR MORE: 2
MIN 0 OR BELOW: 0 1.00 INCH OR MORE: 0
[HDD (BASE 65) ]
TOTAL THIS MO. 49 CLEAR (SCALE 0-3) 24
DPTR FM NORMAL -7 PTCLDY (SCALE 4-7) 5
TOTAL FM JUL 1 3001 CLOUDY (SCALE 8-10) 2
DPTR FM NORMAL -518
[CDD (BASE 65) ]
TOTAL THIS MO. 294
DPTR FM NORMAL 103 [PRESSURE DATA]
TOTAL FM JAN 1 392 HIGHEST SLP M ON M
DPTR FM NORMAL 137 LOWEST SLP 29.22 ON 20
[REMARKS]
#FINAL-05-22#