000
CXUS54 KAMA 010710
CF6BGD
PRELIMINARY LOCAL CLIMATOLOGICAL DATA (WS FORM: F-6)
STATION: BORGER
MONTH: SEPTEMBER
YEAR: 2021
LATITUDE: 35 42 N
LONGITUDE: 101 24 W
TEMPERATURE IN F: :PCPN: SNOW: WIND :SUNSHINE: SKY :PK WND
================================================================================
1 2 3 4 5 6A 6B 7 8 9 10 11 12 13 14 15 16 17 18
12Z AVG MX 2MIN
DY MAX MIN AVG DEP HDD CDD WTR SNW DPTH SPD SPD DIR MIN PSBL S-S WX SPD DR
================================================================================
1 98 71 85 7 0 20 0.00 M M 10.3 29 140 M M 1 39 140
2 94 74 84 7 0 19 0.01 M M 10.7 20 190 M M 1 33 150
3 95 74 85 8 0 20 0.11 M M 6.6 20 210 M M 3 3 39 270
4 82 70 76 -1 0 11 0.00 M M 6.9 22 20 M M 4 1 29 30
5 89 67 78 2 0 13 0.00 M M 5.4 14 120 M M 1 18 20 120
6 96 70 83 7 0 18 0.00 M M 9.4 18 160 M M 0 27 160
7 101 71 86 10 0 21 0.00 M M 8.9 22 40 M M 0 33 50
8 89 65 77 1 0 12 0.00 M M 8.0 15 70 M M 1 21 80
9 99 67 83 8 0 18 0.00 M M 11.6 18 190 M M 0 28 180
10 106 73 90 15 0 25 0.00 M M 10.0 22 250 M M 0 29 210
11 102 74 88 13 0 23 0.00 M M 13.1 24 210 M M 0 39 210
12 99 68 84 10 0 19 0.00 M M 11.3 18 190 M M 0 30 180
13 95 65 80 6 0 15 0.00 M M 11.6 22 190 M M 0 35 170
14 94 68 81 7 0 16 T M M 12.7 21 280 M M 0 34 220
15 90 64 77 3 0 12 0.11 M M 8.0 20 290 M M 3 3 32 300
16 94 67 81 8 0 16 0.00 M M 13.0 21 190 M M 1 33 170
17 82 66 74 1 0 9 0.00 M M 12.6 22 340 M M 0 31 360
18 93 59 76 4 0 11 0.00 M M 8.5 17 160 M M 1 26 140
19 99 68 84 12 0 19 0.00 M M 13.8 22 170 M M 0 34 170
20 87 67 77 5 0 12 0.00 M M 16.1 29 20 M M 0 40 40
21 77 58 68 -3 0 3 0.00 M M 11.2 24 360 M M 2 35 40
22 82 49 66 -5 0 1 0.00 M M 8.1 20 160 M M 0 29 160
23 88 54 71 0 0 6 0.00 M M 12.0 22 200 M M 0 34 210
24 93 62 78 8 0 13 0.00 M M 9.6 21 50 M M 0 33 40
25 93 55 74 4 0 9 0.00 M M 9.5 20 200 M M 0 32 240
26 91 64 78 8 0 13 0.00 M M 13.4 22 200 M M 0 33 190
27 87 66 77 8 0 12 0.00 M M 9.9 22 240 M M 0 30 250
28 90 64 77 8 0 12 0.00 M M 10.0 25 140 M M 2 3 39 190
29 90 62 76 8 0 11 0.00 0.0 M 10.6 26 140 M M 1 40 140
30 69 59 64 -4 1 0 T 0.0 M 12.6 29 360 M M 8 42 10
================================================================================
SM 2744 1961 1 409 0.23 0.0 315.4 M 29
================================================================================
AV 91.5 65.4 10.5 FASTST M M 1 MAX(MPH)
MISC ----> # 29 140 42 10
================================================================================
NOTES:
# LAST OF SEVERAL OCCURRENCES
COLUMN 17 PEAK WIND IN M.P.H.
PRELIMINARY LOCAL CLIMATOLOGICAL DATA (WS FORM: F-6) , PAGE 2
STATION: BORGER
MONTH: SEPTEMBER
YEAR: 2021
LATITUDE: 35 42 N
LONGITUDE: 101 24 W
[TEMPERATURE DATA] [PRECIPITATION DATA] SYMBOLS USED IN COLUMN 16
AVERAGE MONTHLY: 78.4 TOTAL FOR MONTH: 0.23 1 = FOG OR MIST
DPTR FM NORMAL: 5.3 DPTR FM NORMAL: -1.44 2 = FOG REDUCING VISIBILITY
HIGHEST: 106 ON 10 GRTST 24HR 0.11 ON 3- 3 TO 1/4 MILE OR LESS
LOWEST: 49 ON 22 3 = THUNDER
SNOW, ICE PELLETS, HAIL 4 = ICE PELLETS
TOTAL MONTH: 0.0 INCH 5 = HAIL
GRTST 24HR 0.0 6 = FREEZING RAIN OR DRIZZLE
GRTST DEPTH: M ON M 7 = DUSTSTORM OR SANDSTORM:
VSBY 1/2 MILE OR LESS
8 = SMOKE OR HAZE
[NO. OF DAYS WITH] [WEATHER - DAYS WITH] 9 = BLOWING SNOW
X = TORNADO
MAX 32 OR BELOW: 0 0.01 INCH OR MORE: 3
MAX 90 OR ABOVE: 20 0.10 INCH OR MORE: 2
MIN 32 OR BELOW: 0 0.50 INCH OR MORE: 0
MIN 0 OR BELOW: 0 1.00 INCH OR MORE: 0
[HDD (BASE 65) ]
TOTAL THIS MO. 1 CLEAR (SCALE 0-3) 27
DPTR FM NORMAL -20 PTCLDY (SCALE 4-7) 3
TOTAL FM JUL 1 1 CLOUDY (SCALE 8-10) 0
DPTR FM NORMAL -19
[CDD (BASE 65) ]
TOTAL THIS MO. 409
DPTR FM NORMAL 145 [PRESSURE DATA]
TOTAL FM JAN 1 2258 HIGHEST SLP M ON M
DPTR FM NORMAL 281 LOWEST SLP 29.61 ON 20
[REMARKS]
#FINAL-09-21#