000
CXUS54 KAMA 010710
CF6BGD
PRELIMINARY LOCAL CLIMATOLOGICAL DATA (WS FORM: F-6)
STATION: BORGER
MONTH: APRIL
YEAR: 2021
LATITUDE: 35 42 N
LONGITUDE: 101 24 W
TEMPERATURE IN F: :PCPN: SNOW: WIND :SUNSHINE: SKY :PK WND
================================================================================
1 2 3 4 5 6A 6B 7 8 9 10 11 12 13 14 15 16 17 18
12Z AVG MX 2MIN
DY MAX MIN AVG DEP HDD CDD WTR SNW DPTH SPD SPD DIR MIN PSBL S-S WX SPD DR
================================================================================
1 71 37 54 -1 11 0 0.00 M M 11.2 24 180 M M 0 42 170
2 73 50 62 7 3 0 0.00 M M 17.7 26 180 M M 0 37 200
3 84 49 67 12 0 2 0.00 M M 10.6 21 170 M M 0 27 170
4 84 52 68 13 0 3 0.00 M M 10.9 20 170 M M 0 25 170
5 88 56 72 16 0 7 0.00 M M 18.9 30 170 M M 0 39 180
6 89 52 71 15 0 6 0.00 M M 17.8 39 340 M M 1 8 51 330
7 71 44 58 2 7 0 0.00 M M 13.2 29 340 M M 2 40 330
8 82 45 64 7 1 0 0.00 M M 9.8 20 240 M M 0 27 240
9 72 46 59 2 6 0 0.00 M M 14.9 37 10 M M 0 48 20
10 73 39 56 -1 9 0 0.00 M M 8.6 17 180 M M 0 24 280
11 85 54 70 13 0 5 0.00 M M 12.0 24 40 M M 0 29 40
12 61 42 52 -6 13 0 0.00 M M 12.0 22 40 M M 0 29 30
13 65 40 53 -5 12 0 0.00 M M 8.1 18 70 M M 1 27 40
14 59 43 51 -7 14 0 0.00 M M 9.8 16 120 M M 9 23 80
15 50 45 48 -10 17 0 T M M 10.4 18 110 M M 10 18 24 110
16 50 40 45 -14 20 0 0.05 M M 11.9 25 350 M M 9 18 32 350
17 55 37 46 -13 19 0 0.00 M M 11.0 23 20 M M 7 30 360
18 68 35 52 -7 13 0 0.00 M M 8.7 20 360 M M 0 27 320
19 77 39 58 -2 7 0 0.00 M M 12.7 30 30 M M 1 39 50
20 53 33 43 -17 22 0 0.00 M M 14.7 29 20 M M 5 36 20
21 61 32 47 -13 18 0 0.00 M M 7.5 18 140 M M 0 28 140
22 64 43 54 -6 11 0 0.00 M M 16.3 28 170 M M 4 39 160
23 77 49 63 2 2 0 0.05 M M 8.8 36 350 M M 5 3 46 350
24 76 45 61 0 4 0 0.00 M M 9.7 28 150 M M 1 40 150
25 95 53 74 13 0 9 0.00 M M 19.1 33 230 M M 0 41 210
26 94 68 81 19 0 16 0.00 M M 17.4 28 200 M M 0 40 210
27 83 62 73 11 0 8 T M M 9.3 24 280 M M 3 34 250
28 72 56 64 2 1 0 0.01 0.0 M 12.9 23 10 M M 6 29 210
29 M 50 M M M M M M M M M M M M M M M
30 M M M M M M M M M M M M M M M M M
================================================================================
SM 2032 1336 210 56 0.11 0.0 345.9 M 64
================================================================================
AV 72.6 46.1 12.4 FASTST M M 2 MAX(MPH)
MISC ----> 39 340 51 330
================================================================================
NOTES:
# LAST OF SEVERAL OCCURRENCES
COLUMN 17 PEAK WIND IN M.P.H.
PRELIMINARY LOCAL CLIMATOLOGICAL DATA (WS FORM: F-6) , PAGE 2
STATION: BORGER
MONTH: APRIL
YEAR: 2021
LATITUDE: 35 42 N
LONGITUDE: 101 24 W
[TEMPERATURE DATA] [PRECIPITATION DATA] SYMBOLS USED IN COLUMN 16
AVERAGE MONTHLY: 59.3 TOTAL FOR MONTH: 0.11 1 = FOG OR MIST
DPTR FM NORMAL: 0.6 DPTR FM NORMAL: -1.43 2 = FOG REDUCING VISIBILITY
HIGHEST: 95 ON 25 GRTST 24HR 0.05 ON 16-16 TO 1/4 MILE OR LESS
LOWEST: 32 ON 21 3 = THUNDER
SNOW, ICE PELLETS, HAIL 4 = ICE PELLETS
TOTAL MONTH: 0.0 INCH 5 = HAIL
GRTST 24HR 0.0 6 = FREEZING RAIN OR DRIZZLE
GRTST DEPTH: M ON M 7 = DUSTSTORM OR SANDSTORM:
VSBY 1/2 MILE OR LESS
8 = SMOKE OR HAZE
[NO. OF DAYS WITH] [WEATHER - DAYS WITH] 9 = BLOWING SNOW
X = TORNADO
MAX 32 OR BELOW: 0 0.01 INCH OR MORE: 3
MAX 90 OR ABOVE: 2 0.10 INCH OR MORE: 0
MIN 32 OR BELOW: 1 0.50 INCH OR MORE: 0
MIN 0 OR BELOW: 0 1.00 INCH OR MORE: 0
[HDD (BASE 65) ]
TOTAL THIS MO. 210 CLEAR (SCALE 0-3) 20
DPTR FM NORMAL -16 PTCLDY (SCALE 4-7) 5
TOTAL FM JUL 1 3396 CLOUDY (SCALE 8-10) 5
DPTR FM NORMAL -308
[CDD (BASE 65) ]
TOTAL THIS MO. 56
DPTR FM NORMAL 19 [PRESSURE DATA]
TOTAL FM JAN 1 63 HIGHEST SLP M ON M
DPTR FM NORMAL 19 LOWEST SLP 29.37 ON 6
[REMARKS]
#FINAL-04-21#