872
CXUS54 KAMA 010710
CF6BGD
PRELIMINARY LOCAL CLIMATOLOGICAL DATA (WS FORM: F-6)
STATION: BORGER
MONTH: MARCH
YEAR: 2021
LATITUDE: 35 42 N
LONGITUDE: 101 24 W
TEMPERATURE IN F: :PCPN: SNOW: WIND :SUNSHINE: SKY :PK WND
================================================================================
1 2 3 4 5 6A 6B 7 8 9 10 11 12 13 14 15 16 17 18
12Z AVG MX 2MIN
DY MAX MIN AVG DEP HDD CDD WTR SNW DPTH SPD SPD DIR MIN PSBL S-S WX SPD DR
================================================================================
1 57 23 40 -5 25 0 0.00 M M 4.2 12 330 M M 0 17 340
2 71 31 51 6 14 0 0.00 M M 11.0 22 220 M M 0 30 200
3 75 41 58 12 7 0 0.00 M M 5.6 17 220 M M 0 28 240
4 78 38 58 12 7 0 T M M 9.1 30 250 M M 2 38 240
5 64 42 53 7 12 0 0.01 M M 12.6 25 40 M M 6 8 31 40
6 68 33 51 5 14 0 0.00 M M 10.3 21 190 M M 0 27 120
7 70 43 57 10 8 0 0.00 M M 17.1 28 200 M M 0 37 190
8 76 46 61 14 4 0 0.00 M M 17.6 28 180 M M 0 38 170
9 79 53 66 19 0 1 0.00 M M 17.5 29 190 M M 0 39 190
10 77 49 63 15 2 0 0.00 M M 17.2 36 240 M M 0 46 240
11 66 34 50 2 15 0 0.00 M M 8.8 18 40 M M 1 22 30
12 51 45 48 0 17 0 0.23 M M 8.8 29 250 M M 9 1238 35 250
13 70 46 58 9 7 0 0.39 M M 14.1 30 140 M M 9 1238 40 140
14 64 41 53 4 12 0 0.00 M M 17.4 31 250 M M 3 41 240
15 65 40 53 4 12 0 0.00 M M 12.8 22 300 M M 0 29 280
16 78 46 62 12 3 0 0.14 M M 11.3 36 70 M M 2 3 42 70
17 49 33 41 -9 24 0 0.33 M M 17.5 36 20 M M 9 1238 47 30
18 57 33 45 -5 20 0 0.00 M M 8.4 15 30 M M 0 20 330
19 62 32 47 -4 18 0 0.00 M M 6.4 14 160 M M 0 22 150
20 73 40 57 6 8 0 0.00 M M 15.4 26 160 M M 0 37 160
21 74 49 62 11 3 0 0.00 M M 14.7 28 180 M M 0 37 170
22 58 38 48 -4 17 0 0.41 M M 10.1 26 350 M M 8 13 36 350
23 63 39 51 -1 14 0 0.00 M M 11.9 22 350 M M 3 30 340
24 45 35 40 -12 25 0 0.07 M M 9.5 22 30 M M 7 18 27 40
25 64 35 50 -2 15 0 0.00 M M 7.1 18 200 M M 5 1 24 200
26 74 46 60 7 5 0 0.00 M M 9.2 25 240 M M 1 35 200
27 66 45 56 3 9 0 0.00 M M 11.2 25 10 M M 0 33 350
28 74 38 56 3 9 0 0.00 M M 10.6 24 220 M M 0 30 220
29 88 54 71 17 0 6 0.00 M M 21.5 32 220 M M 0 48 220
30 67 42 55 1 10 0 0.00 0.0 M 16.2 28 20 M M 0 35 20
31 62 32 47 -7 18 0 0.00 0.0 M 4.3 13 40 M M 0 16 280
================================================================================
SM 2085 1242 354 7 1.58 0.0 369.4 M 65
================================================================================
AV 67.3 40.1 11.9 FASTST M M 2 MAX(MPH)
MISC ----> # 36 240 48 220
================================================================================
NOTES:
# LAST OF SEVERAL OCCURRENCES
COLUMN 17 PEAK WIND IN M.P.H.
PRELIMINARY LOCAL CLIMATOLOGICAL DATA (WS FORM: F-6) , PAGE 2
STATION: BORGER
MONTH: MARCH
YEAR: 2021
LATITUDE: 35 42 N
LONGITUDE: 101 24 W
[TEMPERATURE DATA] [PRECIPITATION DATA] SYMBOLS USED IN COLUMN 16
AVERAGE MONTHLY: 53.7 TOTAL FOR MONTH: 1.58 1 = FOG OR MIST
DPTR FM NORMAL: 4.1 DPTR FM NORMAL: 0.17 2 = FOG REDUCING VISIBILITY
HIGHEST: 88 ON 29 GRTST 24HR 0.61 ON 12-13 TO 1/4 MILE OR LESS
LOWEST: 23 ON 1 3 = THUNDER
SNOW, ICE PELLETS, HAIL 4 = ICE PELLETS
TOTAL MONTH: 0.0 INCH 5 = HAIL
GRTST 24HR 0.0 6 = FREEZING RAIN OR DRIZZLE
GRTST DEPTH: M ON M 7 = DUSTSTORM OR SANDSTORM:
VSBY 1/2 MILE OR LESS
8 = SMOKE OR HAZE
[NO. OF DAYS WITH] [WEATHER - DAYS WITH] 9 = BLOWING SNOW
X = TORNADO
MAX 32 OR BELOW: 0 0.01 INCH OR MORE: 7
MAX 90 OR ABOVE: 0 0.10 INCH OR MORE: 5
MIN 32 OR BELOW: 4 0.50 INCH OR MORE: 0
MIN 0 OR BELOW: 0 1.00 INCH OR MORE: 0
[HDD (BASE 65) ]
TOTAL THIS MO. 354 CLEAR (SCALE 0-3) 24
DPTR FM NORMAL -130 PTCLDY (SCALE 4-7) 4
TOTAL FM JUL 1 3186 CLOUDY (SCALE 8-10) 3
DPTR FM NORMAL -291
[CDD (BASE 65) ]
TOTAL THIS MO. 7
DPTR FM NORMAL 0 [PRESSURE DATA]
TOTAL FM JAN 1 7 HIGHEST SLP M ON M
DPTR FM NORMAL 0 LOWEST SLP 29.47 ON 16
[REMARKS]
#FINAL-03-21#