444
CXUS54 KAMA 010710
CF6BGD
PRELIMINARY LOCAL CLIMATOLOGICAL DATA (WS FORM: F-6)
STATION: BORGER
MONTH: JUNE
YEAR: 2020
LATITUDE: 35 42 N
LONGITUDE: 101 24 W
TEMPERATURE IN F: :PCPN: SNOW: WIND :SUNSHINE: SKY :PK WND
================================================================================
1 2 3 4 5 6A 6B 7 8 9 10 11 12 13 14 15 16 17 18
12Z AVG MX 2MIN
DY MAX MIN AVG DEP HDD CDD WTR SNW DPTH SPD SPD DIR MIN PSBL S-S WX SPD DR
================================================================================
1 94 63 79 6 0 14 0.00 M M 13.6 22 170 M M 0 30 180
2 97 67 82 9 0 17 0.00 M M 12.1 21 160 M M 1 27 150
3 101 73 87 13 0 22 0.01 M M 9.6 28 200 M M 1 3 43 240
4 105 70 88 14 0 23 T M M 11.9 30 180 M M 0 39 180
5 105 70 88 14 0 23 0.01 M M 13.9 25 140 M M 1 38 36 140
6 102 74 88 14 0 23 0.00 M M 15.6 28 160 M M 0 38 180
7 100 74 87 12 0 22 0.00 M M 19.0 30 140 M M 0 41 150
8 106 73 90 15 0 25 0.00 M M 16.7 28 170 M M 0 41 160
9 86 58 72 -3 0 7 0.00 M M 18.1 41 340 M M 5 8 57 330
10 89 52 71 -5 0 6 0.00 M M 5.2 15 140 M M 0 25 140
11 98 66 82 6 0 17 0.00 M M 15.2 29 200 M M 0 39 210
12 99 72 86 10 0 21 0.00 M M 14.8 23 180 M M 0 34 180
13 100 71 86 10 0 21 0.00 M M 16.7 25 170 M M 0 35 190
14 98 71 85 8 0 20 0.00 M M 15.7 24 150 M M 0 32 150
15 97 68 83 6 0 18 0.00 M M 14.6 23 150 M M 0 33 190
16 98 71 85 8 0 20 0.00 M M 16.1 24 180 M M 2 33 170
17 100 74 87 10 0 22 0.00 M M 19.2 28 170 M M 0 42 150
18 99 71 85 7 0 20 0.00 M M 8.4 20 180 M M 0 25 180
19 91 67 79 1 0 14 0.50 M M 9.5 40 170 M M 3 3 55 190
20 90 65 78 0 0 13 0.36 M M 11.8 21 200 M M 4 13 29 160
21 96 72 84 6 0 19 0.00 M M 13.1 23 70 M M 1 34 170
22 96 65 81 2 0 16 0.36 M M 11.1 31 240 M M 3 3 41 250
23 91 67 79 0 0 14 0.00 M M 6.7 15 160 M M 1 21 170
24 96 70 83 4 0 18 0.00 M M 14.0 23 170 M M 0 32 170
25 99 70 85 6 0 20 0.00 M M 14.2 24 160 M M 0 36 150
26 102 74 88 8 0 23 0.02 M M 11.2 23 160 M M 1 33 160
27 101 74 88 8 0 23 0.00 M M 16.2 26 190 M M 0 40 170
28 101 77 89 9 0 24 0.00 M M 15.1 25 180 M M 0 35 180
29 107 77 92 12 0 27 0.00 M M 13.9 24 210 M M 0 34 200
30 105 79 92 12 0 27 0.00 M M 14.7 25 250 M M 0 34 210
================================================================================
SM 2949 2095 0 579 1.26 M 407.9 M 23
================================================================================
AV 98.3 69.8 13.6 FASTST M M 1 MAX(MPH)
MISC ----> 41 340 57 330
================================================================================
NOTES:
# LAST OF SEVERAL OCCURRENCES
COLUMN 17 PEAK WIND IN M.P.H.
PRELIMINARY LOCAL CLIMATOLOGICAL DATA (WS FORM: F-6) , PAGE 2
STATION: BORGER
MONTH: JUNE
YEAR: 2020
LATITUDE: 35 42 N
LONGITUDE: 101 24 W
[TEMPERATURE DATA] [PRECIPITATION DATA] SYMBOLS USED IN COLUMN 16
AVERAGE MONTHLY: 84.1 TOTAL FOR MONTH: 1.26 1 = FOG OR MIST
DPTR FM NORMAL: 7.2 DPTR FM NORMAL: -1.91 2 = FOG REDUCING VISIBILITY
HIGHEST: 107 ON 29 GRTST 24HR 0.86 ON 19-20 TO 1/4 MILE OR LESS
LOWEST: 52 ON 10 3 = THUNDER
SNOW, ICE PELLETS, HAIL 4 = ICE PELLETS
TOTAL MONTH: M 5 = HAIL
GRTST 24HR M ON M 6 = FREEZING RAIN OR DRIZZLE
GRTST DEPTH: M ON M 7 = DUSTSTORM OR SANDSTORM:
VSBY 1/2 MILE OR LESS
8 = SMOKE OR HAZE
[NO. OF DAYS WITH] [WEATHER - DAYS WITH] 9 = BLOWING SNOW
X = TORNADO
MAX 32 OR BELOW: 0 0.01 INCH OR MORE: 6
MAX 90 OR ABOVE: 28 0.10 INCH OR MORE: 3
MIN 32 OR BELOW: 0 0.50 INCH OR MORE: 1
MIN 0 OR BELOW: 0 1.00 INCH OR MORE: 0
[HDD (BASE 65) ]
TOTAL THIS MO. 0 CLEAR (SCALE 0-3) 27
DPTR FM NORMAL -3 PTCLDY (SCALE 4-7) 3
TOTAL FM JUL 1 3138 CLOUDY (SCALE 8-10) 0
DPTR FM NORMAL -625
[CDD (BASE 65) ]
TOTAL THIS MO. 579
DPTR FM NORMAL 221 [PRESSURE DATA]
TOTAL FM JAN 1 956 HIGHEST SLP M ON M
DPTR FM NORMAL 401 LOWEST SLP 29.40 ON 8
[REMARKS]
#FINAL-06-20#