000
CXUS54 KAMA 011543
CLMBGD
CLIMATE REPORT
NATIONAL WEATHER SERVICE AMARILLO
1043 AM CDT SAT APR 01 2023
...................................
...THE BORGER CLIMATE SUMMARY FOR THE MONTH OF MARCH 2023...
CLIMATE NORMAL PERIOD: 1991 TO 2020
CLIMATE RECORD PERIOD: 1949 TO 2023
WEATHER OBSERVED NORMAL DEPART LAST YEAR`S
VALUE DATE(S) VALUE FROM VALUE DATE(S)
NORMAL
................................................................
TEMPERATURE (F)
HIGHEST 84 03/30 88 03/28
LOWEST 23 03/19 18 03/10
AVG. MAXIMUM 65.0 65.2 -0.2 66.5
AVG. MINIMUM 38.2 37.8 0.4 34.9
MEAN 51.6 51.5 0.1 50.7
DAYS MAX >= 90 0 0.4 -0.4 0
DAYS MAX <= 32 0 0.3 -0.3 0
DAYS MIN <= 32 8 8.4 -0.4 10
DAYS MIN <= 0 0 0.0 0.0 0
PRECIPITATION (INCHES)
TOTALS 0.23 1.13 -0.90 0.50
DAILY AVG. 0.01 0.04 -0.03 0.02
DAYS >= .01 3 5.4 -2.4 5
DAYS >= .10 1 2.6 -1.6 1
DAYS >= .50 0 1.0 -1.0 0
DAYS >= 1.00 0 0.2 -0.2 0
GREATEST
24 HR. TOTAL 0.11 03/16 TO 03/16
SNOWFALL (INCHES)
TOTALS MM MM MM MM
SINCE 7/1 MM MM MM MM
DAYS >= TRACE 0 MM MM MM
DAYS >= 1.0 0 MM MM MM
GREATEST
SNOW DEPTH MM
24 HR TOTAL MM
DEGREE DAYS
HEATING TOTAL 412 431 -19 444
SINCE 7/1 2947 3261 -314 MM
COOLING TOTAL 2 12 -10 8
SINCE 1/1 2 13 -11 MM
................................................................
WIND (MPH)
AVERAGE WIND SPEED 11.9
HIGHEST WIND SPEED/DIRECTION 39/270 DATE 03/31
HIGHEST GUST SPEED/DIRECTION 61/270 DATE 03/31
SKY COVER
POSSIBLE SUNSHINE (PERCENT) MM
NUMBER OF DAYS FAIR 22
NUMBER OF DAYS PC 9
NUMBER OF DAYS CLOUDY 0
AVERAGE RH (PERCENT) 44
WEATHER CONDITIONS. NUMBER OF DAYS WITH
THUNDERSTORM 0 MIXED PRECIP 0
HEAVY RAIN 0 RAIN 0
LIGHT RAIN 4 FREEZING RAIN 0
LT FREEZING RAIN 0 HEAVY SNOW 0
SNOW 0 LIGHT SNOW 1
SLEET 0 FOG 2
FOG W/VIS <= 1/4 MILE 0 HAZE 4
- INDICATES NEGATIVE NUMBERS.
R INDICATES RECORD WAS SET OR TIED.
MM INDICATES DATA IS MISSING.
T INDICATES TRACE AMOUNT.
$$