000
CXUS54 KAMA 011433
CLMBGD
CLIMATE REPORT
NATIONAL WEATHER SERVICE AMARILLO
933 AM CDT SUN OCT 01 2023
...................................
...THE BORGER CLIMATE SUMMARY FOR THE MONTH OF SEPTEMBER 2023...
CLIMATE NORMAL PERIOD: 1991 TO 2020
CLIMATE RECORD PERIOD: 1949 TO 2023
WEATHER OBSERVED NORMAL DEPART LAST YEAR`S
VALUE DATE(S) VALUE FROM VALUE DATE(S)
NORMAL
................................................................
TEMPERATURE (F)
HIGHEST 108R 09/07 99 09/17
LOWEST 56 09/25 53 09/11
AVG. MAXIMUM 91.2 85.1 6.1 91.8
AVG. MINIMUM 65.6 61.1 4.5 64.5
MEAN 78.4 73.1 5.3 78.1
DAYS MAX >= 90 19 10.7 8.3 24
DAYS MAX <= 32 0 0.0 0.0 0
DAYS MIN <= 32 0 0.0 0.0 0
DAYS MIN <= 0 0 0.0 0.0 0
PRECIPITATION (INCHES)
TOTALS 2.38 1.67 0.71 0.93
DAILY AVG. 0.08 0.06 0.02 0.03
DAYS >= .01 9 6.0 3.0 3
DAYS >= .10 5 2.9 2.1 2
DAYS >= .50 2 0.9 1.1 1
DAYS >= 1.00 1 0.4 0.6 0
GREATEST
24 HR. TOTAL 1.13 09/10 TO 09/11
SNOWFALL (INCHES)
TOTALS MM MM MM MM
SINCE 7/1 MM MM MM MM
DAYS >= TRACE MM MM MM 0
DAYS >= 1.0 MM MM MM 0
GREATEST
SNOW DEPTH MM
24 HR TOTAL MM
DEGREE DAYS
HEATING TOTAL 0 21 -21 1
SINCE 7/1 0 20 -20 MM
COOLING TOTAL 407 264 143 403
SINCE 1/1 2254 1977 277 MM
................................................................
WIND (MPH)
AVERAGE WIND SPEED 9.3
HIGHEST WIND SPEED/DIRECTION 35/020 DATE 09/10
HIGHEST GUST SPEED/DIRECTION 48/300 DATE 09/21
SKY COVER
POSSIBLE SUNSHINE (PERCENT) MM
NUMBER OF DAYS FAIR 24
NUMBER OF DAYS PC 1
NUMBER OF DAYS CLOUDY 5
AVERAGE RH (PERCENT) 49
WEATHER CONDITIONS. NUMBER OF DAYS WITH
THUNDERSTORM 7 MIXED PRECIP 0
HEAVY RAIN 3 RAIN 3
LIGHT RAIN 9 FREEZING RAIN 0
LT FREEZING RAIN 0 HEAVY SNOW 0
SNOW 0 LIGHT SNOW 0
SLEET 0 FOG 5
FOG W/VIS <= 1/4 MILE 0 HAZE 0
- INDICATES NEGATIVE NUMBERS.
R INDICATES RECORD WAS SET OR TIED.
MM INDICATES DATA IS MISSING.
T INDICATES TRACE AMOUNT.
$$