000
CXUS51 KBGM 021539 CCA
CLSBGM
CLIMATE REPORT
NATIONAL WEATHER SERVICE BINGHAMTON, NY
1140 AM EDT THU JUN 02 2022
...................................
...THE BINGHAMTON NY CLIMATE SUMMARY FOR THE SEASON, FROM
3/1/2022 TO 5/31/2022...
CLIMATE NORMAL PERIOD 1991 TO 2020
CLIMATE RECORD PERIOD 1951 TO 2022
WEATHER OBSERVED NORMAL DEPART LAST YEAR`S
VALUE DATE(S) VALUE FROM VALUE DATE(S)
NORMAL
................................................................
TEMPERATURE (F)
RECORD
HIGH 89 04/27/2009
05/20/1996
05/07/1982
LOW -7 03/19/1993
HIGHEST 86 05/31 53 33 86 05/21
LOWEST 7 03/04 35 -28 8 03/02
AVG. MAXIMUM 55.4 53.7 1.7 55.0
AVG. MINIMUM 36.3 35.0 1.3 35.8
MEAN 45.9 44.4 1.5 45.4
DAYS MAX >= 90 0 0.0 0.0 0
DAYS MAX <= 32 8 8.1 -0.1 8
DAYS MIN <= 32 36 36.7 -0.7 31
DAYS MIN <= 0 0 0.3 -0.3 0
PRECIPITATION (INCHES)
RECORD
MAXIMUM 19.93 2011
MINIMUM 5.07 1969
TOTALS 11.57 10.46 1.11 12.13
DAILY AVG. 0.12 0.11 0.01 0.13
DAYS >= .01 43 43.1 -0.1 41
DAYS >= .10 23 23.8 -0.8 25
DAYS >= .50 7 6.5 0.5 8
DAYS >= 1.00 2 1.4 0.6 2
GREATEST
24 HR. TOTAL 1.59 04/18 TO 04/19 2.47 04/29 TO 04/30
SNOWFALL (INCHES)
RECORDS
TOTAL 54.1 1993
24 HR TOTAL 31.3 03/14/2017 TO 03/15/2017
SNOW DEPTH 35 03/15/1993
TOTALS 36.9 20.3 16.6 7.3
SINCE 7/1 81.8 86.5 -4.7 105.0
SNOWDEPTH AVG. 1 0
DAYS >= TRACE 26 14.3 11.7 10
DAYS >= 1.0 4 4.9 -0.9 1
GREATEST
SNOW DEPTH 14 04/19 8 03/01
24 HR TOTAL 14.2 04/18 TO 04/19 3.0 04/01 TO 04/01
DEGREE DAYS
HEATING TOTAL 1768 1923 -155 1812
SINCE 7/1 6604 7074 -470 6652
COOLING TOTAL 36 25 11 34
SINCE 1/1 36 25 11 34
FREEZE DATES
RECORD
EARLIEST 09/20/1993
LATEST 05/25/1956
EARLIEST 11/02
LATEST 05/01
................................................................
WIND (MPH)
AVERAGE WIND SPEED 8.7
RESULTANT WIND SPEED/DIRECTION 2/260
HIGHEST WIND SPEED/DIRECTION 41/280 DATE 03/07
HIGHEST GUST SPEED/DIRECTION 41/280 DATE 03/07
SKY COVER
POSSIBLE SUNSHINE (PERCENT) MM
AVERAGE SKY COVER 0.51
NUMBER OF DAYS FAIR 31
NUMBER OF DAYS PC 34
NUMBER OF DAYS CLOUDY 27
AVERAGE RH (PERCENT) 68
WEATHER CONDITIONS. NUMBER OF DAYS WITH
THUNDERSTORM 5 MIXED PRECIP 0
HEAVY RAIN 9 RAIN 15
LIGHT RAIN 39 FREEZING RAIN 0
LT FREEZING RAIN 0 HAIL 2
HEAVY SNOW 3 SNOW 8
LIGHT SNOW 22 SLEET 0
FOG 50 FOG W/VIS <= 1/4 MILE 14
HAZE 6
- INDICATES NEGATIVE NUMBERS.
R INDICATES RECORD WAS SET OR TIED.
MM INDICATES DATA IS MISSING.
T INDICATES TRACE AMOUNT.
&&
CORRECTIONS TO GREATEST 24 HOUR TOTAL PRECIPITATION DATES
CORRECTIONS TO 2021 DATA FROM MISSING TO ACTUAL
CORRECTION TO NUMBER OF HAIL DAYS FROM 1 TO 2
7TH SNOWIEST MARCH TO MAY
13TH WARMEST MARCH TO MAY
$$
TAC