000
CXUS55 KBYZ 011000
CF6BHK
PRELIMINARY LOCAL CLIMATOLOGICAL DATA (WS FORM: F-6)
STATION: BAKER MT
MONTH: JUNE
YEAR: 2022
LATITUDE: 46 20 N
LONGITUDE: 104 15 W
TEMPERATURE IN F: :PCPN: SNOW: WIND :SUNSHINE: SKY :PK WND
================================================================================
1 2 3 4 5 6A 6B 7 8 9 10 11 12 13 14 15 16 17 18
12Z AVG MX 2MIN
DY MAX MIN AVG DEP HDD CDD WTR SNW DPTH SPD SPD DIR MIN PSBL S-S WX SPD DR
================================================================================
1 67 34 51 -7 14 0 0.00 M M 7.7 20 280 M M 2 26 270
2 69 36 53 -6 12 0 0.00 M M 8.8 24 320 M M 0 31 330
3 72 35 54 -5 11 0 0.00 M M 7.3 17 140 M M 3 25 120
4 70 50 60 1 5 0 0.04 M M 12.7 26 140 M M 5 29 140
5 65 51 58 -2 7 0 0.14 M M 12.1 22 90 M M 9 1 26 90
6 53 48 51 -9 14 0 0.28 M M 14.8 23 100 M M 10 1 28 100
7 66 47 57 -3 8 0 T M M 9.1 24 220 M M 5 23 30 220
8 67 46 57 -3 8 0 T M M 5.2 13 290 M M 5 18 17 290
9 76 54 65 4 0 0 0.03 M M 8.1 20 100 M M 6 22 80
10 84 50 67 6 0 2 0.01 M M 8.1 23 270 M M 2 30 260
11 78 58 68 7 0 3 0.12 M M 9.4 39 330 M M 3 13 51 330
12 69 56 63 1 2 0 0.25 M M 8.8 24 80 M M 4 13 27 80
13 73 57 65 3 0 0 0.15 M M 7.8 20 150 M M 8 13 23 150
14 67 48 58 -4 7 0 0.01 M M 11.9 28 220 M M 4 35 220
15 62 44 53 -10 12 0 0.07 M M 23.8 44 270 M M 6 52 270
16 76 50 63 0 2 0 0.00 M M 12.7 23 290 M M 0 30 290
17 86 54 70 7 0 5 0.00 M M 26.2 45 140 M M 0 55 140
18 88 64 76 12 0 11 0.00 M M 12.9 32 150 M M 0 40 150
19 79 59 69 5 0 4 0.01 M M 10.9 21 260 M M 2 3 25 260
20 72 50 61 -3 4 0 0.49 M M 8.7 28 280 M M 4 13 38 270
21 71 49 60 -5 5 0 0.00 M M 14.1 29 270 M M 4 35 260
22 82 47 65 0 0 0 0.00 M M 7.2 18 190 M M 0 23 190
23 89 50 70 5 0 5 0.00 M M 7.0 17 250 M M 0 22 250
24 72 52 62 -4 3 0 0.02 M M 13.2 29 340 M M 4 36 340
25 68 46 57 -9 8 0 0.00 M M 18.4 36 310 M M 5 44 280
26 75 39 57 -9 8 0 0.00 M M 5.0 13 330 M M 0 16 310
27 81 47 64 -2 1 0 0.00 M M 7.6 18 340 M M 1 23 330
28 90 49 70 3 0 5 0.00 M M 10.2 20 120 M M 0 24 110
29 92 60 76 9 0 11 T M M 8.9 20 30 M M 0 25 320
30 77 49 63 -4 2 0 0.00 M M 10.0 24 310 M M 1 32 320
================================================================================
SM 2236 1479 133 46 1.62 M 328.6 M 93
================================================================================
AV 74.5 49.3 11.0 FASTST M M 3 MAX(MPH)
MISC ----> 45 140 55 140
================================================================================
NOTES:
# LAST OF SEVERAL OCCURRENCES
COLUMN 17 PEAK WIND IN M.P.H.
PRELIMINARY LOCAL CLIMATOLOGICAL DATA (WS FORM: F-6) , PAGE 2
STATION: BAKER MT
MONTH: JUNE
YEAR: 2022
LATITUDE: 46 20 N
LONGITUDE: 104 15 W
[TEMPERATURE DATA] [PRECIPITATION DATA] SYMBOLS USED IN COLUMN 16
AVERAGE MONTHLY: 61.9 TOTAL FOR MONTH: 1.62 1 = FOG OR MIST
DPTR FM NORMAL: -0.9 DPTR FM NORMAL: -1.19 2 = FOG REDUCING VISIBILITY
HIGHEST: 92 ON 29 GRTST 24HR 0.50 ON 19-20 TO 1/4 MILE OR LESS
LOWEST: 34 ON 1 3 = THUNDER
SNOW, ICE PELLETS, HAIL 4 = ICE PELLETS
TOTAL MONTH: M 5 = HAIL
GRTST 24HR M ON M 6 = FREEZING RAIN OR DRIZZLE
GRTST DEPTH: M ON M 7 = DUSTSTORM OR SANDSTORM:
VSBY 1/2 MILE OR LESS
8 = SMOKE OR HAZE
[NO. OF DAYS WITH] [WEATHER - DAYS WITH] 9 = BLOWING SNOW
X = TORNADO
MAX 32 OR BELOW: 0 0.01 INCH OR MORE: 13
MAX 90 OR ABOVE: 2 0.10 INCH OR MORE: 6
MIN 32 OR BELOW: 0 0.50 INCH OR MORE: 0
MIN 0 OR BELOW: 0 1.00 INCH OR MORE: 0
[HDD (BASE 65) ]
TOTAL THIS MO. 133 CLEAR (SCALE 0-3) 14
DPTR FM NORMAL 13 PTCLDY (SCALE 4-7) 14
TOTAL FM JUL 1 8056 CLOUDY (SCALE 8-10) 2
DPTR FM NORMAL -221
[CDD (BASE 65) ]
TOTAL THIS MO. 46
DPTR FM NORMAL -10 [PRESSURE DATA]
TOTAL FM JAN 1 46 HIGHEST SLP 30.41 ON 26
DPTR FM NORMAL -15 LOWEST SLP 29.53 ON 13
[REMARKS]
#FINAL-06-22#