545
CXUS54 KBMX 011110
CF6BHM
PRELIMINARY LOCAL CLIMATOLOGICAL DATA (WS FORM: F-6)
STATION: BIRMINGHAM
MONTH: JANUARY
YEAR: 2021
LATITUDE: 33 34 N
LONGITUDE: 86 45 W
TEMPERATURE IN F: :PCPN: SNOW: WIND :SUNSHINE: SKY :PK WND
================================================================================
1 2 3 4 5 6A 6B 7 8 9 10 11 12 13 14 15 16 17 18
12Z AVG MX 2MIN
DY MAX MIN AVG DEP HDD CDD WTR SNW DPTH SPD SPD DIR MIN PSBL S-S WX SPD DR
================================================================================
1 74 53 64 20 1 0 0.53 0.0 0 11.5 22 200 M M 8 1 31 180
2 60 40 50 6 15 0 0.00 0.0 0 6.9 21 260 M M 6 18 25 260
3 54 35 45 1 20 0 0.00 0.0 0 5.5 17 280 M M 6 21 290
4 61 32 47 3 18 0 0.00 0.0 0 4.4 13 210 M M 4 17 200
5 54 34 44 0 21 0 0.00 0.0 0 4.8 16 340 M M 4 12 18 340
6 57 29 43 -1 22 0 0.00 0.0 0 2.9 13 60 M M 7 21 60
7 49 41 45 1 20 0 0.10 0.0 0 10.1 26 120 M M 9 1 37 110
8 41 37 39 -5 26 0 0.04 0.0 0 10.2 21 320 M M 10 1 25 320
9 37 33 35 -9 30 0 0.00 0.0 0 9.2 15 10 M M 10 19 10
10 45 31 38 -6 27 0 0.00 0.0 M 3.6 12 20 M M 9 14 20
11 45 37 41 -3 24 0 0.27 0.0 M 5.4 13 350 M M 10 18 16 350
12 38 26 32 -12 33 0 T 0.0 M 4.7 12 350 M M 7 18 15 320
13 42 25 34 -10 31 0 0.01 0.0 M 2.1 10 250 M M 6 128 12 250
14 58 27 43 -1 22 0 0.00 0.0 M 7.0 18 180 M M 2 1 26 190
15 55 36 46 2 19 0 0.00 0.0 M 11.1 28 250 M M 5 37 250
16 48 36 42 -2 23 0 0.00 0.0 0 9.0 21 270 M M 7 26 290
17 55 35 45 1 20 0 0.00 0.0 0 7.4 20 230 M M 4 26 230
18 56 29 43 -1 22 0 0.00 0.0 0 3.2 17 280 M M 0 20 270
19 55 33 44 0 21 0 0.02 0.0 0 3.4 13 200 M M 7 18 15 150
20 55 39 47 3 18 0 0.02 0.0 M 4.0 10 310 M M 9 1 15 310
21 55 45 50 6 15 0 0.19 0.0 M 5.8 16 220 M M 10 18 22 230
22 57 36 47 3 18 0 0.22 0.0 0 2.7 10 350 M M 7 1 12 20
23 60 31 46 2 19 0 0.00 0.0 0 3.4 14 50 M M 4 17 50
24 65 43 54 10 11 0 0.11 0.0 0 5.6 15 190 M M 7 1 21 180
25 72 57 65 21 0 0 0.07 0.0 0 10.9 26 190 M M 10 13 37 190
26 71 54 63 19 2 0 0.69 0.0 0 4.4 33 280 M M 7 13 41 280
27 60 40 50 6 15 0 0.42 0.0 M 9.8 24 310 M M 9 18 33 320
28 48 31 40 -4 25 0 0.00 0.0 0 10.5 23 340 M M 5 29 360
29 56 28 42 -2 23 0 0.00 0.0 0 2.3 8 320 M M 5 11 330
30 60 34 47 2 18 0 T 0.0 0 9.0 25 140 M M 7 38 160
31 70 41 56 11 9 0 0.36 0.0 0 12.9 28 330 M M 9 1 34 330
================================================================================
SM 1713 1128 588 0 3.05 0.0 203.7 M 210
================================================================================
AV 55.3 36.4 6.6 FASTST M M 7 MAX(MPH)
MISC ----> 33 280 41 280
================================================================================
NOTES:
# LAST OF SEVERAL OCCURRENCES
COLUMN 17 PEAK WIND IN M.P.H.
PRELIMINARY LOCAL CLIMATOLOGICAL DATA (WS FORM: F-6) , PAGE 2
STATION: BIRMINGHAM
MONTH: JANUARY
YEAR: 2021
LATITUDE: 33 34 N
LONGITUDE: 86 45 W
[TEMPERATURE DATA] [PRECIPITATION DATA] SYMBOLS USED IN COLUMN 16
AVERAGE MONTHLY: 45.8 TOTAL FOR MONTH: 3.05 1 = FOG OR MIST
DPTR FM NORMAL: 2.0 DPTR FM NORMAL: -1.79 2 = FOG REDUCING VISIBILITY
HIGHEST: 74 ON 1 GRTST 24HR 0.75 ON 21-22 TO 1/4 MILE OR LESS
LOWEST: 25 ON 13 3 = THUNDER
SNOW, ICE PELLETS, HAIL 4 = ICE PELLETS
TOTAL MONTH: 0.0 INCH 5 = HAIL
GRTST 24HR 0.0 6 = FREEZING RAIN OR DRIZZLE
GRTST DEPTH: 0 7 = DUSTSTORM OR SANDSTORM:
VSBY 1/2 MILE OR LESS
8 = SMOKE OR HAZE
[NO. OF DAYS WITH] [WEATHER - DAYS WITH] 9 = BLOWING SNOW
X = TORNADO
MAX 32 OR BELOW: 0 0.01 INCH OR MORE: 14
MAX 90 OR ABOVE: 0 0.10 INCH OR MORE: 9
MIN 32 OR BELOW: 10 0.50 INCH OR MORE: 2
MIN 0 OR BELOW: 0 1.00 INCH OR MORE: 0
[HDD (BASE 65) ]
TOTAL THIS MO. 588 CLEAR (SCALE 0-3) 2
DPTR FM NORMAL -70 PTCLDY (SCALE 4-7) 19
TOTAL FM JUL 1 1452 CLOUDY (SCALE 8-10) 10
DPTR FM NORMAL -253
[CDD (BASE 65) ]
TOTAL THIS MO. 0
DPTR FM NORMAL -1 [PRESSURE DATA]
TOTAL FM JAN 1 0 HIGHEST SLP 30.58 ON 28
DPTR FM NORMAL -1 LOWEST SLP 29.69 ON 25
[REMARKS]
#FINAL-01-21#