547
CXUS53 KGRR 011727 RRC
CLSBIV
WRKCLMBIV 000
TTAA00 KGRR 011723
CLIMATE REPORT
NATIONAL WEATHER SERVICE GRAND RAPIDS, MI
1258 PM EDT MON JUN 1 2020
...................................
...THE HOLLAND/TULIP CITY MI CLIMATE SUMMARY FOR THE SEASON, FROM
3/1/2020 TO 5/31/2020...
CLIMATE NORMAL PERIOD 1981 TO 2010
CLIMATE RECORD PERIOD 1996 TO 2020
WEATHER OBSERVED NORMAL DEPART LAST YEAR`S
VALUE DATE(S) VALUE FROM VALUE DATE(S)
NORMAL
................................................................
TEMPERATURE (F)
HIGHEST 90 05/26 MM MM 80 05/18
LOWEST 20 03/07 MM MM 6 03/08
AVG. MAXIMUM 55.5 57.2 -1.7 54.3
AVG. MINIMUM 37.9 38.7 -0.8 36.1
MEAN 46.7 47.9 -1.2 45.2
DAYS MAX >= 90 1 0.4 0.6 0
DAYS MAX <= 32 0 3.2 -3.2 5
DAYS MIN <= 32 33 27.6 5.4 30
DAYS MIN <= 0 0 0.0 0.0 0
PRECIPITATION (INCHES)
TOTALS 10.60 8.70 1.90 11.49
DAILY AVG. 0.12 0.09 0.03 0.13
DAYS >= .01 36 MM MM 43
DAYS >= .10 21 MM MM 28
DAYS >= .50 7 MM MM 7
DAYS >= 1.00 2 MM MM 1
GREATEST
24 HR. TOTAL 2.13 05/17 TO 05/17
DEGREE_DAYS
HEATING TOTAL 1699 1612 87 1807
SINCE 7/1 6030 6112 -82 6528
COOLING TOTAL 45 42 3 4
SINCE 1/1 45 42 3 4
FREEZE DATES
EARLIEST MM
LATEST MM
.................................................................
WIND (MPH)
AVERAGE WIND SPEED 9.0
RESULTANT WIND SPEED/DIRECTION 2/250
HIGHEST WIND SPEED/DIRECTION 36/240 DATE 03/20
HIGHEST GUST SPEED/DIRECTION 53/270 DATE 04/20
SKY COVER
POSSIBLE SUNSHINE (PERCENT) MM
AVERAGE SKY COVER 0.50
NUMBER OF DAYS FAIR 36
NUMBER OF DAYS PC 30
NUMBER OF DAYS CLOUDY 26
AVERAGE RH (PERCENT) 68
WEATHER CONDITIONS. NUMBER OF DAYS WITH
THUNDERSTORM 6 MIXED PRECIP 0
HEAVY RAIN 8 RAIN 15
LIGHT RAIN 38 FREEZING RAIN 0
LT FREEZING RAIN 0 HAIL 0
HEAVY SNOW 2 SNOW 0
LIGHT SNOW 5 SLEET 0
FOG 49 FOG W/VIS <= 1/4 MILE 6
HAZE 19 BLOWING SNOW 0
TORNADO 0
- INDICATES NEGATIVE NUMBERS.
R INDICATES RECORD WAS SET OR TIED.
MM INDICATES DATA IS MISSING.
T INDICATES TRACE AMOUNT.
$$