000
CXUS51 KRLX 012332
CF6BKW
PRELIMINARY LOCAL CLIMATOLOGICAL DATA (WS FORM: F-6)
STATION: BECKLEY WV
MONTH: JANUARY
YEAR: 2024
LATITUDE: 37 46 N
LONGITUDE: 81 7 W
TEMPERATURE IN F: :PCPN: SNOW: WIND :SUNSHINE: SKY :PK WND
================================================================================
1 2 3 4 5 6A 6B 7 8 9 10 11 12 13 14 15 16 17 18
12Z AVG MX 2MIN
DY MAX MIN AVG DEP HDD CDD WTR SNW DPTH SPD SPD DIR MIN PSBL S-S WX SPD DR
================================================================================
1 38 27 33 0 32 0 T T 0 9.8 20 270 M M 10 16 31 290
2 31 23 27 -6 38 0 0.03 0.3 T 7.5 16 290 M M 9 1 21 310
3 38 21 30 -3 35 0 0.00 0.0 0 3.9 10 300 M M 2 14 320
4 32 23 28 -5 37 0 T T 0 9.3 21 310 M M 10 16 27 300
5 40 17 29 -4 36 0 0.00 0.0 0 6.0 16 150 M M 0 22 130
6 42 32 37 5 28 0 0.40 T 0 8.6 18 140 M M 8 146 29 160
7 39 30 35 3 30 0 0.13 0.8 0 11.0 21 260 M M 10 12 28 290
8 41 27 34 2 31 0 0.00 0.0 T 11.0 29 130 M M 4 41 150
9 48 33 41 9 24 0 1.25 T 0 19.6 33 120 M M 8 16 49 130
10 35 30 33 1 32 0 0.04 0.3 T 13.8 33 260 M M 10 1 45 300
11 47 27 37 5 28 0 0.00 0.0 0 8.5 26 260 M M 1 34 240
12 44 26 35 3 30 0 0.12 0.0 0 16.1 37 130 M M 4 1 56 150
13 45 21 33 1 32 0 0.04 T 0 14.4 31 260 M M 7 1 47 280
14 30 18 24 -8 41 0 0.01 0.2 0 8.6 18 310 M M 8 1 27 280
15 25 19 22 -10 43 0 0.44 5.4 1 3.2 8 360 M M 10 128 9 360
16 21 8 15 -17 50 0 0.09 1.5 6 9.1 16 310 M M 9 18 22 310
17 19 2 11 -21 54 0 T T 7 10.3 18 260 M M 3 25 260
18 36 11 24 -8 41 0 0.08 1.2 6 6.5 16 220 M M 4 1 23 230
19 30 14 22 -10 43 0 0.19 3.9 8 10.6 23 300 M M 10 128 30 270
20 14 7 11 -21 54 0 0.01 0.6 12 10.1 20 320 M M 10 1 26 340
21 23 7 15 -17 50 0 0.02 0.5 10 3.9 14 330 M M 6 1 17 300
22 44 10 27 -5 38 0 0.00 0.0 8 4.7 14 220 M M 0 17 230
23 53 26 40 8 25 0 T 0.0 5 5.9 13 140 M M 4 19 140
24 62 42 52 20 13 0 0.02 0.0 3 8.2 16 170 M M 7 1 25 150
25 63 54 59 27 6 0 0.42 0.0 0 6.9 17 150 M M 9 1 24 130
26 64 48 56 24 9 0 0.00 0.0 0 7.7 17 260 M M 5 25 270
27 55 41 48 16 17 0 0.30 0.0 0 8.8 26 130 M M 7 1 34 130
28 49 31 40 8 25 0 0.61 0.2 0 13.0 28 120 M M 10 1 35 120
29 32 29 31 -1 34 0 0.04 0.5 T 8.7 18 340 M M 10 16 25 330
30 43 28 36 3 29 0 0.11 0.2 T 7.8 14 160 M M 7 1 21 160
31 38 32 35 2 30 0 0.03 0.1 0 5.5 13 300 M M 10 1 16 320
================================================================================
SM 1221 764 1015 0 4.38 15.7 279.0 M 212
================================================================================
AV 39.4 24.6 9.0 FASTST M M 7 MAX(MPH)
MISC ----> 37 130 56 150
================================================================================
NOTES:
# LAST OF SEVERAL OCCURRENCES
COLUMN 17 PEAK WIND IN M.P.H.
PRELIMINARY LOCAL CLIMATOLOGICAL DATA (WS FORM: F-6) , PAGE 2
STATION: BECKLEY WV
MONTH: JANUARY
YEAR: 2024
LATITUDE: 37 46 N
LONGITUDE: 81 7 W
[TEMPERATURE DATA] [PRECIPITATION DATA] SYMBOLS USED IN COLUMN 16
AVERAGE MONTHLY: 32.0 TOTAL FOR MONTH: 4.38 1 = FOG OR MIST
DPTR FM NORMAL: -0.2 DPTR FM NORMAL: 1.25 2 = FOG REDUCING VISIBILITY
HIGHEST: 64 ON 26 GRTST 24HR 1.25 ON 9- 9 TO 1/4 MILE OR LESS
LOWEST: 2 ON 17 3 = THUNDER
SNOW, ICE PELLETS, HAIL 4 = ICE PELLETS
TOTAL MONTH: 15.7 INCHES 5 = HAIL
GRTST 24HR 5.4 ON 15-15 6 = FREEZING RAIN OR DRIZZLE
GRTST DEPTH: 12 ON 20 7 = DUSTSTORM OR SANDSTORM:
VSBY 1/2 MILE OR LESS
8 = SMOKE OR HAZE
[NO. OF DAYS WITH] [WEATHER - DAYS WITH] 9 = BLOWING SNOW
X = TORNADO
MAX 32 OR BELOW: 10 0.01 INCH OR MORE: 21
MAX 90 OR ABOVE: 0 0.10 INCH OR MORE: 10
MIN 32 OR BELOW: 26 0.50 INCH OR MORE: 2
MIN 0 OR BELOW: 0 1.00 INCH OR MORE: 1
[HDD (BASE 65) ]
TOTAL THIS MO. 1015 CLEAR (SCALE 0-3) 4
DPTR FM NORMAL 0 PTCLDY (SCALE 4-7) 13
TOTAL FM JUL 1 2765 CLOUDY (SCALE 8-10) 14
DPTR FM NORMAL -224
[CDD (BASE 65) ]
TOTAL THIS MO. 0
DPTR FM NORMAL 0 [PRESSURE DATA]
TOTAL FM JAN 1 0 HIGHEST SLP 30.74 ON 21
DPTR FM NORMAL 0 LOWEST SLP 29.11 ON 9
[REMARKS]
#FINAL-01-24#