000
CXUS55 KPSR 011005
CF6BLH
PRELIMINARY LOCAL CLIMATOLOGICAL DATA (WS FORM: F-6)
STATION: BLYTHE CA
MONTH: MARCH
YEAR: 2020
LATITUDE: 33 37 N
LONGITUDE: 114 43 W
TEMPERATURE IN F: :PCPN: SNOW: WIND :SUNSHINE: SKY :PK WND
================================================================================
1 2 3 4 5 6A 6B 7 8 9 10 11 12 13 14 15 16 17 18
12Z AVG MX 2MIN
DY MAX MIN AVG DEP HDD CDD WTR SNW DPTH SPD SPD DIR MIN PSBL S-S WX SPD DR
================================================================================
1 76 49 63 1 2 0 0.00 M M 12.4 31 230 M M 1 37 230
2 66 49 58 -4 7 0 0.02 M M 11.1 26 330 M M 4 33 340
3 80 48 64 2 1 0 0.00 M M 12.4 25 350 M M 0 34 350
4 77 47 62 0 3 0 0.00 M M 4.5 15 170 M M 0 18 170
5 83 48 66 4 0 1 0.00 M M 4.1 8 330 M M 0 M M
6 86 54 70 7 0 5 0.00 M M 5.2 12 200 M M 0 14 190
7 81 59 70 7 0 5 0.00 M M 11.7 21 230 M M 0 25 200
8 75 54 65 2 0 0 0.00 M M 7.9 20 200 M M 0 26 210
9 77 53 65 2 0 0 0.05 M M 7.1 16 190 M M 1 20 180
10 68 59 64 0 1 0 0.57 M M 4.7 16 50 M M 9 1 20 50
11 71 60 66 2 0 1 0.04 M M 1.8 8 200 M M 9 1 10 210
12 69 55 62 -2 3 0 0.82 M M 9.2 31 240 M M 8 13 36 230
13 69 52 61 -3 4 0 0.00 M M 9.9 22 230 M M 5 27 240
14 73 53 63 -1 2 0 0.00 M M 8.4 16 180 M M 1 22 210
15 74 51 63 -1 2 0 0.00 M M 7.0 17 230 M M 0 22 200
16 75 50 63 -2 2 0 0.00 M M 8.9 18 270 M M 0 21 170
17 69 51 60 -5 5 0 T M M 7.5 18 250 M M 4 24 230
18 62 52 57 -8 8 0 0.42 M M 9.6 23 310 M M 9 13 26 310
19 66 47 57 -8 8 0 T M M 9.1 20 200 M M 2 26 210
20 69 45 57 -8 8 0 0.00 M M 3.7 10 200 M M 0 15 160
21 72 49 61 -5 4 0 0.00 M M 3.8 8 140 M M 0 10 190
22 75 51 63 -3 2 0 0.00 M M 4.8 15 160 M M 0 18 170
23 76 56 66 0 0 1 0.00 M M 13.0 30 240 M M 0 35 240
24 77 50 64 -2 1 0 0.00 M M 7.2 18 230 M M 0 22 230
25 75 56 66 0 0 1 0.00 M M 11.2 22 220 M M 0 26 170
26 69 51 60 -6 5 0 0.00 M M 10.6 26 230 M M 0 33 230
27 70 44 57 -10 8 0 0.00 M M 7.9 18 310 M M 0 23 320
28 72 44 58 -9 7 0 0.00 M M 4.9 13 160 M M 0 18 110
29 76 49 63 -4 2 0 0.00 M M 5.2 21 350 M M 0 24 360
30 80 54 67 0 0 2 0.00 M M 6.4 18 330 M M 0 24 350
31 80 53 67 0 0 2 0.00 M M 3.1 8 130 M M 0 10 260
================================================================================
SM 2288 1593 85 18 1.92 M 234.3 M 53
================================================================================
AV 73.8 51.4 7.6 FASTST M M 2 MAX(MPH)
MISC ----> # 31 230 37 230
================================================================================
NOTES:
# LAST OF SEVERAL OCCURRENCES
COLUMN 17 PEAK WIND IN M.P.H.
PRELIMINARY LOCAL CLIMATOLOGICAL DATA (WS FORM: F-6) , PAGE 2
STATION: BLYTHE CA
MONTH: MARCH
YEAR: 2020
LATITUDE: 33 37 N
LONGITUDE: 114 43 W
[TEMPERATURE DATA] [PRECIPITATION DATA] SYMBOLS USED IN COLUMN 16
AVERAGE MONTHLY: 62.6 TOTAL FOR MONTH: 1.92 1 = FOG OR MIST
DPTR FM NORMAL: -1.9 DPTR FM NORMAL: 1.42 2 = FOG REDUCING VISIBILITY
HIGHEST: 86 ON 6 GRTST 24HR 0.82 ON 12-12 TO 1/4 MILE OR LESS
LOWEST: 44 ON 28,27 3 = THUNDER
SNOW, ICE PELLETS, HAIL 4 = ICE PELLETS
TOTAL MONTH: M 5 = HAIL
GRTST 24HR M ON M 6 = FREEZING RAIN OR DRIZZLE
GRTST DEPTH: M ON M 7 = DUSTSTORM OR SANDSTORM:
VSBY 1/2 MILE OR LESS
8 = SMOKE OR HAZE
[NO. OF DAYS WITH] [WEATHER - DAYS WITH] 9 = BLOWING SNOW
X = TORNADO
MAX 32 OR BELOW: 0 0.01 INCH OR MORE: 6
MAX 90 OR ABOVE: 0 0.10 INCH OR MORE: 3
MIN 32 OR BELOW: 0 0.50 INCH OR MORE: 2
MIN 0 OR BELOW: 0 1.00 INCH OR MORE: 0
[HDD (BASE 65) ]
TOTAL THIS MO. 85 CLEAR (SCALE 0-3) 24
DPTR FM NORMAL 1 PTCLDY (SCALE 4-7) 3
TOTAL FM JUL 1 1024 CLOUDY (SCALE 8-10) 4
DPTR FM NORMAL -54
[CDD (BASE 65) ]
TOTAL THIS MO. 18
DPTR FM NORMAL -52 [PRESSURE DATA]
TOTAL FM JAN 1 18 HIGHEST SLP M ON M
DPTR FM NORMAL -63 LOWEST SLP 29.63 ON 18
[REMARKS]
#FINAL-03-20#