000
CXUS53 KIND 010600
CF6BMG
PRELIMINARY LOCAL CLIMATOLOGICAL DATA (WS FORM: F-6)
STATION: BLOOMINGTON IN
MONTH: JUNE
YEAR: 2023
LATITUDE: 39 7 N
LONGITUDE: 86 37 W
TEMPERATURE IN F: :PCPN: SNOW: WIND :SUNSHINE: SKY :PK WND
================================================================================
1 2 3 4 5 6A 6B 7 8 9 10 11 12 13 14 15 16 17 18
12Z AVG MX 2MIN
DY MAX MIN AVG DEP HDD CDD WTR SNW DPTH SPD SPD DIR MIN PSBL S-S WX SPD DR
================================================================================
1 88 61 75 6 0 10 0.00 M M 2.5 13 30 M M 1 18 18 70
2 91 58 75 6 0 10 0.00 M M 3.4 16 50 M M 0 1 23 40
3 92 59 76 7 0 11 0.00 M M 5.4 13 40 M M 1 19 80
4 86 60 73 3 0 8 0.00 M M 7.3 16 30 M M 0 20 40
5 81 54 68 -2 0 3 0.00 M M 4.9 13 20 M M 0 8 17 50
6 85 50 68 -2 0 3 T M M 3.0 12 280 M M 2 18 18 350
7 76 53 65 -5 0 0 0.29 M M 2.8 9 20 M M 6 18 13 330
8 78 51 65 -6 0 0 0.00 M M 3.2 13 20 M M 0 8 19 30
9 80 47 64 -7 1 0 0.00 M M 1.3 9 350 M M 0 18 15 340
10 83 51 67 -4 0 2 0.00 M M 1.4 13 190 M M 0 17 200
11 77 60 69 -2 0 4 1.09 M M 6.5 20 350 M M 8 13 31 220
12 67 52 60 -12 5 0 0.00 M M 6.9 14 290 M M 7 1 22 330
13 78 53 66 -6 0 1 0.03 M M 11.1 21 240 M M 6 33 230
14 79 62 71 -1 0 6 0.00 M M 5.5 15 250 M M 1 27 250
15 86 57 72 0 0 7 0.00 M M 4.0 14 230 M M 0 18 20 230
16 75 56 66 -6 0 1 0.00 M M 5.6 16 30 M M 1 18 21 350
17 82 53 68 -5 0 3 0.00 M M 2.3 9 40 M M 0 18 14 100
18 83 53 68 -5 0 3 0.00 M M 4.6 14 130 M M 0 18 20 130
19 80 64 72 -1 0 7 0.10 M M 6.4 18 60 M M 6 1 27 60
20 87 68 78 5 0 13 0.02 M M 10.9 23 70 M M 5 3 35 60
21 83 67 75 2 0 10 0.00 M M 8.3 21 110 M M 3 29 110
22 80 63 72 -2 0 7 0.02 M M 7.5 17 60 M M 4 23 60
23 79 65 72 -2 0 7 0.00 M M 1.3 9 310 M M 9 14 340
24 89 65 77 3 0 12 0.00 M M 4.2 14 270 M M 0 8 22 270
25 89 68 79 5 0 14 0.37 M M 8.2 30 360 M M 3 138 46 360
26 81 64 73 -1 0 8 0.00 M M 8.9 20 280 M M 3 27 290
27 81 63 72 -2 0 7 0.00 M M 6.4 14 280 M M 3 18 20 280
28 82 56 69 -5 0 4 0.00 M M 2.3 14 130 M M 3 18 18 130
29 80 65 73 -1 0 8 0.61 M M 8.4 30 280 M M 3 138 57 280
30 90 64 77 3 0 12 0.00 M M 3.8 12 150 M M 3 3 15 150
================================================================================
SM 2468 1762 6 181 2.53 M 158.3 M 78
================================================================================
AV 82.3 58.7 5.3 FASTST M M 3 MAX(MPH)
MISC ----> # 30 360 57 280
================================================================================
NOTES:
# LAST OF SEVERAL OCCURRENCES
COLUMN 17 PEAK WIND IN M.P.H.
PRELIMINARY LOCAL CLIMATOLOGICAL DATA (WS FORM: F-6) , PAGE 2
STATION: BLOOMINGTON IN
MONTH: JUNE
YEAR: 2023
LATITUDE: 39 7 N
LONGITUDE: 86 37 W
[TEMPERATURE DATA] [PRECIPITATION DATA] SYMBOLS USED IN COLUMN 16
AVERAGE MONTHLY: 70.5 TOTAL FOR MONTH: 2.53 1 = FOG OR MIST
DPTR FM NORMAL: -1.5 DPTR FM NORMAL: -2.56 2 = FOG REDUCING VISIBILITY
HIGHEST: 92 ON 3 GRTST 24HR 1.09 ON 11-11 TO 1/4 MILE OR LESS
LOWEST: 47 ON 9 3 = THUNDER
SNOW, ICE PELLETS, HAIL 4 = ICE PELLETS
TOTAL MONTH: M 5 = HAIL
GRTST 24HR M ON M 6 = FREEZING RAIN OR DRIZZLE
GRTST DEPTH: M ON M 7 = DUSTSTORM OR SANDSTORM:
VSBY 1/2 MILE OR LESS
8 = SMOKE OR HAZE
[NO. OF DAYS WITH] [WEATHER - DAYS WITH] 9 = BLOWING SNOW
X = TORNADO
MAX 32 OR BELOW: 0 0.01 INCH OR MORE: 8
MAX 90 OR ABOVE: 3 0.10 INCH OR MORE: 5
MIN 32 OR BELOW: 0 0.50 INCH OR MORE: 2
MIN 0 OR BELOW: 0 1.00 INCH OR MORE: 1
[HDD (BASE 65) ]
TOTAL THIS MO. 6 CLEAR (SCALE 0-3) 22
DPTR FM NORMAL -6 PTCLDY (SCALE 4-7) 6
TOTAL FM JUL 1 4434 CLOUDY (SCALE 8-10) 2
DPTR FM NORMAL -647
[CDD (BASE 65) ]
TOTAL THIS MO. 181
DPTR FM NORMAL -43 [PRESSURE DATA]
TOTAL FM JAN 1 259 HIGHEST SLP M ON M
DPTR FM NORMAL -70 LOWEST SLP 29.56 ON 11
[REMARKS]
#FINAL-06-23#