000
CXUS54 KLZK 011130
CF6BPK
PRELIMINARY LOCAL CLIMATOLOGICAL DATA (WS FORM: F-6)
STATION: MOUNTAIN HOME AIRPORT
MONTH: MAY
YEAR: 2022
LATITUDE: 36 22 N
LONGITUDE: 92 28 W
TEMPERATURE IN F: :PCPN: SNOW: WIND :SUNSHINE: SKY :PK WND
================================================================================
1 2 3 4 5 6A 6B 7 8 9 10 11 12 13 14 15 16 17 18
12Z AVG MX 2MIN
DY MAX MIN AVG DEP HDD CDD WTR SNW DPTH SPD SPD DIR MIN PSBL S-S WX SPD DR
================================================================================
1 75 49 62 -1 3 0 0.00 M M 3.1 10 310 M M 0 18 320
2 62 51 57 -6 8 0 2.17 M M 6.9 15 120 M M 7 13 23 250
3 62 46 54 -10 11 0 0.27 M M 4.6 14 350 M M 7 13 22 330
4 56 46 51 -13 14 0 0.05 M M 6.0 16 140 M M 8 13 22 150
5 65 54 60 -4 5 0 1.81 M M 5.4 17 130 M M 9 13 23 140
6 69 53 61 -3 4 0 0.07 M M 4.1 12 320 M M 8 1 20 350
7 75 50 63 -2 2 0 0.00 M M 3.5 12 150 M M 0 1 16 160
8 76 54 65 0 0 0 0.00 M M 9.7 18 160 M M 4 27 170
9 85 66 76 11 0 11 0.00 M M 10.4 21 200 M M 3 31 180
10 90 71 81 16 0 16 0.00 M M 7.0 17 210 M M 0 25 210
11 91 66 79 13 0 14 0.00 M M 4.4 14 170 M M 0 1 19 180
12 91 64 78 12 0 13 0.00 M M 2.4 9 150 M M 0 13 180
13 89 64 77 11 0 12 0.35 M M 4.3 22 80 M M 2 13 34 80
14 83 61 72 6 0 7 T M M 4.2 15 220 M M 2 13 18 220
15 79 63 71 4 0 6 0.36 M M 2.2 17 10 M M 3 13 31 350
16 79 58 69 2 0 4 0.00 M M 1.3 9 150 M M 1 13 70
17 79 54 67 0 0 2 0.00 M M 4.6 15 220 M M 0 22 170
18 88 63 76 9 0 11 0.37 M M 3.7 13 210 M M 2 13 19 230
19 85 68 77 9 0 12 T M M 6.3 21 230 M M 1 3 28 170
20 85 72 79 11 0 14 0.00 M M 11.7 23 230 M M 3 33 230
21 78 55 67 -1 0 2 0.22 M M 5.8 14 340 M M 7 13 26 350
22 62 53 58 -11 7 0 0.00 M M 2.9 9 90 M M 10 14 80
23 62 53 58 -11 7 0 0.10 M M 4.8 16 80 M M 8 13 23 70
24 65 57 61 -8 4 0 1.08 M M 7.7 14 140 M M 10 13 18 130
25 79 57 68 -1 0 3 0.87 M M 9.0 21 210 M M 8 13 30 200
26 61 53 57 -13 8 0 0.36 M M 6.0 13 200 M M 8 1 21 290
27 78 55 67 -3 0 2 0.00 M M 3.6 12 350 M M 4 21 330
28 79 55 67 -3 0 2 0.00 M M 6.6 14 160 M M 2 12 18 190
29 85 62 74 3 0 9 0.00 M M 9.2 17 170 M M 0 24 190
30 84 66 75 4 0 10 0.00 M M 6.7 8 180 M M 0 M M
31 87 70 79 8 0 14 0.00 M M 7.2 18 230 M M 3 25 220
================================================================================
SM 2384 1809 73 164 8.08 M 175.3 M 120
================================================================================
AV 76.9 58.4 5.7 FASTST M M 4 MAX(MPH)
MISC ----> 23 230 34 80
================================================================================
NOTES:
# LAST OF SEVERAL OCCURRENCES
COLUMN 17 PEAK WIND IN M.P.H.
PRELIMINARY LOCAL CLIMATOLOGICAL DATA (WS FORM: F-6) , PAGE 2
STATION: MOUNTAIN HOME AIRPORT
MONTH: MAY
YEAR: 2022
LATITUDE: 36 22 N
LONGITUDE: 92 28 W
[TEMPERATURE DATA] [PRECIPITATION DATA] SYMBOLS USED IN COLUMN 16
AVERAGE MONTHLY: 67.6 TOTAL FOR MONTH: 8.08 1 = FOG OR MIST
DPTR FM NORMAL: 0.6 DPTR FM NORMAL: 3.60 2 = FOG REDUCING VISIBILITY
HIGHEST: 91 ON 12,11 GRTST 24HR 2.41 ON 2- 3 TO 1/4 MILE OR LESS
LOWEST: 46 ON 4, 3 3 = THUNDER
SNOW, ICE PELLETS, HAIL 4 = ICE PELLETS
TOTAL MONTH: M 5 = HAIL
GRTST 24HR M ON M 6 = FREEZING RAIN OR DRIZZLE
GRTST DEPTH: M ON M 7 = DUSTSTORM OR SANDSTORM:
VSBY 1/2 MILE OR LESS
8 = SMOKE OR HAZE
[NO. OF DAYS WITH] [WEATHER - DAYS WITH] 9 = BLOWING SNOW
X = TORNADO
MAX 32 OR BELOW: 0 0.01 INCH OR MORE: 13
MAX 90 OR ABOVE: 3 0.10 INCH OR MORE: 11
MIN 32 OR BELOW: 0 0.50 INCH OR MORE: 4
MIN 0 OR BELOW: 0 1.00 INCH OR MORE: 3
[HDD (BASE 65) ]
TOTAL THIS MO. 73 CLEAR (SCALE 0-3) 18
DPTR FM NORMAL 9 PTCLDY (SCALE 4-7) 9
TOTAL FM JUL 1 3480 CLOUDY (SCALE 8-10) 4
DPTR FM NORMAL -330
[CDD (BASE 65) ]
TOTAL THIS MO. 164
DPTR FM NORMAL 38 [PRESSURE DATA]
TOTAL FM JAN 1 200 HIGHEST SLP 30.31 ON 22
DPTR FM NORMAL 25 LOWEST SLP 29.47 ON 20
[REMARKS]
#FINAL-05-22#