000
CXUS54 KLCH 010830
CF6BPT
PRELIMINARY LOCAL CLIMATOLOGICAL DATA (WS FORM: F-6)
STATION: BEAUMONT PORT ARTHUR
MONTH: SEPTEMBER
YEAR: 2022
LATITUDE: 29 57 N
LONGITUDE: 94 1 W
TEMPERATURE IN F: :PCPN: SNOW: WIND :SUNSHINE: SKY :PK WND
================================================================================
1 2 3 4 5 6A 6B 7 8 9 10 11 12 13 14 15 16 17 18
12Z AVG MX 2MIN
DY MAX MIN AVG DEP HDD CDD WTR SNW DPTH SPD SPD DIR MIN PSBL S-S WX SPD DR
================================================================================
1 94 75 85 2 0 20 T 0.0 M 4.7 15 190 M M 2 13 21 220
2 94 74 84 2 0 19 T 0.0 M 4.7 17 50 M M 2 3 23 60
3 86 75 81 -1 0 16 0.12 0.0 M 3.8 14 130 M M 4 13 20 130
4 80 73 77 -5 0 12 0.21 0.0 M 2.2 10 360 M M 4 13 13 10
5 86 73 80 -2 0 15 T 0.0 M 4.2 10 210 M M 1 1 15 210
6 87 71 79 -3 0 14 T 0.0 M 4.4 18 170 M M 1 1 28 160
7 92 70 81 -1 0 16 0.03 0.0 M 4.6 23 320 M M 2 13 33 320
8 91 69 80 -2 0 15 0.00 0.0 M 5.9 16 20 M M 3 3 20 10
9 90 70 80 -1 0 15 T 0.0 M 4.7 12 50 M M 2 1 17 50
10 91 69 80 -1 0 15 T 0.0 M 3.9 14 360 M M 1 20 350
11 92 71 82 1 0 17 T 0.0 M 6.3 16 20 M M 1 1 23 340
12 89 72 81 0 0 16 T 0.0 M 6.6 12 350 M M 1 17 320
13 88 66 77 -4 0 12 0.00 0.0 M 5.6 12 10 M M 0 16 30
14 89 65 77 -3 0 12 0.00 0.0 M 5.8 13 40 M M 1 17 40
15 89 69 79 -1 0 14 T 0.0 M 6.7 16 110 M M 2 21 130
16 85 73 79 -1 0 14 0.17 0.0 M 5.5 13 120 M M 3 13 18 130
17 91 73 82 2 0 17 T 0.0 M 5.4 14 110 M M 2 18 19 140
18 92 77 85 5 0 20 T 0.0 M 5.9 12 130 M M 3 38 18 170
19 93 75 84 4 0 19 T 0.0 M 4.9 13 120 M M 3 19 120
20 95 74 85 6 0 20 0.00 0.0 M 4.0 13 40 M M 1 1 17 50
21 94 72 83 4 0 18 0.00 0.0 M 4.4 10 10 M M 0 12 15 350
22 96 72 84 5 0 19 T 0.0 M 5.6 13 30 M M 1 1 21 10
23 96 73 85 6 0 20 T 0.0 M 5.6 12 130 M M 0 1 16 110
24 94 70 82 4 0 17 0.00 0.0 M 4.1 10 170 M M 0 128 17 170
25 94 69 82 4 0 17 0.00 0.0 M 4.4 8 200 M M 0 1 13 290
26 91 71 81 3 0 16 0.00 0.0 M 9.4 18 360 M M 0 25 360
27 87 60 74 -4 0 9 0.00 0.0 M 9.2 18 30 M M 0 24 40
28 87 61 74 -3 0 9 0.00 0.0 M 9.3 18 50 M M 0 23 20
29 83 61 72 -5 0 7 0.00 0.0 M 11.3 20 360 M M 0 26 360
30 82 53 68 -9 0 3 0.00 0.0 M 7.0 13 30 M M 0 22 30
================================================================================
SM 2698 2096 0 453 0.53 0.0 170.1 M 40
================================================================================
AV 89.9 69.9 5.7 FASTST M M 1 MAX(MPH)
MISC ----> 23 320 33 320
================================================================================
NOTES:
# LAST OF SEVERAL OCCURRENCES
COLUMN 17 PEAK WIND IN M.P.H.
PRELIMINARY LOCAL CLIMATOLOGICAL DATA (WS FORM: F-6) , PAGE 2
STATION: BEAUMONT PORT ARTHUR
MONTH: SEPTEMBER
YEAR: 2022
LATITUDE: 29 57 N
LONGITUDE: 94 1 W
[TEMPERATURE DATA] [PRECIPITATION DATA] SYMBOLS USED IN COLUMN 16
AVERAGE MONTHLY: 79.9 TOTAL FOR MONTH: 0.53 1 = FOG OR MIST
DPTR FM NORMAL: -0.1 DPTR FM NORMAL: -6.16 2 = FOG REDUCING VISIBILITY
HIGHEST: 96 ON 23,22 GRTST 24HR 0.27 ON 3- 4 TO 1/4 MILE OR LESS
LOWEST: 53 ON 30 3 = THUNDER
SNOW, ICE PELLETS, HAIL 4 = ICE PELLETS
TOTAL MONTH: 0.0 INCH 5 = HAIL
GRTST 24HR 0.0 6 = FREEZING RAIN OR DRIZZLE
GRTST DEPTH: 0 7 = DUSTSTORM OR SANDSTORM:
VSBY 1/2 MILE OR LESS
8 = SMOKE OR HAZE
[NO. OF DAYS WITH] [WEATHER - DAYS WITH] 9 = BLOWING SNOW
X = TORNADO
MAX 32 OR BELOW: 0 0.01 INCH OR MORE: 4
MAX 90 OR ABOVE: 17 0.10 INCH OR MORE: 3
MIN 32 OR BELOW: 0 0.50 INCH OR MORE: 0
MIN 0 OR BELOW: 0 1.00 INCH OR MORE: 0
[HDD (BASE 65) ]
TOTAL THIS MO. 0 CLEAR (SCALE 0-3) 27
DPTR FM NORMAL 0 PTCLDY (SCALE 4-7) 3
TOTAL FM JUL 1 0 CLOUDY (SCALE 8-10) 0
DPTR FM NORMAL 0
[CDD (BASE 65) ]
TOTAL THIS MO. 453
DPTR FM NORMAL 1 [PRESSURE DATA]
TOTAL FM JAN 1 2958 HIGHEST SLP 30.23 ON 28
DPTR FM NORMAL 205 LOWEST SLP 29.71 ON 9
[REMARKS]
#FINAL-09-22#