000
CXUS54 KLCH 011332
CF6BPT
PRELIMINARY LOCAL CLIMATOLOGICAL DATA (WS FORM: F-6)
STATION: BEAUMONT PORT ARTHUR
MONTH: MAY
YEAR: 2021
LATITUDE: 29 57 N
LONGITUDE: 94 1 W
TEMPERATURE IN F: :PCPN: SNOW: WIND :SUNSHINE: SKY :PK WND
================================================================================
1 2 3 4 5 6A 6B 7 8 9 10 11 12 13 14 15 16 17 18
12Z AVG MX 2MIN
DY MAX MIN AVG DEP HDD CDD WTR SNW DPTH SPD SPD DIR MIN PSBL S-S WX SPD DR
================================================================================
1 75 67 71 -2 0 6 0.12 0.0 M 10.9 24 110 M M 8 1 34 100
2 82 70 76 3 0 11 0.02 0.0 M 15.9 25 160 M M 9 34 160
3 85 75 80 7 0 15 0.00 0.0 M 13.2 18 170 M M 9 1 28 180
4 87 70 79 5 0 14 T 0.0 M 7.9 18 340 M M 7 138 24 340
5 82 60 71 -3 0 6 0.00 0.0 M 10.9 18 20 M M 1 24 360
6 85 58 72 -2 0 7 0.00 0.0 M 7.5 15 20 M M 0 21 30
7 87 56 72 -2 0 7 0.00 0.0 M 4.8 14 190 M M 0 18 18 190
8 84 60 72 -2 0 7 0.00 0.0 M 12.0 23 160 M M 2 1 30 170
9 82 74 78 3 0 13 0.05 0.0 M 13.8 23 190 M M 9 1 31 200
10 87 75 81 6 0 16 0.00 0.0 M 9.8 20 150 M M 6 1 25 150
11 85 66 76 1 0 11 0.32 0.0 M 11.8 25 10 M M 8 13 36 330
12 75 64 70 -6 0 5 0.01 0.0 M 11.4 21 350 M M 9 1 26 350
13 77 64 71 -5 0 6 0.00 0.0 M 9.4 18 30 M M 8 24 20
14 82 59 71 -5 0 6 0.00 0.0 M 7.0 15 60 M M 1 25 30
15 83 65 74 -2 0 9 0.00 0.0 M 11.2 18 150 M M 5 29 110
16 81 70 76 -1 0 11 0.26 0.0 M 13.7 25 140 M M 7 13 37 140
17 75 68 72 -5 0 7 9.86 0.0 M 10.7 31 170 M M 8 123 44 180
18 80 65 73 -4 0 8 1.46 0.0 M 11.7 29 110 M M 6 13 39 100
19 76 64 70 -7 0 5 2.89 0.0 0 9.0 21 120 M M 8 13 28 120
20 79 69 74 -4 0 9 T 0.0 M 11.3 21 110 M M 6 27 110
21 81 72 77 -1 0 12 0.09 0.0 M 14.8 28 100 M M 10 18 43 100
22 79 73 76 -2 0 11 0.04 0.0 0 15.0 22 110 M M 8 1 31 100
23 82 71 77 -1 0 12 0.01 0.0 M 12.5 22 110 M M 5 29 110
24 81 70 76 -2 0 11 0.32 0.0 M 10.4 18 120 M M 8 1 26 110
25 85 72 79 0 0 14 0.00 0.0 M 10.9 20 170 M M 5 27 160
26 87 72 80 1 0 15 0.00 0.0 M 7.3 15 160 M M 2 1 22 170
27 86 71 79 0 0 14 0.00 0.0 M 9.4 16 180 M M 3 1 22 160
28 86 69 78 -1 0 13 0.10 0.0 M 6.0 31 30 M M 3 1 47 30
29 89 71 80 0 0 15 0.00 0.0 M 6.5 23 120 M M 2 3 31 120
30 82 66 74 -6 0 9 0.00 0.0 M 9.5 17 50 M M 2 23 60
31 85 69 77 -3 0 12 0.00 0.0 M 10.4 17 100 M M 4 23 110
================================================================================
SM 2552 2095 0 317 15.55 0.0 326.6 M 169
================================================================================
AV 82.3 67.6 10.5 FASTST M M 5 MAX(MPH)
MISC ----> # 31 170 47 30
================================================================================
NOTES:
# LAST OF SEVERAL OCCURRENCES
COLUMN 17 PEAK WIND IN M.P.H.
PRELIMINARY LOCAL CLIMATOLOGICAL DATA (WS FORM: F-6) , PAGE 2
STATION: BEAUMONT PORT ARTHUR
MONTH: MAY
YEAR: 2021
LATITUDE: 29 57 N
LONGITUDE: 94 1 W
[TEMPERATURE DATA] [PRECIPITATION DATA] SYMBOLS USED IN COLUMN 16
AVERAGE MONTHLY: 75.0 TOTAL FOR MONTH: 15.55 1 = FOG OR MIST
DPTR FM NORMAL: -1.5 DPTR FM NORMAL: 10.85 2 = FOG REDUCING VISIBILITY
HIGHEST: 89 ON 29 GRTST 24HR 10.08 ON 16-17 TO 1/4 MILE OR LESS
LOWEST: 56 ON 7 3 = THUNDER
SNOW, ICE PELLETS, HAIL 4 = ICE PELLETS
TOTAL MONTH: 0.0 INCH 5 = HAIL
GRTST 24HR 0.0 6 = FREEZING RAIN OR DRIZZLE
GRTST DEPTH: 0 7 = DUSTSTORM OR SANDSTORM:
VSBY 1/2 MILE OR LESS
8 = SMOKE OR HAZE
[NO. OF DAYS WITH] [WEATHER - DAYS WITH] 9 = BLOWING SNOW
X = TORNADO
MAX 32 OR BELOW: 0 0.01 INCH OR MORE: 14
MAX 90 OR ABOVE: 0 0.10 INCH OR MORE: 8
MIN 32 OR BELOW: 0 0.50 INCH OR MORE: 3
MIN 0 OR BELOW: 0 1.00 INCH OR MORE: 3
[HDD (BASE 65) ]
TOTAL THIS MO. 0 CLEAR (SCALE 0-3) 9
DPTR FM NORMAL -2 PTCLDY (SCALE 4-7) 15
TOTAL FM JUL 1 1351 CLOUDY (SCALE 8-10) 7
DPTR FM NORMAL 91
[CDD (BASE 65) ]
TOTAL THIS MO. 317
DPTR FM NORMAL -41 [PRESSURE DATA]
TOTAL FM JAN 1 577 HIGHEST SLP 30.24 ON 14
DPTR FM NORMAL -56 LOWEST SLP 29.61 ON 3
[REMARKS]
#FINAL-05-21#