000
CXUS55 KDVN 011331
CF6BRL
PRELIMINARY LOCAL CLIMATOLOGICAL DATA (WS FORM: F-6)
STATION: BURLINGTON IA
MONTH: DECEMBER
YEAR: 2023
LATITUDE: 40 46 N
LONGITUDE: 91 7 W
TEMPERATURE IN F: :PCPN: SNOW: WIND :SUNSHINE: SKY :PK WND
================================================================================
1 2 3 4 5 6A 6B 7 8 9 10 11 12 13 14 15 16 17 18
12Z AVG MX 2MIN
DY MAX MIN AVG DEP HDD CDD WTR SNW DPTH SPD SPD DIR MIN PSBL S-S WX SPD DR
================================================================================
1 41 33 37 2 28 0 0.38 M M 11.0 17 30 M M 10 18 24 20
2 38 32 35 1 30 0 0.22 M M 1.9 7 140 M M 10 1 9 340
3 41 32 37 3 28 0 0.01 M M 4.4 15 250 M M 9 1 19 270
4 39 28 34 0 31 0 0.03 M M 5.7 14 210 M M 7 1 18 210
5 37 32 35 2 30 0 0.00 M M 8.8 18 350 M M 7 1 27 340
6 43 25 34 1 31 0 0.00 M M 8.9 18 190 M M 1 1 23 190
7 60 33 47 15 18 0 0.00 M M 11.0 20 190 M M 0 29 190
8 60 46 53 21 12 0 0.19 M M 10.6 20 190 M M 3 1 28 180
9 47 32 40 8 25 0 0.07 M M 12.4 23 270 M M 8 1 34 270
10 34 24 29 -3 36 0 0.00 M M 6.2 18 320 M M 5 29 320
11 47 21 34 3 31 0 0.00 M M 5.4 14 200 M M 1 20 210
12 37 29 33 2 32 0 0.00 M M 6.1 16 330 M M 3 22 340
13 45 29 37 7 28 0 0.00 M M 3.2 9 20 M M 4 10 20
14 54 27 41 11 24 0 0.00 M M 5.6 14 180 M M 0 17 190
15 57 38 48 18 17 0 0.00 M M 7.7 14 170 M M 1 22 170
16 46 40 43 13 22 0 0.17 M M 8.4 16 180 M M 10 1 22 180
17 40 33 37 8 28 0 0.00 M M 9.0 17 310 M M 9 1 25 310
18 34 16 25 -4 40 0 0.00 M M 12.8 26 330 M M 2 40 310
19 37 15 26 -3 39 0 0.00 M M 8.9 18 180 M M 0 25 170
20 48 26 37 9 28 0 0.00 M M 6.3 12 190 M M 1 17 190
21 54 41 48 20 17 0 0.00 M M 4.7 10 170 M M 10 13 170
22 50 44 47 19 18 0 0.18 M M 4.6 7 210 M M 10 12 10 170
23 56 47 52 24 13 0 0.01 M M 5.2 9 200 M M 8 12 13 200
24 60 47 54 26 11 0 0.10 M M 10.5 20 140 M M 9 12 28 140
25 55 36 46 19 19 0 0.37 M M 13.3 21 220 M M 8 1 29 210
26 39 33 36 9 29 0 0.00 M M 9.5 20 220 M M 10 27 220
27 39 33 36 9 29 0 0.21 M M 10.3 20 20 M M 10 1 27 40
28 36 32 34 8 31 0 0.29 M M 12.3 22 340 M M 7 1 28 320
29 33 27 30 4 35 0 T M M 8.1 15 330 M M 7 1 22 330
30 42 25 34 8 31 0 0.00 M M 5.7 16 320 M M 2 1 24 330
31 34 28 31 5 34 0 0.00 M M 10.4 20 320 M M 10 1 31 320
================================================================================
SM 1383 984 825 0 2.23 M 248.9 M 182
================================================================================
AV 44.6 31.7 8.0 FASTST M M 6 MAX(MPH)
MISC ----> 26 330 40 310
================================================================================
NOTES:
# LAST OF SEVERAL OCCURRENCES
COLUMN 17 PEAK WIND IN M.P.H.
PRELIMINARY LOCAL CLIMATOLOGICAL DATA (WS FORM: F-6) , PAGE 2
STATION: BURLINGTON IA
MONTH: DECEMBER
YEAR: 2023
LATITUDE: 40 46 N
LONGITUDE: 91 7 W
[TEMPERATURE DATA] [PRECIPITATION DATA] SYMBOLS USED IN COLUMN 16
AVERAGE MONTHLY: 38.2 TOTAL FOR MONTH: 2.23 1 = FOG OR MIST
DPTR FM NORMAL: 8.3 DPTR FM NORMAL: 0.36 2 = FOG REDUCING VISIBILITY
HIGHEST: 60 ON 24, 8 GRTST 24HR 0.46 ON 24-25 TO 1/4 MILE OR LESS
LOWEST: 15 ON 19 3 = THUNDER
SNOW, ICE PELLETS, HAIL 4 = ICE PELLETS
TOTAL MONTH: M 5 = HAIL
GRTST 24HR M ON M 6 = FREEZING RAIN OR DRIZZLE
GRTST DEPTH: M ON M 7 = DUSTSTORM OR SANDSTORM:
VSBY 1/2 MILE OR LESS
8 = SMOKE OR HAZE
[NO. OF DAYS WITH] [WEATHER - DAYS WITH] 9 = BLOWING SNOW
X = TORNADO
MAX 32 OR BELOW: 0 0.01 INCH OR MORE: 13
MAX 90 OR ABOVE: 0 0.10 INCH OR MORE: 9
MIN 32 OR BELOW: 18 0.50 INCH OR MORE: 0
MIN 0 OR BELOW: 0 1.00 INCH OR MORE: 0
[HDD (BASE 65) ]
TOTAL THIS MO. 825 CLEAR (SCALE 0-3) 10
DPTR FM NORMAL -265 PTCLDY (SCALE 4-7) 8
TOTAL FM JUL 1 1861 CLOUDY (SCALE 8-10) 13
DPTR FM NORMAL -382
[CDD (BASE 65) ]
TOTAL THIS MO. 0
DPTR FM NORMAL 0 [PRESSURE DATA]
TOTAL FM JAN 1 1035 HIGHEST SLP 30.72 ON 13
DPTR FM NORMAL -48 LOWEST SLP 29.60 ON 9
[REMARKS]
#FINAL-12-23#
===================================================================
NOTE: SUPPLEMENTAL CLIMATE DATA WAS USED FROM A NEARBY
CLIMATOLOGICALLY REPRESENTATIVE STATION.
===================================================================
PARAMETER DATE
--------- ----
PCPN 12/28