000
CXUS53 KDVN 011425
CLMBRL
CLIMATE REPORT
NATIONAL WEATHER SERVICE QUAD CITIES IA IL
825 AM CST FRI MAR 01 2024
...................................
...THE BURLINGTON IA CLIMATE SUMMARY FOR THE MONTH OF FEBRUARY 2024...
CLIMATE NORMAL PERIOD 1991 TO 2020
CLIMATE RECORD PERIOD 1897 TO 2024
WEATHER OBSERVED NORMAL DEPART LAST YEAR`S
VALUE DATE(S) VALUE FROM VALUE
NORMAL
..............................................................
TEMPERATURE (F)
RECORD
HIGH 77 02/27/2024
LOW -27 02/13/1905
HIGHEST 77R 02/27 44 33
LOWEST 8 02/17 18 -10
AVG. MAXIMUM 52.4 37.2 15.2
AVG. MINIMUM 27.9 20.5 7.4
MEAN 40.1 28.8 11.3
DAYS MAX >= 90 0
DAYS MAX <= 32 2
DAYS MIN <= 32 20
DAYS MIN <= 0 0
PRECIPITATION (INCHES)
TOTALS 0.11R 1.69 -1.58
DAILY AVG. 0.00
DAYS >= .01 2
DAYS >= .10 1
DAYS >= .50 0
DAYS >= 1.00 0
GREATEST
24 HR. TOTAL 0.10 02/16 TO 02/16
DEGREE DAYS
HEATING TOTAL 713 1012 -299
SINCE 7/1 3856 4579 -723
COOLING TOTAL 0 0 0
SINCE 1/1 0 0 0
..............................................................
WIND (MPH)
AVERAGE WIND SPEED 9.2
HIGHEST WIND SPEED/DIRECTION 33/220 DATE 02/08
HIGHEST GUST SPEED/DIRECTION 49/220 DATE 02/08
SKY COVER
AVERAGE SKY COVER 0.15
NUMBER OF DAYS FAIR 25
NUMBER OF DAYS PC 3
NUMBER OF DAYS CLOUDY 1
AVERAGE RH (PERCENT) 63
WEATHER CONDITIONS. NUMBER OF DAYS WITH
THUNDERSTORM 1 HAIL 0
SLEET 0 FOG 7
FOG W/VIS <= 1/4 MILE 0 HAZE 4
- INDICATES NEGATIVE NUMBERS.
R INDICATES RECORD WAS SET OR TIED.
MM INDICATES DATA IS MISSING.
T INDICATES TRACE AMOUNT.
$$
===================================================================
NOTE: SUPPLEMENTAL CLIMATE DATA WAS USED FROM A NEARBY
CLIMATOLOGICALLY REPRESENTATIVE STATION.
===================================================================
BRL
PARAMETER DATE
--------- ----
WTR 02/10