000
CXUS54 KBRO 010800
CF6BRO
PRELIMINARY LOCAL CLIMATOLOGICAL DATA (WS FORM: F-6)
STATION: BROWNSVILLE
MONTH: OCTOBER
YEAR: 2022
LATITUDE: 25 53 N
LONGITUDE: 97 26 W
TEMPERATURE IN F: :PCPN: SNOW: WIND :SUNSHINE: SKY :PK WND
================================================================================
1 2 3 4 5 6A 6B 7 8 9 10 11 12 13 14 15 16 17 18
12Z AVG MX 2MIN
DY MAX MIN AVG DEP HDD CDD WTR SNW DPTH SPD SPD DIR MIN PSBL S-S WX SPD DR
================================================================================
1 87 68 78 -3 0 13 0.00 0.0 0 4.4 15 40 M M 1 22 30
2 90 67 79 -2 0 14 0.00 0.0 0 5.4 15 30 M M 3 25 80
3 88 67 78 -3 0 13 0.00 0.0 0 4.6 14 50 M M 0 18 60
4 88 70 79 -1 0 14 0.00 0.0 0 3.9 12 90 M M 3 16 70
5 90 67 79 -1 0 14 0.00 0.0 0 3.8 15 50 M M 1 20 50
6 90 69 80 0 0 15 0.00 0.0 0 4.8 16 30 M M 2 22 30
7 87 73 80 0 0 15 T 0.0 0 6.9 17 30 M M 2 24 40
8 89 72 81 1 0 16 0.00 0.0 0 6.5 17 40 M M 2 25 50
9 89 71 80 0 0 15 0.01 0.0 0 7.2 20 90 M M 3 28 100
10 90 67 79 0 0 14 0.02 0.0 0 7.1 17 50 M M 3 26 50
11 92 70 81 2 0 16 0.00 0.0 0 5.3 17 70 M M 2 23 60
12 93 73 83 4 0 18 0.00 0.0 0 4.7 15 80 M M 2 1 23 80
13 94 74 84 5 0 19 0.00 0.0 0 5.3 16 70 M M 1 1 22 70
14 93 73 83 5 0 18 0.00 0.0 0 6.1 15 120 M M 6 23 80
15 93 73 83 5 0 18 0.00 0.0 0 7.8 17 110 M M 2 27 130
16 94 73 84 6 0 19 0.00 0.0 0 8.5 18 130 M M 1 25 130
17 95 76 86 8 0 21 0.80 0.0 0 7.8 24 40 M M 5 13 34 30
18 77 54 66 -12 0 1 0.02 0.0 0 13.6 26 330 M M 10 39 310
19 77 54 66 -11 0 1 0.00 0.0 0 7.8 17 350 M M 0 27 340
20 84 52 68 -9 0 3 0.00 0.0 0 5.6 17 120 M M 0 24 120
21 86 58 72 -5 0 7 0.00 0.0 0 6.9 18 150 M M 1 24 160
22 89 66 78 1 0 13 0.00 0.0 0 11.7 25 150 M M 3 33 150
23 91 70 81 5 0 16 T 0.0 0 16.5 31 170 M M 3 41 170
24 90 80 85 9 0 20 0.00 0.0 0 19.0 30 150 M M 8 40 170
25 82 62 72 -4 0 7 0.03 0.0 0 10.3 23 330 M M 5 33 340
26 85 61 73 -3 0 8 0.00 0.0 0 6.6 17 70 M M 3 25 50
27 86 66 76 1 0 11 T 0.0 0 9.4 18 110 M M 4 25 130
28 89 65 77 2 0 12 T 0.0 0 10.7 21 330 M M 4 18 32 350
29 82 55 69 -6 0 4 0.00 0.0 0 6.6 16 290 M M 0 24 300
30 81 54 68 -7 0 3 0.00 0.0 0 3.5 12 90 M M 7 17 120
31 82 68 75 1 0 10 1.42 0.0 0 9.7 18 80 M M 10 13 28 80
================================================================================
SM 2723 2068 0 388 2.30 0.0 238.0 M 97
================================================================================
AV 87.8 66.7 7.7 FASTST M M 3 MAX(MPH)
MISC ----> 31 170 41 170
================================================================================
NOTES:
# LAST OF SEVERAL OCCURRENCES
COLUMN 17 PEAK WIND IN M.P.H.
PRELIMINARY LOCAL CLIMATOLOGICAL DATA (WS FORM: F-6) , PAGE 2
STATION: BROWNSVILLE
MONTH: OCTOBER
YEAR: 2022
LATITUDE: 25 53 N
LONGITUDE: 97 26 W
[TEMPERATURE DATA] [PRECIPITATION DATA] SYMBOLS USED IN COLUMN 16
AVERAGE MONTHLY: 77.3 TOTAL FOR MONTH: 2.30 1 = FOG OR MIST
DPTR FM NORMAL: -0.6 DPTR FM NORMAL: -1.53 2 = FOG REDUCING VISIBILITY
HIGHEST: 95 ON 17 GRTST 24HR 1.42 ON 31-31 TO 1/4 MILE OR LESS
LOWEST: 52 ON 20 3 = THUNDER
SNOW, ICE PELLETS, HAIL 4 = ICE PELLETS
TOTAL MONTH: 0.0 INCH 5 = HAIL
GRTST 24HR 0.0 6 = FREEZING RAIN OR DRIZZLE
GRTST DEPTH: 0 7 = DUSTSTORM OR SANDSTORM:
VSBY 1/2 MILE OR LESS
8 = SMOKE OR HAZE
[NO. OF DAYS WITH] [WEATHER - DAYS WITH] 9 = BLOWING SNOW
X = TORNADO
MAX 32 OR BELOW: 0 0.01 INCH OR MORE: 6
MAX 90 OR ABOVE: 13 0.10 INCH OR MORE: 2
MIN 32 OR BELOW: 0 0.50 INCH OR MORE: 2
MIN 0 OR BELOW: 0 1.00 INCH OR MORE: 1
[HDD (BASE 65) ]
TOTAL THIS MO. 0 CLEAR (SCALE 0-3) 19
DPTR FM NORMAL -5 PTCLDY (SCALE 4-7) 9
TOTAL FM JUL 1 0 CLOUDY (SCALE 8-10) 3
DPTR FM NORMAL 0
[CDD (BASE 65) ]
TOTAL THIS MO. 388
DPTR FM NORMAL -18 [PRESSURE DATA]
TOTAL FM JAN 1 4340 HIGHEST SLP M ON M
DPTR FM NORMAL 112 LOWEST SLP 29.68 ON 24
[REMARKS]
#FINAL-10-22#