000
CXUS53 KGRR 011017
CF6BTL
PRELIMINARY LOCAL CLIMATOLOGICAL DATA (WS FORM: F-6)
STATION: BATTLE CREEK
MONTH: OCTOBER
YEAR: 2020
LATITUDE: 42 17 N
LONGITUDE: 85 14 W
TEMPERATURE IN F: :PCPN: SNOW: WIND :SUNSHINE: SKY :PK WND
================================================================================
1 2 3 4 5 6A 6B 7 8 9 10 11 12 13 14 15 16 17 18
12Z AVG MX 2MIN
DY MAX MIN AVG DEP HDD CDD WTR SNW DPTH SPD SPD DIR MIN PSBL S-S WX SPD DR
================================================================================
1 56 43 50 -5 15 0 0.19 M M 8.3 21 300 M M 4 13 29 290
2 53 37 45 -10 20 0 T M M 5.3 13 250 M M 6 18 240
3 54 35 45 -9 20 0 T M M 3.0 10 220 M M 7 13 180
4 57 40 49 -5 16 0 0.02 M M 6.0 16 330 M M 8 1 23 310
5 59 34 47 -7 18 0 0.00 M M 6.7 18 210 M M 2 12 25 190
6 69 47 58 5 7 0 0.00 M M 11.8 18 230 M M 0 25 240
7 71 44 58 5 7 0 0.00 M M 11.7 26 290 M M 1 36 310
8 69 41 55 2 10 0 0.00 M M 5.8 20 310 M M 0 26 300
9 80 40 60 8 5 0 0.00 M M 9.3 22 190 M M 0 31 220
10 74 53 64 12 1 0 0.00 M M 10.5 17 240 M M 4 23 240
11 70 52 61 9 4 0 0.00 M M 8.1 14 110 M M 4 20 110
12 70 46 58 7 7 0 0.38 M M 11.3 29 270 M M 7 13 40 280
13 66 43 55 4 10 0 0.00 M M 9.4 21 220 M M 0 28 200
14 68 39 54 3 11 0 T M M 10.4 23 250 M M 2 34 260
15 62 33 48 -2 17 0 0.01 M M 11.6 25 290 M M 7 35 300
16 56 29 43 -7 22 0 T M M 8.7 30 230 M M 3 39 240
17 56 32 44 -6 21 0 T M M 10.3 24 180 M M 5 34 170
18 55 39 47 -2 18 0 0.08 M M 10.1 22 180 M M 9 1 30 180
19 50 39 45 -4 20 0 T M M 2.8 14 20 M M 8 18 20 20
20 53 36 45 -4 20 0 0.19 M M 7.3 20 110 M M 4 3 30 120
21 55 46 51 3 14 0 0.04 M M 9.7 23 260 M M 5 3 31 270
22 67 46 57 9 8 0 0.93 M M 9.0 18 180 M M 6 13 24 180
23 71 41 56 8 9 0 0.12 M M 14.8 26 250 M M 6 138 33 250
24 50 31 41 -7 24 0 0.00 M M 5.6 15 330 M M 3 19 330
25 47 33 40 -7 25 0 0.00 M M 4.9 12 40 M M 7 18 40
26 46 39 43 -4 22 0 T M M 6.8 14 310 M M 10 18 360
27 40 38 39 -8 26 0 0.05 M M 4.3 8 210 M M 10 1 11 220
28 51 35 43 -3 22 0 0.00 M M 9.1 18 210 M M 2 22 210
29 48 38 43 -3 22 0 T M M 9.1 22 40 M M 5 1 31 50
30 39 35 37 -9 28 0 0.00 M M 6.6 14 30 M M 10 18 20
31 53 29 41 -4 24 0 0.00 M M 12.0 24 170 M M 2 31 170
================================================================================
SM 1815 1213 493 0 2.01 M 260.3 M 147
================================================================================
AV 58.6 39.1 8.4 FASTST M M 5 MAX(MPH)
MISC ----> # 30 230 # 40 280
================================================================================
NOTES:
# LAST OF SEVERAL OCCURRENCES
COLUMN 17 PEAK WIND IN M.P.H.
PRELIMINARY LOCAL CLIMATOLOGICAL DATA (WS FORM: F-6) , PAGE 2
STATION: BATTLE CREEK
MONTH: OCTOBER
YEAR: 2020
LATITUDE: 42 17 N
LONGITUDE: 85 14 W
[TEMPERATURE DATA] [PRECIPITATION DATA] SYMBOLS USED IN COLUMN 16
AVERAGE MONTHLY: 48.8 TOTAL FOR MONTH: 2.01 1 = FOG OR MIST
DPTR FM NORMAL: -1.4 DPTR FM NORMAL: -1.13 2 = FOG REDUCING VISIBILITY
HIGHEST: 80 ON 9 GRTST 24HR 0.93 ON 22-22 TO 1/4 MILE OR LESS
LOWEST: 29 ON 31,16 3 = THUNDER
SNOW, ICE PELLETS, HAIL 4 = ICE PELLETS
TOTAL MONTH: M 5 = HAIL
GRTST 24HR M ON M 6 = FREEZING RAIN OR DRIZZLE
GRTST DEPTH: M ON M 7 = DUSTSTORM OR SANDSTORM:
VSBY 1/2 MILE OR LESS
8 = SMOKE OR HAZE
[NO. OF DAYS WITH] [WEATHER - DAYS WITH] 9 = BLOWING SNOW
X = TORNADO
MAX 32 OR BELOW: 0 0.01 INCH OR MORE: 10
MAX 90 OR ABOVE: 0 0.10 INCH OR MORE: 5
MIN 32 OR BELOW: 4 0.50 INCH OR MORE: 1
MIN 0 OR BELOW: 0 1.00 INCH OR MORE: 0
[HDD (BASE 65) ]
TOTAL THIS MO. 493 CLEAR (SCALE 0-3) 11
DPTR FM NORMAL 28 PTCLDY (SCALE 4-7) 16
TOTAL FM JUL 1 613 CLOUDY (SCALE 8-10) 4
DPTR FM NORMAL -49
[CDD (BASE 65) ]
TOTAL THIS MO. 0
DPTR FM NORMAL -5 [PRESSURE DATA]
TOTAL FM JAN 1 864 HIGHEST SLP 30.40 ON 31
DPTR FM NORMAL 286 LOWEST SLP 29.54 ON 14
[REMARKS]
#FINAL-10-20#