000
CXUS53 KGRR 011017
CF6BTL
PRELIMINARY LOCAL CLIMATOLOGICAL DATA (WS FORM: F-6)
STATION: BATTLE CREEK
MONTH: AUGUST
YEAR: 2020
LATITUDE: 42 17 N
LONGITUDE: 85 14 W
TEMPERATURE IN F: :PCPN: SNOW: WIND :SUNSHINE: SKY :PK WND
================================================================================
1 2 3 4 5 6A 6B 7 8 9 10 11 12 13 14 15 16 17 18
12Z AVG MX 2MIN
DY MAX MIN AVG DEP HDD CDD WTR SNW DPTH SPD SPD DIR MIN PSBL S-S WX SPD DR
================================================================================
1 80 63 72 2 0 7 0.03 M M 6.5 12 80 M M 4 1 17 60
2 78 64 71 1 0 6 1.66 M M 7.4 16 290 M M 9 1 22 290
3 81 62 72 2 0 7 0.54 M M 6.4 22 280 M M 6 12 30 360
4 73 55 64 -6 1 0 0.01 M M 8.6 18 290 M M 6 1 25 280
5 76 50 63 -7 2 0 0.00 M M 4.2 13 290 M M 2 19 300
6 79 53 66 -4 0 1 0.00 M M 1.8 9 80 M M 2 14 110
7 80 54 67 -3 0 2 0.00 M M 2.8 12 120 M M 0 17 190
8 83 56 70 0 0 5 0.00 M M 6.1 16 180 M M 0 23 180
9 88 66 77 7 0 12 0.00 M M 8.1 16 190 M M 2 23 180
10 89 69 79 9 0 14 0.12 M M 10.6 43 260 M M 3 13 60 250
11 83 63 73 3 0 8 T M M 7.7 15 270 M M 4 22 260
12 85 59 72 2 0 7 0.00 M M 2.1 10 170 M M 0 15 160
13 86 57 72 2 0 7 0.00 M M 4.0 13 120 M M 0 21 80
14 89 62 76 6 0 11 0.00 M M 6.0 17 90 M M 1 26 40
15 89 63 76 6 0 11 0.01 M M 3.9 16 250 M M 2 3 19 250
16 83 62 73 3 0 8 T M M 7.3 16 350 M M 4 22 350
17 83 60 72 3 0 7 T M M 6.4 18 320 M M 1 26 280
18 78 57 68 -1 0 3 0.00 M M 7.6 16 20 M M 1 23 10
19 80 50 65 -4 0 0 0.00 M M 3.4 14 40 M M 0 20 360
20 85 56 71 2 0 6 0.00 M M 5.3 12 250 M M 0 18 240
21 87 60 74 5 0 9 0.00 M M 4.4 12 270 M M 0 16 250
22 88 61 75 6 0 10 0.00 M M 3.5 13 180 M M 0 20 200
23 88 64 76 7 0 11 0.00 M M 6.3 16 200 M M 1 22 240
24 92 67 80 11 0 15 0.00 M M 6.9 16 260 M M 1 8 22 310
25 85 72 79 11 0 14 0.02 M M 7.0 15 10 M M 3 20 20
26 93 67 80 12 0 15 0.00 M M 8.0 21 240 M M 3 8 28 240
27 94 74 84 16 0 19 0.00 M M 11.5 22 300 M M 1 30 290
28 88 66 77 9 0 12 1.24 M M 8.2 31 320 M M 6 13 43 310
29 79 60 70 2 0 5 0.01 M M 11.5 24 310 M M 4 3 33 310
30 76 53 65 -2 0 0 0.00 M M 5.9 14 10 M M 2 17 350
31 81 58 70 3 0 5 0.00 M M 6.0 16 190 M M 1 22 170
================================================================================
SM 2599 1883 3 237 3.64 M 195.4 M 69
================================================================================
AV 83.8 60.7 6.3 FASTST M M 2 MAX(MPH)
MISC ----> # 43 260 # 60 250
================================================================================
NOTES:
# LAST OF SEVERAL OCCURRENCES
COLUMN 17 PEAK WIND IN M.P.H.
PRELIMINARY LOCAL CLIMATOLOGICAL DATA (WS FORM: F-6) , PAGE 2
STATION: BATTLE CREEK
MONTH: AUGUST
YEAR: 2020
LATITUDE: 42 17 N
LONGITUDE: 85 14 W
[TEMPERATURE DATA] [PRECIPITATION DATA] SYMBOLS USED IN COLUMN 16
AVERAGE MONTHLY: 72.3 TOTAL FOR MONTH: 3.64 1 = FOG OR MIST
DPTR FM NORMAL: 3.1 DPTR FM NORMAL: 0.17 2 = FOG REDUCING VISIBILITY
HIGHEST: 94 ON 27 GRTST 24HR 1.66 ON 2- 2 TO 1/4 MILE OR LESS
LOWEST: 50 ON 19, 5 3 = THUNDER
SNOW, ICE PELLETS, HAIL 4 = ICE PELLETS
TOTAL MONTH: M 5 = HAIL
GRTST 24HR M ON M 6 = FREEZING RAIN OR DRIZZLE
GRTST DEPTH: M ON M 7 = DUSTSTORM OR SANDSTORM:
VSBY 1/2 MILE OR LESS
8 = SMOKE OR HAZE
[NO. OF DAYS WITH] [WEATHER - DAYS WITH] 9 = BLOWING SNOW
X = TORNADO
MAX 32 OR BELOW: 0 0.01 INCH OR MORE: 9
MAX 90 OR ABOVE: 3 0.10 INCH OR MORE: 4
MIN 32 OR BELOW: 0 0.50 INCH OR MORE: 3
MIN 0 OR BELOW: 0 1.00 INCH OR MORE: 2
[HDD (BASE 65) ]
TOTAL THIS MO. 3 CLEAR (SCALE 0-3) 23
DPTR FM NORMAL -23 PTCLDY (SCALE 4-7) 7
TOTAL FM JUL 1 3 CLOUDY (SCALE 8-10) 1
DPTR FM NORMAL -38
[CDD (BASE 65) ]
TOTAL THIS MO. 237
DPTR FM NORMAL 80 [PRESSURE DATA]
TOTAL FM JAN 1 824 HIGHEST SLP 30.20 ON 8
DPTR FM NORMAL 306 LOWEST SLP 29.59 ON 29
[REMARKS]
#FINAL-08-20#