000
CXAK56 PAFG 010954
CF6BTT
PRELIMINARY LOCAL CLIMATOLOGICAL DATA (WS FORM: F-6)
STATION: BETTLES AK
MONTH: OCTOBER
YEAR: 2021
LATITUDE: 66 55 N
LONGITUDE: 151 31 W
TEMPERATURE IN F: :PCPN: SNOW: WIND :SUNSHINE: SKY :PK WND
================================================================================
1 2 3 4 5 6A 6B 7 8 9 10 11 12 13 14 15 16 17 18
12Z AVG MX 2MIN
DY MAX MIN AVG DEP HDD CDD WTR SNW DPTH SPD SPD DIR MIN PSBL S-S WX SPD DR
================================================================================
1 38 29 34 1 31 0 T M M 6.0 14 10 M M 9 18 20
2 45 27 36 4 29 0 0.00 M M 7.4 16 20 M M 4 23 20
3 41 16 29 -3 36 0 0.00 M M 2.2 7 320 M M 3 10 330
4 35 27 31 0 34 0 0.00 M M 0.5 5 40 M M 9 M M
5 39 29 34 4 31 0 0.09 M M 1.2 9 120 M M 10 1 13 120
6 39 31 35 5 30 0 0.17 M 2 4.3 10 50 M M 10 1 16 30
7 36 32 34 5 31 0 0.19 M 2 1.2 6 30 M M 10 1 9 10
8 40 32 36 8 29 0 T M 2 8.8 16 40 M M 9 1 23 40
9 37 24 31 3 34 0 T M M 4.5 10 20 M M 7 13 20
10 29 15 22 -5 43 0 0.00 M 2 2.9 7 10 M M 5 10 350
11 35 23 29 3 36 0 0.00 M 2 7.8 13 40 M M 8 21 40
12 38 22 30 5 35 0 0.00 M 2 4.0 12 30 M M 7 16 30
13 29 24 27 3 38 0 0.00 M 2 1.7 9 20 M M 9 12 20
14 29 23 26 3 39 0 T M 2 5.8 9 10 M M 10 1 M M
15 28 19 24 2 41 0 0.03 M 2 4.7 8 330 M M 10 1 11 330
16 28 22 25 3 40 0 0.11 M 3 1.1 6 30 M M 10 1 7 40
17 30 11 21 0 44 0 0.00 M 4 4.7 9 40 M M 8 12 30
18 20 12 16 -4 49 0 T M 4 6.5 12 360 M M 7 17 360
19 33 10 22 3 43 0 T M 3 7.9 10 50 M M 6 20 60
20 38 19 29 11 36 0 0.00 M 3 2.7 8 10 M M 7 11 10
21 31 24 28 11 37 0 0.22 M 3 2.9 8 330 M M 10 15 11 330
22 34 21 28 12 37 0 0.00 M 5 5.4 12 20 M M 7 15 20
23 35 30 33 18 32 0 T M 5 4.5 12 30 M M 10 15 30
24 33 28 31 17 34 0 0.01 M 4 2.3 7 320 M M 9 1 8 320
25 31 28 30 16 35 0 0.16 M 5 1.7 7 190 M M 10 1 10 160
26 28 20 24 11 41 0 T M 7 3.2 7 170 M M 10 16 10 170
27 21 14 18 6 47 0 0.08 M 7 0.3 5 200 M M 10 1 6 170
28 21 11 16 5 49 0 0.01 M 8 1.2 8 360 M M 10 1 10 350
29 24 20 22 12 43 0 0.19 M 8 3.7 9 20 M M 10 1 13 10
30 33 18 26 17 39 0 0.04 M 12 8.6 14 40 M M 9 1 20 20
31 38 26 32 23 33 0 0.00 M 11 5.0 14 30 M M 9 21 40
================================================================================
SM 1016 687 1156 0 1.30 M 124.7 M 262
================================================================================
AV 32.8 22.2 4.0 FASTST M M 8 MAX(MPH)
MISC ----> # 16 20 # 23 20
================================================================================
NOTES:
# LAST OF SEVERAL OCCURRENCES
COLUMN 17 PEAK WIND IN M.P.H.
PRELIMINARY LOCAL CLIMATOLOGICAL DATA (WS FORM: F-6) , PAGE 2
STATION: BETTLES AK
MONTH: OCTOBER
YEAR: 2021
LATITUDE: 66 55 N
LONGITUDE: 151 31 W
[TEMPERATURE DATA] [PRECIPITATION DATA] SYMBOLS USED IN COLUMN 16
AVERAGE MONTHLY: 27.5 TOTAL FOR MONTH: 1.30 1 = FOG OR MIST
DPTR FM NORMAL: 6.2 DPTR FM NORMAL: 0.13 2 = FOG REDUCING VISIBILITY
HIGHEST: 45 ON 2 GRTST 24HR 0.30 ON 6- 7 TO 1/4 MILE OR LESS
LOWEST: 10 ON 19 3 = THUNDER
SNOW, ICE PELLETS, HAIL 4 = ICE PELLETS
TOTAL MONTH: M 5 = HAIL
GRTST 24HR M ON M 6 = FREEZING RAIN OR DRIZZLE
GRTST DEPTH: 12 ON 30 7 = DUSTSTORM OR SANDSTORM:
VSBY 1/2 MILE OR LESS
8 = SMOKE OR HAZE
[NO. OF DAYS WITH] [WEATHER - DAYS WITH] 9 = BLOWING SNOW
X = TORNADO
MAX 32 OR BELOW: 13 0.01 INCH OR MORE: 12
MAX 90 OR ABOVE: 0 0.10 INCH OR MORE: 6
MIN 32 OR BELOW: 31 0.50 INCH OR MORE: 0
MIN 0 OR BELOW: 0 1.00 INCH OR MORE: 0
[HDD (BASE 65) ]
TOTAL THIS MO. 1156 CLEAR (SCALE 0-3) 0
DPTR FM NORMAL -197 PTCLDY (SCALE 4-7) 11
TOTAL FM JUL 1 2465 CLOUDY (SCALE 8-10) 20
DPTR FM NORMAL -166
[CDD (BASE 65) ]
TOTAL THIS MO. 0
DPTR FM NORMAL 0 [PRESSURE DATA]
TOTAL FM JAN 1 38 HIGHEST SLP M ON M
DPTR FM NORMAL 3 LOWEST SLP 29.06 ON 22
[REMARKS]
#FINAL-10-21#