000
CXUS51 KBTV 010700
CF6BTV
PRELIMINARY LOCAL CLIMATOLOGICAL DATA (WS FORM: F-6)
STATION: BURLINGTON VT
MONTH: AUGUST
YEAR: 2020
LATITUDE: 44 28 N
LONGITUDE: 73 9 W
TEMPERATURE IN F: :PCPN: SNOW: WIND :SUNSHINE: SKY :PK WND
================================================================================
1 2 3 4 5 6A 6B 7 8 9 10 11 12 13 14 15 16 17 18
12Z AVG MX 2MIN
DY MAX MIN AVG DEP HDD CDD WTR SNW DPTH SPD SPD DIR MIN PSBL S-S WX SPD DR
================================================================================
1 88 62 75 5 0 10 0.00 0.0 0 4.1 10 310 M M 3 13 30
2 86 69 78 8 0 13 1.31 0.0 0 7.8 23 260 M M 8 13 33 270
3 81 67 74 4 0 9 0.00 0.0 0 8.6 20 210 M M 5 30 220
4 71 65 68 -2 0 3 2.50 0.0 0 9.1 29 330 M M 8 1 39 320
5 82 62 72 2 0 7 0.13 0.0 0 9.5 16 270 M M 5 24 280
6 81 55 68 -2 0 3 0.00 0.0 0 5.4 13 290 M M 2 17 290
7 82 58 70 0 0 5 0.00 0.0 0 3.1 10 190 M M 4 14 190
8 87 61 74 4 0 9 0.00 0.0 0 3.0 8 360 M M 3 12 10
9 85 66 76 6 0 11 T 0.0 0 4.0 16 300 M M 7 21 310
10 90 68 79 9 0 14 0.16 0.0 0 4.5 23 340 M M 6 138 30 350
11 92 71 82 12 0 17 1.15 0.0 0 11.1 36 240 M M 3 138 51 220
12 88 67 78 8 0 13 0.00 0.0 M 3.9 10 350 M M 4 16 300
13 87 63 75 6 0 10 0.00 0.0 M 2.6 10 330 M M 4 14 360
14 84 62 73 4 0 8 0.00 0.0 0 5.3 18 320 M M 2 1 22 310
15 86 58 72 3 0 7 0.00 0.0 0 3.8 12 130 M M 3 14 350
16 83 63 73 4 0 8 0.00 0.0 0 7.3 15 190 M M 3 21 130
17 76 62 69 0 0 4 0.05 0.0 0 4.9 14 200 M M 5 3 18 190
18 80 59 70 1 0 5 0.24 0.0 0 4.4 21 70 M M 6 3 28 70
19 75 56 66 -3 0 1 0.02 0.0 0 4.3 20 330 M M 5 24 330
20 77 51 64 -4 1 0 0.00 0.0 0 2.9 10 190 M M 4 13 190
21 78 65 72 4 0 7 0.03 0.0 0 6.7 17 190 M M 8 24 180
22 81 62 72 4 0 7 0.00 0.0 0 3.8 15 340 M M 6 1 19 330
23 87 59 73 5 0 8 0.08 0.0 0 3.2 10 180 M M 5 13 13 180
24 85 68 77 9 0 12 0.18 0.0 M 5.6 21 220 M M 6 13 30 210
25 83 62 73 5 0 8 0.00 0.0 M 13.8 29 320 M M 6 37 330
26 70 52 61 -6 4 0 0.00 0.0 M 11.5 23 340 M M 5 28 340
27 66 48 57 -10 8 0 T M M 3.2 12 190 M M 7 16 190
28 77 60 69 2 0 4 0.00 0.0 0 4.1 13 360 M M 6 16 280
29 76 59 68 1 0 3 0.76 0.0 0 9.9 28 310 M M 8 1 34 310
30 71 60 66 0 0 1 T 0.0 0 12.1 24 330 M M 8 32 310
31 74 53 64 -2 1 0 0.00 0.0 0 2.9 9 260 M M 4 12 260
================================================================================
SM 2509 1893 14 207 6.61 0.0 186.4 M 159
================================================================================
AV 80.9 61.1 6.0 FASTST M M 5 MAX(MPH)
MISC ----> 36 240 51 220
================================================================================
NOTES:
# LAST OF SEVERAL OCCURRENCES
COLUMN 17 PEAK WIND IN M.P.H.
PRELIMINARY LOCAL CLIMATOLOGICAL DATA (WS FORM: F-6) , PAGE 2
STATION: BURLINGTON VT
MONTH: AUGUST
YEAR: 2020
LATITUDE: 44 28 N
LONGITUDE: 73 9 W
[TEMPERATURE DATA] [PRECIPITATION DATA] SYMBOLS USED IN COLUMN 16
AVERAGE MONTHLY: 71.0 TOTAL FOR MONTH: 6.61 1 = FOG OR MIST
DPTR FM NORMAL: 2.2 DPTR FM NORMAL: 2.70 2 = FOG REDUCING VISIBILITY
HIGHEST: 92 ON 11 GRTST 24HR 2.50 ON 4- 4 TO 1/4 MILE OR LESS
LOWEST: 48 ON 27 3 = THUNDER
SNOW, ICE PELLETS, HAIL 4 = ICE PELLETS
TOTAL MONTH: 0.0 INCH 5 = HAIL
GRTST 24HR 0.0 6 = FREEZING RAIN OR DRIZZLE
GRTST DEPTH: 0 7 = DUSTSTORM OR SANDSTORM:
VSBY 1/2 MILE OR LESS
8 = SMOKE OR HAZE
[NO. OF DAYS WITH] [WEATHER - DAYS WITH] 9 = BLOWING SNOW
X = TORNADO
MAX 32 OR BELOW: 0 0.01 INCH OR MORE: 12
MAX 90 OR ABOVE: 2 0.10 INCH OR MORE: 8
MIN 32 OR BELOW: 0 0.50 INCH OR MORE: 4
MIN 0 OR BELOW: 0 1.00 INCH OR MORE: 3
[HDD (BASE 65) ]
TOTAL THIS MO. 14 CLEAR (SCALE 0-3) 5
DPTR FM NORMAL -15 PTCLDY (SCALE 4-7) 26
TOTAL FM JUL 1 14 CLOUDY (SCALE 8-10) 0
DPTR FM NORMAL -31
[CDD (BASE 65) ]
TOTAL THIS MO. 207
DPTR FM NORMAL 62 [PRESSURE DATA]
TOTAL FM JAN 1 839 HIGHEST SLP M ON M
DPTR FM NORMAL 391 LOWEST SLP 29.31 ON 29
[REMARKS]
#FINAL-08-20#