000
CXUS56 KLOX 011155
CF6BUR
PRELIMINARY LOCAL CLIMATOLOGICAL DATA (WS FORM: F-6)
STATION: HOLLYWOOD/BURBANK AIRPORT CA
MONTH: JULY
YEAR: 2023
LATITUDE: 34 12 N
LONGITUDE: 118 22 W
TEMPERATURE IN F: :PCPN: SNOW: WIND :SUNSHINE: SKY :PK WND
================================================================================
1 2 3 4 5 6A 6B 7 8 9 10 11 12 13 14 15 16 17 18
12Z AVG MX 2MIN
DY MAX MIN AVG DEP HDD CDD WTR SNW DPTH SPD SPD DIR MIN PSBL S-S WX SPD DR
================================================================================
1 90 60 75 1 0 10 0.00 M M 6.0 14 120 M M 0 18 24 110
2 87 62 75 1 0 10 0.00 M M 6.6 13 120 M M 0 18 20 110
3 87 61 74 0 0 9 0.00 M M 6.9 14 140 M M 0 18 24 110
4 85 58 72 -2 0 7 0.00 M M 7.6 15 120 M M 2 18 26 120
5 85 58 72 -2 0 7 0.00 M M 6.9 14 180 M M 3 18 20 190
6 78 58 68 -6 0 3 0.00 M M 6.6 14 180 M M 1 18 20 200
7 78 59 69 -6 0 4 0.00 M M 6.6 15 160 M M 3 18 21 170
8 80 59 70 -5 0 5 0.00 M M 6.7 14 180 M M 2 8 20 180
9 84 60 72 -3 0 7 0.00 M M 6.3 15 180 M M 2 18 18 180
10 90 60 75 0 0 10 0.00 M M 5.0 14 190 M M 0 20 140
11 92 63 78 3 0 13 0.00 M M 4.5 13 180 M M 0 8 21 180
12 93 69 81 6 0 16 0.00 M M 4.2 13 170 M M 0 25 200
13 93 68 81 5 0 16 0.00 M M 5.8 14 170 M M 0 20 110
14 94 66 80 4 0 15 0.00 M M 5.3 13 190 M M 0 20 80
15 92 67 80 4 0 15 0.00 M M 5.8 14 110 M M 0 21 110
16 92 67 80 4 0 15 0.00 M M 6.6 15 180 M M 0 20 190
17 95 71 83 7 0 18 0.00 M M 6.4 15 180 M M 0 23 110
18 94 69 82 6 0 17 0.00 M M 6.6 14 170 M M 0 21 200
19 96 69 83 7 0 18 0.00 M M 5.7 14 160 M M 0 22 130
20 97 70 84 8 0 19 0.00 M M 6.1 14 120 M M 0 23 110
21 89 69 79 3 0 14 0.00 M M 5.7 17 120 M M 0 26 120
22 93 66 80 4 0 15 0.00 M M 6.0 15 140 M M 0 19 140
23 92 65 79 3 0 14 0.00 M M 5.8 15 120 M M 0 18 22 110
24 96 68 82 6 0 17 0.00 M M 6.0 15 180 M M 0 21 90
25 98 71 85 9 0 20 0.00 M M 6.1 13 120 M M 0 18 110
26 98 71 85 9 0 20 0.00 M M 5.8 14 170 M M 0 23 130
27 97 71 84 7 0 19 0.00 M M 6.0 14 130 M M 0 22 110
28 92 69 81 4 0 16 0.00 M M 6.0 17 180 M M 0 22 180
29 95 70 83 6 0 18 0.00 M M 5.8 16 180 M M 0 19 170
30 96 70 83 6 0 18 0.00 M M 5.9 16 110 M M 0 24 90
31 94 72 83 6 0 18 0.00 M M 6.3 17 130 M M 1 8 30 110
================================================================================
SM 2822 2036 0 423 0.00 M 187.6 M 14
================================================================================
AV 91.0 65.7 6.1 FASTST M M 0 MAX(MPH)
MISC ----> # 17 120 30 110
================================================================================
NOTES:
# LAST OF SEVERAL OCCURRENCES
COLUMN 17 PEAK WIND IN M.P.H.
PRELIMINARY LOCAL CLIMATOLOGICAL DATA (WS FORM: F-6) , PAGE 2
STATION: HOLLYWOOD/BURBANK AIRPORT CA
MONTH: JULY
YEAR: 2023
LATITUDE: 34 12 N
LONGITUDE: 118 22 W
[TEMPERATURE DATA] [PRECIPITATION DATA] SYMBOLS USED IN COLUMN 16
AVERAGE MONTHLY: 78.4 TOTAL FOR MONTH: 0.00 1 = FOG OR MIST
DPTR FM NORMAL: 2.8 DPTR FM NORMAL: -0.01 2 = FOG REDUCING VISIBILITY
HIGHEST: 98 ON 26,25 GRTST 24HR 0.00 ON 1- 1 TO 1/4 MILE OR LESS
LOWEST: 58 ON 6, 5 3 = THUNDER
SNOW, ICE PELLETS, HAIL 4 = ICE PELLETS
TOTAL MONTH: M 5 = HAIL
GRTST 24HR M ON M 6 = FREEZING RAIN OR DRIZZLE
GRTST DEPTH: M ON M 7 = DUSTSTORM OR SANDSTORM:
VSBY 1/2 MILE OR LESS
8 = SMOKE OR HAZE
[NO. OF DAYS WITH] [WEATHER - DAYS WITH] 9 = BLOWING SNOW
X = TORNADO
MAX 32 OR BELOW: 0 0.01 INCH OR MORE: 0
MAX 90 OR ABOVE: 22 0.10 INCH OR MORE: 0
MIN 32 OR BELOW: 0 0.50 INCH OR MORE: 0
MIN 0 OR BELOW: 0 1.00 INCH OR MORE: 0
[HDD (BASE 65) ]
TOTAL THIS MO. 0 CLEAR (SCALE 0-3) 29
DPTR FM NORMAL 0 PTCLDY (SCALE 4-7) 2
TOTAL FM JUL 1 0 CLOUDY (SCALE 8-10) 0
DPTR FM NORMAL 0
[CDD (BASE 65) ]
TOTAL THIS MO. 423
DPTR FM NORMAL 95 [PRESSURE DATA]
TOTAL FM JAN 1 534 HIGHEST SLP 29.97 ON 24
DPTR FM NORMAL -111 LOWEST SLP 29.75 ON 22
[REMARKS]
#FINAL-07-23#