000
CXUS54 KLZK 011130
CF6BVX
PRELIMINARY LOCAL CLIMATOLOGICAL DATA (WS FORM: F-6)
STATION: BATESVILLE REGIONAL AIRPORT
MONTH: MAY
YEAR: 2021
LATITUDE: 35 43 N
LONGITUDE: 91 39 W
TEMPERATURE IN F: :PCPN: SNOW: WIND :SUNSHINE: SKY :PK WND
================================================================================
1 2 3 4 5 6A 6B 7 8 9 10 11 12 13 14 15 16 17 18
12Z AVG MX 2MIN
DY MAX MIN AVG DEP HDD CDD WTR SNW DPTH SPD SPD DIR MIN PSBL S-S WX SPD DR
================================================================================
1 81 50 66 2 0 1 0.00 M M 4.4 13 140 M M 0 17 150
2 69 61 65 1 0 0 0.08 0.0 M 5.8 9 140 M M 9 1 M M
3 82 59 71 7 0 6 0.01 M M 4.7 13 220 M M 6 1 20 220
4 78 51 65 0 0 0 1.13 0.0 0 5.5 28 260 M M 7 13 46 280
5 73 47 60 -5 5 0 0.00 0.0 0 4.7 8 280 M M 0 M M
6 78 47 63 -2 2 0 0.00 0.0 0 5.4 12 310 M M 1 22 290
7 74 44 59 -7 6 0 T 0.0 0 4.0 10 270 M M 3 M M
8 81 55 68 2 0 3 0.09 0.0 0 7.0 13 150 M M 3 18 180
9 75 54 65 -1 0 0 0.04 M M 8.2 18 210 M M 8 1 31 210
10 66 51 59 -7 6 0 0.00 M M 5.6 10 80 M M 8 M M
11 67 50 59 -8 6 0 0.33 M M 5.8 12 50 M M 9 1 21 70
12 68 50 59 -8 6 0 0.00 M M 7.5 13 90 M M 6 18 90
13 71 42 57 -10 8 0 0.00 M M 4.7 12 90 M M 1 16 80
14 73 42 58 -10 7 0 0.00 M M 3.5 9 70 M M 0 M M
15 79 45 62 -6 3 0 0.00 M M 3.2 10 190 M M 2 16 99
16 81 57 69 1 0 4 T M M 4.9 14 180 M M 3 18 190
17 73 62 68 0 0 3 1.31 M M 7.1 12 150 M M 9 1 18 180
18 75 64 70 1 0 5 1.68 0.0 0 6.8 13 120 M M 10 1 18 120
19 75 63 69 0 0 4 0.03 0.0 0 8.0 14 120 M M 8 18 130
20 84 67 76 7 0 11 0.06 0.0 0 7.3 15 130 M M 9 21 110
21 84 69 77 7 0 12 0.00 M M 6.1 9 160 M M 7 1 17 140
22 87 63 75 5 0 10 0.00 M M 3.0 8 100 M M 1 M M
23 85 64 75 5 0 10 0.00 M M 2.4 9 150 M M 1 M M
24 85 59 72 2 0 7 0.00 M M 3.0 12 250 M M 0 1 M M
25 85 67 76 5 0 11 T M M 4.5 13 180 M M 6 17 200
26 86 68 77 6 0 12 T M M 2.4 7 99 M M 5 M M
27 88 66 77 6 0 12 1.35 0.0 0 5.6 18 240 M M 5 138 36 330
28 77 55 66 -6 0 1 0.10 0.0 0 6.8 15 290 M M 4 21 290
29 59 54 57 -15 8 0 0.00 0.0 0 5.3 9 340 M M 10 M M
30 72 48 60 -12 5 0 0.00 0.0 0 3.8 10 110 M M 2 8 17 110
31 75 48 62 -10 3 0 0.00 M M 2.5 5 70 M M 1 12 M M
================================================================================
SM 2386 1722 65 112 6.21 0.0 159.4 M 144
================================================================================
AV 77.0 55.5 5.1 FASTST M M 5 MAX(MPH)
MISC ----> 28 260 46 280
================================================================================
NOTES:
# LAST OF SEVERAL OCCURRENCES
COLUMN 17 PEAK WIND IN M.P.H.
PRELIMINARY LOCAL CLIMATOLOGICAL DATA (WS FORM: F-6) , PAGE 2
STATION: BATESVILLE REGIONAL AIRPORT
MONTH: MAY
YEAR: 2021
LATITUDE: 35 43 N
LONGITUDE: 91 39 W
[TEMPERATURE DATA] [PRECIPITATION DATA] SYMBOLS USED IN COLUMN 16
AVERAGE MONTHLY: 66.3 TOTAL FOR MONTH: 6.21 1 = FOG OR MIST
DPTR FM NORMAL: -1.8 DPTR FM NORMAL: 1.26 2 = FOG REDUCING VISIBILITY
HIGHEST: 88 ON 27 GRTST 24HR 2.44 ON 17-18 TO 1/4 MILE OR LESS
LOWEST: 42 ON 14,13 3 = THUNDER
SNOW, ICE PELLETS, HAIL 4 = ICE PELLETS
TOTAL MONTH: 0.0 INCH 5 = HAIL
GRTST 24HR 0.0 6 = FREEZING RAIN OR DRIZZLE
GRTST DEPTH: 0 7 = DUSTSTORM OR SANDSTORM:
VSBY 1/2 MILE OR LESS
8 = SMOKE OR HAZE
[NO. OF DAYS WITH] [WEATHER - DAYS WITH] 9 = BLOWING SNOW
X = TORNADO
MAX 32 OR BELOW: 0 0.01 INCH OR MORE: 12
MAX 90 OR ABOVE: 0 0.10 INCH OR MORE: 5
MIN 32 OR BELOW: 0 0.50 INCH OR MORE: 4
MIN 0 OR BELOW: 0 1.00 INCH OR MORE: 4
[HDD (BASE 65) ]
TOTAL THIS MO. 65 CLEAR (SCALE 0-3) 13
DPTR FM NORMAL 18 PTCLDY (SCALE 4-7) 9
TOTAL FM JUL 1 3488 CLOUDY (SCALE 8-10) 9
DPTR FM NORMAL -300
[CDD (BASE 65) ]
TOTAL THIS MO. 112
DPTR FM NORMAL -33 [PRESSURE DATA]
TOTAL FM JAN 1 144 HIGHEST SLP 30.40 ON 13
DPTR FM NORMAL -39 LOWEST SLP 29.57 ON 2
[REMARKS]
#FINAL-05-21#