026
CXUS53 KLMK 071141
CF6BWG
PRELIMINARY LOCAL CLIMATOLOGICAL DATA (WS FORM: F-6)
STATION: BOWLING GREEN KY
MONTH: JANUARY
YEAR: 2021
LATITUDE: 36 58 N
LONGITUDE: 86 26 W
TEMPERATURE IN F: :PCPN: SNOW: WIND :SUNSHINE: SKY :PK WND
================================================================================
1 2 3 4 5 6A 6B 7 8 9 10 11 12 13 14 15 16 17 18
12Z AVG MX 2MIN
DY MAX MIN AVG DEP HDD CDD WTR SNW DPTH SPD SPD DIR MIN PSBL S-S WX SPD DR
================================================================================
1 73 40 57 21 8 0 0.45 0.0 0 12.7 29 280 M M 6 1 40 230
2 45 41 43 7 22 0 0.02 0.0 0 3.0 8 220 M M 10 1 11 220
3 44 28 36 0 29 0 0.01 0.0 0 5.3 15 270 M M 7 18 22 260
4 55 26 41 5 24 0 0.00 0.0 0 1.9 9 220 M M 1 18 12 220
5 48 30 39 3 26 0 0.00 0.0 0 4.9 14 310 M M 5 18 23 300
6 44 26 35 -1 30 0 0.00 0.0 0 5.5 14 90 M M 0 18 17 60
7 41 29 35 0 30 0 0.00 0.0 0 9.7 21 50 M M 7 29 50
8 37 34 36 1 29 0 T T 0 6.1 13 30 M M 10 8 17 30
9 34 30 32 -3 33 0 0.00 0.0 0 4.6 9 340 M M 10 18 320
10 36 27 32 -3 33 0 0.00 0.0 0 2.4 9 50 M M 7 12 60
11 35 24 30 -5 35 0 0.00 0.0 0 2.7 7 320 M M 5 8 10 340
12 39 22 31 -4 34 0 0.00 0.0 0 4.3 13 220 M M 5 18 16 190
13 50 22 36 1 29 0 0.00 0.0 0 5.6 16 220 M M 0 18 22 230
14 57 33 45 10 20 0 0.05 0.0 0 11.4 22 190 M M 2 1 30 170
15 49 33 41 6 24 0 0.02 T 0 11.1 24 220 M M 6 1 33 240
16 40 33 37 2 28 0 0.04 1.0 1 9.9 17 260 M M 10 1 24 250
17 45 35 40 5 25 0 T T 0 8.1 20 220 M M 9 28 220
18 49 35 42 6 23 0 0.00 0.0 0 6.1 17 240 M M 8 24 230
19 55 40 48 12 17 0 0.00 0.0 0 3.9 13 250 M M 3 21 300
20 45 31 38 2 27 0 0.13 0.0 0 6.4 14 220 M M 2 20 310
21 49 35 42 6 23 0 0.17 0.0 0 5.7 12 220 M M 6 18 16 210
22 46 30 38 2 27 0 0.00 0.0 0 4.4 10 310 M M 0 128 16 290
23 44 23 34 -2 31 0 0.00 0.0 0 7.7 17 60 M M 3 22 70
24 47 31 39 3 26 0 0.03 0.0 0 3.0 9 190 M M 9 18 13 180
25 52 45 49 13 16 0 2.54 0.0 0 6.8 22 320 M M 10 13 41 340
26 60 39 50 14 15 0 0.00 0.0 0 7.5 17 280 M M 4 18 25 280
27 39 32 36 0 29 0 0.06 0.1 0 7.2 17 40 M M 7 1 23 40
28 37 24 31 -5 34 0 0.00 0.0 0 5.3 14 10 M M 4 23 10
29 42 22 32 -4 33 0 0.00 0.0 0 3.6 10 90 M M 0 18 14 100
30 48 28 38 1 27 0 0.36 0.0 0 7.9 22 130 M M 8 1 34 120
31 53 35 44 7 21 0 0.14 0.0 0 12.2 24 160 M M 10 18 34 160
================================================================================
SM 1438 963 808 0 4.02 1.1 196.9 M 174
================================================================================
AV 46.4 31.1 6.4 FASTST M M 6 MAX(MPH)
MISC ----> 29 280 41 340
================================================================================
NOTES:
# LAST OF SEVERAL OCCURRENCES
COLUMN 17 PEAK WIND IN M.P.H.
PRELIMINARY LOCAL CLIMATOLOGICAL DATA (WS FORM: F-6) , PAGE 2
STATION: BOWLING GREEN KY
MONTH: JANUARY
YEAR: 2021
LATITUDE: 36 58 N
LONGITUDE: 86 26 W
[TEMPERATURE DATA] [PRECIPITATION DATA] SYMBOLS USED IN COLUMN 16
AVERAGE MONTHLY: 38.7 TOTAL FOR MONTH: 4.02 1 = FOG OR MIST
DPTR FM NORMAL: 3.0 DPTR FM NORMAL: 0.41 2 = FOG REDUCING VISIBILITY
HIGHEST: 73 ON 1 GRTST 24HR 2.54 ON 25-25 TO 1/4 MILE OR LESS
LOWEST: 22 ON 29,13 3 = THUNDER
SNOW, ICE PELLETS, HAIL 4 = ICE PELLETS
TOTAL MONTH: 1.1 INCHES 5 = HAIL
GRTST 24HR 1.0 ON 16-16 6 = FREEZING RAIN OR DRIZZLE
GRTST DEPTH: 1 ON 16 7 = DUSTSTORM OR SANDSTORM:
VSBY 1/2 MILE OR LESS
8 = SMOKE OR HAZE
[NO. OF DAYS WITH] [WEATHER - DAYS WITH] 9 = BLOWING SNOW
X = TORNADO
MAX 32 OR BELOW: 0 0.01 INCH OR MORE: 13
MAX 90 OR ABOVE: 0 0.10 INCH OR MORE: 6
MIN 32 OR BELOW: 18 0.50 INCH OR MORE: 1
MIN 0 OR BELOW: 0 1.00 INCH OR MORE: 1
[HDD (BASE 65) ]
TOTAL THIS MO. 808 CLEAR (SCALE 0-3) 8
DPTR FM NORMAL -100 PTCLDY (SCALE 4-7) 13
TOTAL FM JUL 1 2210 CLOUDY (SCALE 8-10) 10
DPTR FM NORMAL -284
[CDD (BASE 65) ]
TOTAL THIS MO. 0
DPTR FM NORMAL 0 [PRESSURE DATA]
TOTAL FM JAN 1 0 HIGHEST SLP 30.67 ON 28
DPTR FM NORMAL 0 LOWEST SLP 29.59 ON 15
[REMARKS]
#FINAL-01-21#