000
CXUS51 KLWX 010815
CF6BWI
PRELIMINARY LOCAL CLIMATOLOGICAL DATA (WS FORM: F-6)
STATION: BALTIMORE MD
MONTH: JULY
YEAR: 2023
LATITUDE: 39 10 N
LONGITUDE: 76 40 W
TEMPERATURE IN F: :PCPN: SNOW: WIND :SUNSHINE: SKY :PK WND
================================================================================
1 2 3 4 5 6A 6B 7 8 9 10 11 12 13 14 15 16 17 18
12Z AVG MX 2MIN
DY MAX MIN AVG DEP HDD CDD WTR SNW DPTH SPD SPD DIR MIN PSBL S-S WX SPD DR
================================================================================
1 85 70 78 0 0 13 T 0.0 0 5.4 15 110 M M 8 138 21 140
2 90 75 83 5 0 18 0.63 0.0 0 4.0 18 240 M M 9 138 39 230
3 93 74 84 6 0 19 0.47 0.0 0 4.9 14 190 M M 7 13 21 140
4 92 72 82 4 0 17 0.07 0.0 0 4.2 17 230 M M 6 8 26 230
5 93 73 83 5 0 18 T 0.0 0 2.7 14 290 M M 6 38 18 290
6 91 73 82 4 0 17 T 0.0 0 3.5 14 260 M M 4 138 17 280
7 90 73 82 4 0 17 0.25 0.0 0 2.5 17 260 M M 6 13 25 240
8 92 74 83 5 0 18 0.01 0.0 0 4.5 13 120 M M 7 138 19 160
9 86 69 78 0 0 13 1.35 0.0 0 4.2 25 90 M M 8 138 33 80
10 88 68 78 0 0 13 0.00 0.0 0 5.0 14 310 M M 5 22 350
11 92 66 79 1 0 14 0.00 0.0 0 3.5 12 250 M M 3 17 320
12 93 68 81 2 0 16 0.00 0.0 0 5.7 13 270 M M 3 8 19 330
13 96 72 84 5 0 19 0.00 0.0 0 7.0 17 260 M M 5 23 230
14 93 72 83 4 0 18 0.02 0.0 0 5.7 16 290 M M 7 3 20 300
15 91 70 81 2 0 16 0.02 0.0 0 4.9 14 160 M M 6 20 150
16 87 75 81 2 0 16 0.05 0.0 0 3.7 8 80 M M 8 1 13 340
17 92 71 82 3 0 17 0.00 0.0 0 4.9 12 160 M M 2 8 18 120
18 90 72 81 2 0 16 0.00 0.0 0 4.8 15 260 M M 1 18 20 270
19 89 72 81 3 0 16 0.75 0.0 0 4.9 21 230 M M 7 138 34 230
20 88 70 79 1 0 14 0.00 0.0 0 3.5 10 120 M M 5 14 10
21 88 68 78 0 0 13 0.75 0.0 0 6.3 18 330 M M 7 13 25 330
22 86 67 77 -1 0 12 0.00 0.0 0 4.6 12 340 M M 6 22 350
23 89 64 77 -1 0 12 0.00 0.0 0 3.0 14 140 M M 3 19 140
24 86 68 77 -1 0 12 1.97 0.0 0 6.4 16 240 M M 5 138 22 240
25 88 73 81 3 0 16 0.00 0.0 M 4.1 21 110 M M 7 3 25 110
26 89 68 79 1 0 14 0.00 0.0 0 4.1 13 130 M M 1 1 18 140
27 97 76 87 9 0 22 T 0.0 0 6.9 17 260 M M 6 24 250
28 97 75 86 8 0 21 0.39 0.0 0 4.9 29 300 M M 4 13 45 290
29 96 74 85 7 0 20 0.11 0.0 0 7.2 33 250 M M 5 3 48 250
30 86 69 78 0 0 13 0.00 0.0 0 4.7 15 340 M M 3 25 350
31 86 66 76 -2 0 11 T 0.0 0 5.6 15 340 M M 5 25 350
================================================================================
SM 2799 2197 0 491 6.84 0.0 147.3 M 165
================================================================================
AV 90.3 70.9 4.8 FASTST M M 5 MAX(MPH)
MISC ----> 33 250 48 250
================================================================================
NOTES:
# LAST OF SEVERAL OCCURRENCES
COLUMN 17 PEAK WIND IN M.P.H.
PRELIMINARY LOCAL CLIMATOLOGICAL DATA (WS FORM: F-6) , PAGE 2
STATION: BALTIMORE MD
MONTH: JULY
YEAR: 2023
LATITUDE: 39 10 N
LONGITUDE: 76 40 W
[TEMPERATURE DATA] [PRECIPITATION DATA] SYMBOLS USED IN COLUMN 16
AVERAGE MONTHLY: 80.6 TOTAL FOR MONTH: 6.84 1 = FOG OR MIST
DPTR FM NORMAL: 2.3 DPTR FM NORMAL: 2.36 2 = FOG REDUCING VISIBILITY
HIGHEST: 97 ON 28,27 GRTST 24HR 1.97 ON 24-24 TO 1/4 MILE OR LESS
LOWEST: 64 ON 23 3 = THUNDER
SNOW, ICE PELLETS, HAIL 4 = ICE PELLETS
TOTAL MONTH: 0.0 INCH 5 = HAIL
GRTST 24HR 0.0 6 = FREEZING RAIN OR DRIZZLE
GRTST DEPTH: 0 7 = DUSTSTORM OR SANDSTORM:
VSBY 1/2 MILE OR LESS
8 = SMOKE OR HAZE
[NO. OF DAYS WITH] [WEATHER - DAYS WITH] 9 = BLOWING SNOW
X = TORNADO
MAX 32 OR BELOW: 0 0.01 INCH OR MORE: 14
MAX 90 OR ABOVE: 17 0.10 INCH OR MORE: 9
MIN 32 OR BELOW: 0 0.50 INCH OR MORE: 5
MIN 0 OR BELOW: 0 1.00 INCH OR MORE: 2
[HDD (BASE 65) ]
TOTAL THIS MO. 0 CLEAR (SCALE 0-3) 6
DPTR FM NORMAL 0 PTCLDY (SCALE 4-7) 22
TOTAL FM JUL 1 0 CLOUDY (SCALE 8-10) 3
DPTR FM NORMAL 0
[CDD (BASE 65) ]
TOTAL THIS MO. 491
DPTR FM NORMAL 80 [PRESSURE DATA]
TOTAL FM JAN 1 797 HIGHEST SLP 30.14 ON 26
DPTR FM NORMAL 9 LOWEST SLP 29.69 ON 29
[REMARKS]
#FINAL-07-23#