000
CXUS55 KRIW 011010
CF6BYG
PRELIMINARY LOCAL CLIMATOLOGICAL DATA (WS FORM: F-6)
STATION: BUFFALO WY
MONTH: SEPTEMBER
YEAR: 2022
LATITUDE: 44 22 N
LONGITUDE: 106 43 W
TEMPERATURE IN F: :PCPN: SNOW: WIND :SUNSHINE: SKY :PK WND
================================================================================
1 2 3 4 5 6A 6B 7 8 9 10 11 12 13 14 15 16 17 18
12Z AVG MX 2MIN
DY MAX MIN AVG DEP HDD CDD WTR SNW DPTH SPD SPD DIR MIN PSBL S-S WX SPD DR
================================================================================
1 94 67 81 15 0 16 0.00 M M 9.7 38 330 M M 0 51 330
2 88 65 77 11 0 12 0.00 M M 8.1 25 310 M M 0 33 310
3 96 57 77 12 0 12 0.00 M M 11.2 22 160 M M 0 32 130
4 100 70 85 20 0 20 0.00 M M 9.6 21 350 M M 0 26 360
5 95 65 80 16 0 15 0.00 M M 8.5 18 350 M M 0 30 350
6 88 M M M M M 0.00 M M 10.6 17 350 M M 0 8 23 10
7 99 67 83 19 0 18 0.00 M M 8.5 18 250 M M 0 23 260
8 87 49 68 5 0 3 0.53 M M 12.2 30 330 M M 6 138 41 330
9 50 41 46 -17 19 0 0.74 M M 6.2 23 330 M M 9 18 33 330
10 65 39 52 -10 13 0 0.00 M M 8.1 20 130 M M 0 25 140
11 79 44 62 0 3 0 0.00 M M 5.7 12 230 M M 0 18 130
12 82 55 69 7 0 4 0.00 M M 8.5 20 350 M M 0 8 26 360
13 85 56 71 10 0 6 0.00 M M 13.3 33 240 M M 0 8 45 240
14 74 55 65 4 0 0 0.02 M M 12.1 24 340 M M 4 36 360
15 63 50 57 -3 8 0 T M M 4.9 12 170 M M 9 14 170
16 69 44 57 -3 8 0 0.23 M M 5.2 21 310 M M 4 13 28 170
17 69 45 57 -2 8 0 0.00 M M 4.1 12 170 M M 1 16 170
18 76 51 64 5 1 0 0.00 M M 5.9 13 150 M M 0 21 140
19 85 56 71 13 0 6 0.00 M M 9.8 24 340 M M 0 33 330
20 66 50 58 0 7 0 0.00 M M 9.4 20 330 M M 3 27 340
21 57 45 51 -6 14 0 0.02 M M 7.9 25 150 M M 7 3 35 150
22 75 46 61 4 4 0 0.07 M M 13.6 40 240 M M 1 3 54 250
23 69 46 58 2 7 0 0.00 M M 6.9 20 330 M M 4 27 330
24 69 47 58 2 7 0 0.00 M M 10.5 26 340 M M 1 39 360
25 73 45 59 4 6 0 0.00 M M 5.4 10 190 M M 0 16 340
26 79 49 64 9 1 0 0.00 M M 11.0 25 360 M M 0 32 350
27 82 51 67 13 0 2 0.00 M M 6.8 16 140 M M 0 21 140
28 84 53 69 15 0 4 T M M 7.8 18 340 M M 1 24 340
29 84 59 72 19 0 7 T M M 6.7 26 190 M M 3 45 200
30 66 50 58 5 7 0 0.03 M M 11.9 18 350 M M 9 1 30 330
================================================================================
SM 2348 1517 113 125 1.64 M 260.1 M 62
================================================================================
AV 78.3 52.3 8.7 FASTST M M 2 MAX(MPH)
MISC ----> 40 240 54 250
================================================================================
NOTES:
# LAST OF SEVERAL OCCURRENCES
COLUMN 17 PEAK WIND IN M.P.H.
PRELIMINARY LOCAL CLIMATOLOGICAL DATA (WS FORM: F-6) , PAGE 2
STATION: BUFFALO WY
MONTH: SEPTEMBER
YEAR: 2022
LATITUDE: 44 22 N
LONGITUDE: 106 43 W
[TEMPERATURE DATA] [PRECIPITATION DATA] SYMBOLS USED IN COLUMN 16
AVERAGE MONTHLY: 65.3 TOTAL FOR MONTH: 1.64 1 = FOG OR MIST
DPTR FM NORMAL: 5.5 DPTR FM NORMAL: 0.47 2 = FOG REDUCING VISIBILITY
HIGHEST: 100 ON 4 GRTST 24HR 1.25 ON 8- 9 TO 1/4 MILE OR LESS
LOWEST: 39 ON 10 3 = THUNDER
SNOW, ICE PELLETS, HAIL 4 = ICE PELLETS
TOTAL MONTH: M 5 = HAIL
GRTST 24HR M ON M 6 = FREEZING RAIN OR DRIZZLE
GRTST DEPTH: M ON M 7 = DUSTSTORM OR SANDSTORM:
VSBY 1/2 MILE OR LESS
8 = SMOKE OR HAZE
[NO. OF DAYS WITH] [WEATHER - DAYS WITH] 9 = BLOWING SNOW
X = TORNADO
MAX 32 OR BELOW: 0 0.01 INCH OR MORE: 7
MAX 90 OR ABOVE: 5 0.10 INCH OR MORE: 3
MIN 32 OR BELOW: 0 0.50 INCH OR MORE: 2
MIN 0 OR BELOW: 0 1.00 INCH OR MORE: 0
[HDD (BASE 65) ]
TOTAL THIS MO. 113 CLEAR (SCALE 0-3) 22
DPTR FM NORMAL -100 PTCLDY (SCALE 4-7) 5
TOTAL FM JUL 1 118 CLOUDY (SCALE 8-10) 3
DPTR FM NORMAL -153
[CDD (BASE 65) ]
TOTAL THIS MO. 125
DPTR FM NORMAL 68 [PRESSURE DATA]
TOTAL FM JAN 1 817 HIGHEST SLP 30.32 ON 21
DPTR FM NORMAL 292 LOWEST SLP 29.61 ON 14
[REMARKS]
#FINAL-09-22#