000
CXUS55 KPIH 011200
CF6BYI
PRELIMINARY LOCAL CLIMATOLOGICAL DATA (WS FORM: F-6)
STATION: BURLEY
MONTH: FEBRUARY
YEAR: 2023
LATITUDE: 42 32 N
LONGITUDE: 113 46 W
TEMPERATURE IN F: :PCPN: SNOW: WIND :SUNSHINE: SKY :PK WND
================================================================================
1 2 3 4 5 6A 6B 7 8 9 10 11 12 13 14 15 16 17 18
12Z AVG MX 2MIN
DY MAX MIN AVG DEP HDD CDD WTR SNW DPTH SPD SPD DIR MIN PSBL S-S WX SPD DR
================================================================================
1 31 6 19 -11 46 0 0.00 M M 7.4 14 50 M M 2 17 50
2 34 12 23 -8 42 0 0.00 M M 10.4 18 50 M M 0 25 50
3 40 18 29 -2 36 0 0.00 M M 6.8 18 60 M M 2 25 50
4 46 16 31 0 34 0 0.00 M M 3.6 14 40 M M 0 20 50
5 41 28 35 4 30 0 0.04 M M 8.8 23 240 M M 8 1 29 50
6 39 32 36 5 29 0 0.00 M M 17.5 25 270 M M 5 41 260
7 43 28 36 5 29 0 0.00 M M 9.4 16 210 M M 1 22 230
8 39 26 33 1 32 0 0.00 M M 12.9 24 290 M M 4 42 290
9 39 17 28 -4 37 0 0.00 M M 5.7 14 60 M M 0 18 30
10 38 17 28 -4 37 0 0.00 M M 13.3 20 50 M M 0 28 50
11 39 21 30 -2 35 0 0.00 M M 6.7 18 60 M M 0 24 70
12 43 18 31 -1 34 0 0.00 M M 1.9 9 60 M M 0 13 70
13 45 15 30 -3 35 0 0.01 M M 9.3 29 270 M M 2 12 42 260
14 27 15 21 -12 44 0 T M M 14.8 29 250 M M 7 12 42 260
15 33 14 24 -9 41 0 0.00 M M 4.6 13 250 M M 4 12 18 250
16 34 8 21 -12 44 0 0.00 M M 6.6 13 80 M M 0 17 60
17 36 11 24 -10 41 0 0.00 M M 7.9 18 50 M M 0 23 40
18 37 8 23 -11 42 0 T M M 4.6 12 240 M M 5 16 270
19 42 20 31 -3 34 0 T M M 9.7 21 250 M M 4 25 260
20 49 38 44 10 21 0 0.00 M M 16.9 26 260 M M 5 38 250
21 44 28 36 1 29 0 0.11 M M 15.5 26 210 M M 7 13 40 250
22 28 12 20 -15 45 0 0.01 M M 13.3 21 90 M M 7 12 31 270
23 32 9 21 -14 44 0 T M M 11.3 23 200 M M 6 1 32 200
24 38 12 25 -11 40 0 0.00 M M 7.7 23 210 M M 2 32 200
25 45 22 34 -2 31 0 0.00 M M 9.3 20 190 M M 1 28 190
26 43 26 35 -1 30 0 0.03 M M 9.2 21 260 M M 9 1 32 310
27 38 21 30 -7 35 0 0.11 M M 6.6 25 260 M M 8 12 39 260
28 34 27 31 -6 34 0 T M M 12.1 23 200 M M 8 33 190
================================================================================
SM 1077 525 1011 0 0.31 M 263.8 M 97
================================================================================
AV 38.5 18.8 9.4 FASTST M M 3 MAX(MPH)
MISC ----> # 29 270 # 42 290
================================================================================
NOTES:
# LAST OF SEVERAL OCCURRENCES
COLUMN 17 PEAK WIND IN M.P.H.
PRELIMINARY LOCAL CLIMATOLOGICAL DATA (WS FORM: F-6) , PAGE 2
STATION: BURLEY
MONTH: FEBRUARY
YEAR: 2023
LATITUDE: 42 32 N
LONGITUDE: 113 46 W
[TEMPERATURE DATA] [PRECIPITATION DATA] SYMBOLS USED IN COLUMN 16
AVERAGE MONTHLY: 28.6 TOTAL FOR MONTH: 0.31 1 = FOG OR MIST
DPTR FM NORMAL: -4.7 DPTR FM NORMAL: -0.38 2 = FOG REDUCING VISIBILITY
HIGHEST: 49 ON 20 GRTST 24HR 0.11 ON 20-21 TO 1/4 MILE OR LESS
LOWEST: 6 ON 1 3 = THUNDER
SNOW, ICE PELLETS, HAIL 4 = ICE PELLETS
TOTAL MONTH: M 5 = HAIL
GRTST 24HR M ON M 6 = FREEZING RAIN OR DRIZZLE
GRTST DEPTH: M ON M 7 = DUSTSTORM OR SANDSTORM:
VSBY 1/2 MILE OR LESS
8 = SMOKE OR HAZE
[NO. OF DAYS WITH] [WEATHER - DAYS WITH] 9 = BLOWING SNOW
X = TORNADO
MAX 32 OR BELOW: 4 0.01 INCH OR MORE: 6
MAX 90 OR ABOVE: 0 0.10 INCH OR MORE: 2
MIN 32 OR BELOW: 27 0.50 INCH OR MORE: 0
MIN 0 OR BELOW: 0 1.00 INCH OR MORE: 0
[HDD (BASE 65) ]
TOTAL THIS MO. 1011 CLEAR (SCALE 0-3) 14
DPTR FM NORMAL 123 PTCLDY (SCALE 4-7) 12
TOTAL FM JUL 1 4878 CLOUDY (SCALE 8-10) 2
DPTR FM NORMAL 262
[CDD (BASE 65) ]
TOTAL THIS MO. 0
DPTR FM NORMAL 0 [PRESSURE DATA]
TOTAL FM JAN 1 0 HIGHEST SLP 30.63 ON 9
DPTR FM NORMAL 0 LOWEST SLP 29.27 ON 22
[REMARKS]
#FINAL-02-23#