000
CXUS55 KPIH 021936 RRA
CF6BYI
PRELIMINARY LOCAL CLIMATOLOGICAL DATA (WS FORM: F-6)
STATION: BURLEY
MONTH: APRIL
YEAR: 2022
LATITUDE: 42 32 N
LONGITUDE: 113 46 W
TEMPERATURE IN F: :PCPN: SNOW: WIND :SUNSHINE: SKY :PK WND
================================================================================
1 2 3 4 5 6A 6B 7 8 9 10 11 12 13 14 15 16 17 18
12Z AVG MX 2MIN
DY MAX MIN AVG DEP HDD CDD WTR SNW DPTH SPD SPD DIR MIN PSBL S-S WX SPD DR
================================================================================
1 55 27 41 -3 24 0 0.00 M M 8.1 17 250 M M 0 26 220
2 55 28 42 -3 23 0 0.00 M M 11.3 31 260 M M 0 47 250
3 61 22 42 -3 23 0 0.00 M M 3.6 15 250 M M 0 19 250
4 57 30 44 -1 21 0 T M M 14.4 33 290 M M 6 8 55 270
5 44 26 35 -10 30 0 T M M 19.2 31 280 M M 4 55 290
6 51 19 35 -10 30 0 0.00 M M 6.3 15 250 M M 0 22 300
7 64 22 43 -2 22 0 0.00 M M 2.3 8 90 M M 0 11 80
8 78 31 55 9 10 0 0.00 M M 9.2 28 250 M M 0 48 250
9 48 31 40 -6 25 0 0.00 M M 21.7 33 250 M M 0 51 260
10 48 26 37 -9 28 0 T M M 12.9 24 250 M M 5 1 39 250
11 46 27 37 -9 28 0 M M M 13.8 31 270 M M 8 13 54 250
12 37 25 31 -15 34 0 M M M 18.5 31 250 M M 6 1 47 260
13 37 21 29 -17 36 0 M M M 7.1 18 260 M M 9 128 26 260
14 46 30 38 -8 27 0 M M M 7.0 26 240 M M 10 1 35 240
15 46 32 39 -8 26 0 M M M 8.6 16 260 M M 8 1 24 270
16 62 33 48 1 17 0 M M M 12.7 33 290 M M 8 1 57 280
17 51 30 41 -6 24 0 M M M 6.4 21 240 M M 5 26 240
18 72 28 50 3 15 0 M M M 7.1 22 60 M M 0 27 60
19 55 32 44 -4 21 0 M M M 14.7 31 250 M M 3 43 260
20 62 34 48 0 17 0 0.00 M M 5.5 16 240 M M 4 21 250
21 59 36 48 0 17 0 0.11 M M 7.7 25 290 M M 6 1 42 290
22 52 37 45 -3 20 0 0.01 M M 13.7 24 270 M M 7 43 260
23 55 33 44 -5 21 0 0.00 M M 14.3 24 290 M M 4 35 280
24 58 28 43 -6 22 0 0.00 M M 3.2 10 260 M M 1 14 270
25 65 28 47 -2 18 0 0.00 M M 6.9 17 190 M M 0 24 190
26 64 39 52 2 13 0 0.00 M M 7.3 18 210 M M 1 28 320
27 63 35 49 -1 16 0 0.03 M M 5.7 16 280 M M 4 23 300
28 62 33 48 -2 17 0 T M M 9.3 33 290 M M 5 8 60 290
29 54 32 43 -7 22 0 T M M 16.5 33 260 M M 2 46 260
30 65 28 47 -4 18 0 T M M 6.0 24 270 M M 3 40 300
================================================================================
SM 1672 883 665 0 0.15 M 301.0 M 109
================================================================================
AV 55.7 29.4 10.0 FASTST M M 4 MAX(MPH)
MISC ----> # 33 290 60 290
================================================================================
NOTES:
# LAST OF SEVERAL OCCURRENCES
COLUMN 17 PEAK WIND IN M.P.H.
11-19TH: TIPPING BUCKET MALFUNCTIONING. REPLACED FRAME AND
FIBER-OPTIC ASSEMBLIES.
PRELIMINARY LOCAL CLIMATOLOGICAL DATA (WS FORM: F-6) , PAGE 2
STATION: BURLEY
MONTH: APRIL
YEAR: 2022
LATITUDE: 42 32 N
LONGITUDE: 113 46 W
[TEMPERATURE DATA] [PRECIPITATION DATA] SYMBOLS USED IN COLUMN 16
AVERAGE MONTHLY: 42.6 TOTAL FOR MONTH: 0.15 1 = FOG OR MIST
DPTR FM NORMAL: -4.5 DPTR FM NORMAL: -0.94 2 = FOG REDUCING VISIBILITY
HIGHEST: 78 ON 8 GRTST 24HR 0.12 ON 21-22 TO 1/4 MILE OR LESS
LOWEST: 19 ON 6 3 = THUNDER
SNOW, ICE PELLETS, HAIL 4 = ICE PELLETS
TOTAL MONTH: M 5 = HAIL
GRTST 24HR M ON M 6 = FREEZING RAIN OR DRIZZLE
GRTST DEPTH: M ON M 7 = DUSTSTORM OR SANDSTORM:
VSBY 1/2 MILE OR LESS
8 = SMOKE OR HAZE
[NO. OF DAYS WITH] [WEATHER - DAYS WITH] 9 = BLOWING SNOW
X = TORNADO
MAX 32 OR BELOW: 0 0.01 INCH OR MORE: 3
MAX 90 OR ABOVE: 0 0.10 INCH OR MORE: 1
MIN 32 OR BELOW: 22 0.50 INCH OR MORE: 0
MIN 0 OR BELOW: 0 1.00 INCH OR MORE: 0
[HDD (BASE 65) ]
TOTAL THIS MO. 665 CLEAR (SCALE 0-3) 14
DPTR FM NORMAL 129 PTCLDY (SCALE 4-7) 12
TOTAL FM JUL 1 5954 CLOUDY (SCALE 8-10) 4
DPTR FM NORMAL 72
[CDD (BASE 65) ]
TOTAL THIS MO. 0
DPTR FM NORMAL 0 [PRESSURE DATA]
TOTAL FM JAN 1 0 HIGHEST SLP 30.56 ON 7
DPTR FM NORMAL 0 LOWEST SLP 29.27 ON 11
[REMARKS]
11-19TH: TIPPING BUCKET MALFUNCTIONING.
REPLACED FRAME AND FIBER-OPTIC ASSEMBLIES.
#FINAL-04-22#