000
CXUS56 KTFX 040531
CF6BZN
PRELIMINARY LOCAL CLIMATOLOGICAL DATA (WS FORM: F-6)
STATION: BOZEMAN/GALLATIN FIELD MT
MONTH: JUNE
YEAR: 2022
LATITUDE: 45 46 N
LONGITUDE: 111 9 W
TEMPERATURE IN F: :PCPN: SNOW: WIND :SUNSHINE: SKY :PK WND
================================================================================
1 2 3 4 5 6A 6B 7 8 9 10 11 12 13 14 15 16 17 18
12Z AVG MX 2MIN
DY MAX MIN AVG DEP HDD CDD WTR SNW DPTH SPD SPD DIR MIN PSBL S-S WX SPD DR
================================================================================
1 65 34 50 -6 15 0 0.00 0.0 0 4.3 15 220 M M 4 20 220
2 70 43 57 1 8 0 0.00 0.0 0 4.8 21 150 M M 7 25 160
3 70 42 56 0 9 0 0.09 0.0 0 6.1 36 270 M M 2 3 49 250
4 68 44 56 0 9 0 0.23 0.0 0 3.9 25 190 M M 5 18 34 190
5 66 48 57 1 8 0 0.21 0.0 0 4.3 22 250 M M 5 18 36 240
6 65 45 55 -2 10 0 0.17 0.0 0 7.2 26 280 M M 6 13 35 290
7 67 42 55 -2 10 0 0.00 0.0 0 5.8 17 280 M M 5 23 290
8 66 40 53 -4 12 0 T 0.0 0 3.4 10 240 M M 6 13 240
9 77 52 65 8 0 0 0.00 0.0 0 5.1 14 260 M M 4 19 250
10 82 49 66 8 0 1 0.00 0.0 0 7.7 23 260 M M 4 30 250
11 72 52 62 4 3 0 0.05 0.0 0 6.7 32 310 M M 8 3 45 320
12 64 47 56 -2 9 0 0.03 0.0 0 5.5 16 160 M M 8 22 190
13 59 46 53 -5 12 0 0.18 0.0 0 8.0 22 170 M M 9 1 29 180
14 58 45 52 -6 13 0 T 0.0 0 16.1 33 280 M M 9 47 290
15 72 44 58 -1 7 0 0.00 0.0 0 9.3 23 280 M M 6 32 290
16 88 37 63 4 2 0 0.00 0.0 0 6.1 18 140 M M 0 24 140
17 93 46 70 11 0 5 0.00 0.0 0 11.1 32 170 M M 0 8 43 170
18 90 56 73 14 0 8 0.00 0.0 0 8.8 30 190 M M 0 47 180
19 70 48 59 -1 6 0 0.29 0.0 0 6.4 32 300 M M 4 13 46 310
20 64 46 55 -5 10 0 0.33 0.0 0 6.5 24 250 M M 9 1 31 330
21 72 41 57 -3 8 0 0.01 0.0 0 4.9 13 320 M M 1 18 330
22 83 41 62 2 3 0 0.00 0.0 0 4.7 13 340 M M 0 23 110
23 88 46 67 6 0 2 0.00 0.0 0 8.9 30 210 M M 0 40 210
24 74 43 59 -2 6 0 0.00 0.0 0 10.0 29 340 M M 3 38 350
25 68 34 51 -10 14 0 0.00 0.0 0 4.7 12 310 M M 0 16 300
26 81 40 61 -1 4 0 0.00 0.0 0 3.8 9 200 M M 0 13 20
27 87 44 66 4 0 1 0.00 0.0 0 4.5 14 290 M M 0 8 18 280
28 93 47 70 8 0 5 T 0.0 0 10.0 26 190 M M 0 3 40 160
29 85 49 67 4 0 2 0.00 0.0 0 8.2 23 320 M M 0 32 300
30 80 42 61 -2 4 0 0.00 0.0 0 6.1 15 140 M M 0 22 320
================================================================================
SM 2237 1333 182 24 1.59 0.0 202.9 M 105
================================================================================
AV 74.6 44.4 6.8 FASTST M M 4 MAX(MPH)
MISC ----> 36 270 49 250
================================================================================
NOTES:
# LAST OF SEVERAL OCCURRENCES
COLUMN 17 PEAK WIND IN M.P.H.
PRELIMINARY LOCAL CLIMATOLOGICAL DATA (WS FORM: F-6) , PAGE 2
STATION: BOZEMAN/GALLATIN FIELD MT
MONTH: JUNE
YEAR: 2022
LATITUDE: 45 46 N
LONGITUDE: 111 9 W
[TEMPERATURE DATA] [PRECIPITATION DATA] SYMBOLS USED IN COLUMN 16
AVERAGE MONTHLY: 59.5 TOTAL FOR MONTH: 1.59 1 = FOG OR MIST
DPTR FM NORMAL: 0.6 DPTR FM NORMAL: -0.95 2 = FOG REDUCING VISIBILITY
HIGHEST: 93 ON 28,17 GRTST 24HR 0.49 ON 19-20 TO 1/4 MILE OR LESS
LOWEST: 34 ON 25, 1 3 = THUNDER
SNOW, ICE PELLETS, HAIL 4 = ICE PELLETS
TOTAL MONTH: 0.0 INCH 5 = HAIL
GRTST 24HR 0.0 6 = FREEZING RAIN OR DRIZZLE
GRTST DEPTH: 0 7 = DUSTSTORM OR SANDSTORM:
VSBY 1/2 MILE OR LESS
8 = SMOKE OR HAZE
[NO. OF DAYS WITH] [WEATHER - DAYS WITH] 9 = BLOWING SNOW
X = TORNADO
MAX 32 OR BELOW: 0 0.01 INCH OR MORE: 10
MAX 90 OR ABOVE: 3 0.10 INCH OR MORE: 6
MIN 32 OR BELOW: 0 0.50 INCH OR MORE: 0
MIN 0 OR BELOW: 0 1.00 INCH OR MORE: 0
[HDD (BASE 65) ]
TOTAL THIS MO. 182 CLEAR (SCALE 0-3) 14
DPTR FM NORMAL -16 PTCLDY (SCALE 4-7) 13
TOTAL FM JUL 1 8037 CLOUDY (SCALE 8-10) 3
DPTR FM NORMAL -210
[CDD (BASE 65) ]
TOTAL THIS MO. 24
DPTR FM NORMAL 7 [PRESSURE DATA]
TOTAL FM JAN 1 24 HIGHEST SLP 30.45 ON 25
DPTR FM NORMAL 6 LOWEST SLP 29.46 ON 18
[REMARKS]
#FINAL-06-22#