000
CXUS56 KTFX 011110
CF6BZN
PRELIMINARY LOCAL CLIMATOLOGICAL DATA (WS FORM: F-6)
STATION: BOZEMAN/GALLATIN FIELD MT
MONTH: APRIL
YEAR: 2022
LATITUDE: 45 46 N
LONGITUDE: 111 9 W
TEMPERATURE IN F: :PCPN: SNOW: WIND :SUNSHINE: SKY :PK WND
================================================================================
1 2 3 4 5 6A 6B 7 8 9 10 11 12 13 14 15 16 17 18
12Z AVG MX 2MIN
DY MAX MIN AVG DEP HDD CDD WTR SNW DPTH SPD SPD DIR MIN PSBL S-S WX SPD DR
================================================================================
1 51 18 35 -4 30 0 0.00 0.0 0 5.3 22 300 M M 2 29 300
2 56 22 39 0 26 0 0.06 T 0 6.4 39 250 M M 4 13 61 250
3 56 18 37 -3 28 0 0.00 0.0 0 4.6 14 180 M M 2 17 260
4 55 29 42 2 23 0 0.07 T 0 14.2 38 220 M M 8 1 54 210
5 44 30 37 -3 28 0 0.00 0.0 0 18.8 33 310 M M 6 45 270
6 50 25 38 -2 27 0 0.00 0.0 0 8.4 20 300 M M 5 27 270
7 59 16 38 -2 27 0 0.00 0.0 0 5.0 13 150 M M 0 8 15 160
8 77 24 51 11 14 0 T 0.0 0 7.9 31 280 M M 0 45 280
9 49 29 39 -2 26 0 0.01 0.0 0 13.6 30 300 M M 7 43 310
10 40 20 30 -11 35 0 T T 0 5.7 22 210 M M 6 33 200
11 38 13 26 -15 39 0 0.00 0.0 0 8.9 30 40 M M 6 43 40
12 31 15 23 -18 42 0 T M T 13.7 28 60 M M 10 18 39 50
13 28 7 18 -24 47 0 T T T 6.2 17 340 M M 6 18 22 340
14 33 7 20 -22 45 0 0.03 0.9 0 5.8 14 290 M M 8 1 17 280
15 37 15 26 -16 39 0 T 0.1 1 5.0 14 340 M M 7 1 18 350
16 47 18 33 -9 32 0 0.02 M 0 6.2 29 320 M M 7 12 37 310
17 45 24 35 -7 30 0 0.00 0.0 0 11.7 23 240 M M 5 33 250
18 58 20 39 -4 26 0 0.00 0.0 0 4.2 15 140 M M 1 19 140
19 52 24 38 -5 27 0 T T 0 7.7 25 350 M M 3 8 32 360
20 55 24 40 -3 25 0 0.00 0.0 0 7.8 23 270 M M 4 36 280
21 52 33 43 0 22 0 0.01 0.0 0 6.4 25 290 M M 6 31 290
22 41 35 38 -6 27 0 0.47 0.0 0 5.8 18 340 M M 10 1 25 360
23 49 34 42 -2 23 0 0.02 T 0 9.3 24 310 M M 10 1 32 340
24 52 31 42 -2 23 0 0.00 0.0 0 5.4 17 160 M M 6 22 160
25 63 25 44 0 21 0 0.00 0.0 0 6.6 21 210 M M 0 29 210
26 64 32 48 3 17 0 T M 0 11.6 31 210 M M 4 42 200
27 55 26 41 -4 24 0 0.11 0.0 0 5.2 29 310 M M 4 1 36 290
28 56 26 41 -4 24 0 0.17 0.0 0 5.2 35 280 M M 6 12 43 270
29 47 34 41 -5 24 0 0.11 T 0 9.0 21 310 M M 10 1 29 320
30 58 26 42 -4 23 0 0.02 0.0 0 4.3 15 280 M M 4 12 18 280
================================================================================
SM 1498 700 844 0 1.10 1.0 235.9 M 157
================================================================================
AV 49.9 23.3 7.9 FASTST M M 5 MAX(MPH)
MISC ----> 39 250 61 250
================================================================================
NOTES:
# LAST OF SEVERAL OCCURRENCES
COLUMN 17 PEAK WIND IN M.P.H.
PRELIMINARY LOCAL CLIMATOLOGICAL DATA (WS FORM: F-6) , PAGE 2
STATION: BOZEMAN/GALLATIN FIELD MT
MONTH: APRIL
YEAR: 2022
LATITUDE: 45 46 N
LONGITUDE: 111 9 W
[TEMPERATURE DATA] [PRECIPITATION DATA] SYMBOLS USED IN COLUMN 16
AVERAGE MONTHLY: 36.6 TOTAL FOR MONTH: 1.10 1 = FOG OR MIST
DPTR FM NORMAL: -5.6 DPTR FM NORMAL: -0.58 2 = FOG REDUCING VISIBILITY
HIGHEST: 77 ON 8 GRTST 24HR 0.49 ON 22-23 TO 1/4 MILE OR LESS
LOWEST: 7 ON 14,13 3 = THUNDER
SNOW, ICE PELLETS, HAIL 4 = ICE PELLETS
TOTAL MONTH: 1.0 INCH 5 = HAIL
GRTST 24HR 0.9 ON 14-14 6 = FREEZING RAIN OR DRIZZLE
GRTST DEPTH: 1 ON 15 7 = DUSTSTORM OR SANDSTORM:
VSBY 1/2 MILE OR LESS
8 = SMOKE OR HAZE
[NO. OF DAYS WITH] [WEATHER - DAYS WITH] 9 = BLOWING SNOW
X = TORNADO
MAX 32 OR BELOW: 2 0.01 INCH OR MORE: 12
MAX 90 OR ABOVE: 0 0.10 INCH OR MORE: 4
MIN 32 OR BELOW: 26 0.50 INCH OR MORE: 0
MIN 0 OR BELOW: 0 1.00 INCH OR MORE: 0
[HDD (BASE 65) ]
TOTAL THIS MO. 844 CLEAR (SCALE 0-3) 6
DPTR FM NORMAL 160 PTCLDY (SCALE 4-7) 20
TOTAL FM JUL 1 7346 CLOUDY (SCALE 8-10) 4
DPTR FM NORMAL -276
[CDD (BASE 65) ]
TOTAL THIS MO. 0
DPTR FM NORMAL 0 [PRESSURE DATA]
TOTAL FM JAN 1 0 HIGHEST SLP 30.64 ON 7
DPTR FM NORMAL 0 LOWEST SLP 29.27 ON 4
[REMARKS]
#FINAL-04-22#