000
CXUS56 KTFX 011210
CF6BZN
PRELIMINARY LOCAL CLIMATOLOGICAL DATA (WS FORM: F-6)
STATION: BOZEMAN/GALLATIN FIELD MT
MONTH: FEBRUARY
YEAR: 2022
LATITUDE: 45 46 N
LONGITUDE: 111 9 W
TEMPERATURE IN F: :PCPN: SNOW: WIND :SUNSHINE: SKY :PK WND
================================================================================
1 2 3 4 5 6A 6B 7 8 9 10 11 12 13 14 15 16 17 18
12Z AVG MX 2MIN
DY MAX MIN AVG DEP HDD CDD WTR SNW DPTH SPD SPD DIR MIN PSBL S-S WX SPD DR
================================================================================
1 25 4 15 -7 50 0 T 0.5 5 7.2 25 340 M M 8 12 32 340
2 5 -13 -4 -26 69 0 T 0.3 6 4.7 18 320 M M 4 1 22 320
3 26 -6 10 -12 55 0 0.00 0.0 6 2.3 9 320 M M 10 11 320
4 41 13 27 5 38 0 0.00 0.0 6 5.6 26 240 M M 5 35 230
5 40 29 35 13 30 0 0.00 0.0 5 10.8 22 270 M M 9 31 250
6 40 10 25 3 40 0 0.00 0.0 5 5.6 12 130 M M 2 14 280
7 47 5 26 3 39 0 0.00 0.0 5 5.0 24 300 M M 0 33 300
8 42 11 27 4 38 0 0.00 0.0 5 5.3 13 280 M M 3 17 300
9 43 33 38 15 27 0 0.00 0.0 5 3.9 12 280 M M 10 17 260
10 51 31 41 18 24 0 0.00 0.0 5 7.8 29 300 M M 2 41 290
11 41 9 25 2 40 0 0.00 0.0 3 8.6 20 10 M M 4 27 10
12 39 8 24 1 41 0 0.00 0.0 3 3.1 10 150 M M 0 11 160
13 42 10 26 3 39 0 0.00 0.0 3 3.2 9 150 M M 0 10 140
14 49 19 34 10 31 0 0.00 0.0 3 3.4 12 160 M M 2 15 200
15 42 20 31 7 34 0 0.18 2.0 4 4.8 15 290 M M 9 1 20 290
16 30 12 21 -3 44 0 0.06 1.0 5 5.8 24 170 M M 10 1 29 170
17 39 14 27 3 38 0 0.00 0.0 5 5.2 17 290 M M 9 22 300
18 46 28 37 13 28 0 0.00 0.0 4 9.2 22 290 M M 8 32 290
19 50 19 35 10 30 0 0.00 0.0 3 10.7 25 260 M M 3 35 260
20 42 13 28 3 37 0 0.16 2.0 2 8.1 25 240 M M 9 128 31 250
21 13 -9 2 -23 63 0 0.02 0.5 5 9.6 21 340 M M 8 18 26 340
22 0 -18 -9 -35 74 0 T 0.1 5 4.9 13 150 M M 7 18 14 150
23 -2 -29 -15 -41 80 0 0.00 0.0 5 1.6 7 350 M M 0 18 8 330
24 14 -18 -2 -28 67 0 0.01 0.3 5 1.9 7 210 M M 7 18 8 200
25 19 -12 4 -23 61 0 0.00 0.0 5 2.7 8 140 M M 1 18 9 220
26 22 -13 5 -22 60 0 0.00 0.0 5 2.9 8 170 M M 0 18 9 160
27 35 -6 15 -12 50 0 0.00 0.0 5 3.5 14 160 M M 2 1 17 160
28 50 29 40 12 25 0 T 0.0 4 7.0 20 220 M M 10 30 210
================================================================================
SM 931 193 1252 0 0.43 6.7 154.4 M 142
================================================================================
AV 33.3 6.9 5.5 FASTST M M 5 MAX(MPH)
MISC ----> 29 300 41 290
================================================================================
NOTES:
# LAST OF SEVERAL OCCURRENCES
COLUMN 17 PEAK WIND IN M.P.H.
PRELIMINARY LOCAL CLIMATOLOGICAL DATA (WS FORM: F-6) , PAGE 2
STATION: BOZEMAN/GALLATIN FIELD MT
MONTH: FEBRUARY
YEAR: 2022
LATITUDE: 45 46 N
LONGITUDE: 111 9 W
[TEMPERATURE DATA] [PRECIPITATION DATA] SYMBOLS USED IN COLUMN 16
AVERAGE MONTHLY: 20.1 TOTAL FOR MONTH: 0.43 1 = FOG OR MIST
DPTR FM NORMAL: -4.1 DPTR FM NORMAL: 0.01 2 = FOG REDUCING VISIBILITY
HIGHEST: 51 ON 10 GRTST 24HR 0.18 ON 20-21 TO 1/4 MILE OR LESS
LOWEST: -29 ON 23 3 = THUNDER
SNOW, ICE PELLETS, HAIL 4 = ICE PELLETS
TOTAL MONTH: 6.7 INCHES 5 = HAIL
GRTST 24HR 2.0 ON 15-15 6 = FREEZING RAIN OR DRIZZLE
GRTST DEPTH: 6 ON 4, 3 7 = DUSTSTORM OR SANDSTORM:
VSBY 1/2 MILE OR LESS
8 = SMOKE OR HAZE
[NO. OF DAYS WITH] [WEATHER - DAYS WITH] 9 = BLOWING SNOW
X = TORNADO
MAX 32 OR BELOW: 10 0.01 INCH OR MORE: 5
MAX 90 OR ABOVE: 0 0.10 INCH OR MORE: 2
MIN 32 OR BELOW: 27 0.50 INCH OR MORE: 0
MIN 0 OR BELOW: 9 1.00 INCH OR MORE: 0
[HDD (BASE 65) ]
TOTAL THIS MO. 1252 CLEAR (SCALE 0-3) 10
DPTR FM NORMAL 108 PTCLDY (SCALE 4-7) 9
TOTAL FM JUL 1 5605 CLOUDY (SCALE 8-10) 9
DPTR FM NORMAL -371
[CDD (BASE 65) ]
TOTAL THIS MO. 0
DPTR FM NORMAL 0 [PRESSURE DATA]
TOTAL FM JAN 1 0 HIGHEST SLP 30.71 ON 26
DPTR FM NORMAL 0 LOWEST SLP 29.64 ON 20
[REMARKS]
#FINAL-02-22#