000
CXUS56 KTFX 011110
CF6BZN
PRELIMINARY LOCAL CLIMATOLOGICAL DATA (WS FORM: F-6)
STATION: BOZEMAN/GALLATIN FIELD MT
MONTH: OCTOBER
YEAR: 2021
LATITUDE: 45 46 N
LONGITUDE: 111 9 W
TEMPERATURE IN F: :PCPN: SNOW: WIND :SUNSHINE: SKY :PK WND
================================================================================
1 2 3 4 5 6A 6B 7 8 9 10 11 12 13 14 15 16 17 18
12Z AVG MX 2MIN
DY MAX MIN AVG DEP HDD CDD WTR SNW DPTH SPD SPD DIR MIN PSBL S-S WX SPD DR
================================================================================
1 72 28 50 0 15 0 0.00 0.0 0 5.4 14 180 M M 2 19 310
2 73 32 53 3 12 0 0.00 0.0 0 4.7 13 170 M M 0 17 320
3 78 31 55 5 10 0 0.00 0.0 0 5.4 14 160 M M 0 17 160
4 82 33 58 9 7 0 0.00 0.0 0 4.0 15 200 M M 0 20 230
5 85 39 62 13 3 0 0.00 0.0 0 6.8 23 230 M M 0 30 240
6 76 48 62 14 3 0 0.01 0.0 0 7.8 29 290 M M 5 39 280
7 53 40 47 -1 18 0 0.15 0.0 0 4.2 10 140 M M 5 1 12 130
8 59 38 49 2 16 0 0.41 0.0 0 1.9 10 130 M M 7 1 12 60
9 57 36 47 0 18 0 0.05 0.0 0 3.5 12 220 M M 7 1 17 230
10 68 33 51 5 14 0 0.15 0.0 0 5.8 23 230 M M 6 13 32 230
11 42 30 36 -10 29 0 0.26 4.0 4 6.7 20 280 M M 10 18 25 280
12 36 29 33 -12 32 0 T T T 5.7 10 250 M M 10 1 16 240
13 43 29 36 -9 29 0 T T 0 5.5 17 250 M M 9 8 24 270
14 42 32 37 -7 28 0 0.00 0.0 0 7.7 23 330 M M 10 30 320
15 53 24 39 -5 26 0 0.00 0.0 0 6.2 16 240 M M 5 28 250
16 66 31 49 6 16 0 0.00 0.0 0 5.6 12 160 M M 0 13 160
17 70 27 49 6 16 0 0.00 0.0 0 3.7 16 280 M M 0 22 270
18 67 34 51 9 14 0 0.00 0.0 0 3.5 12 260 M M 3 14 270
19 54 30 42 0 23 0 0.00 0.0 0 5.6 16 150 M M 1 24 140
20 56 26 41 -1 24 0 0.00 0.0 0 3.8 12 170 M M 1 1 13 130
21 68 35 52 11 13 0 0.00 0.0 0 5.5 20 250 M M 3 27 270
22 71 30 51 10 14 0 0.00 0.0 0 3.8 14 150 M M 1 17 170
23 56 32 44 4 21 0 0.00 0.0 0 6.2 22 260 M M 6 32 260
24 57 31 44 4 21 0 0.00 0.0 0 5.8 23 180 M M 5 30 170
25 51 42 47 8 18 0 0.62 0.0 0 4.2 20 300 M M 10 1 26 300
26 50 34 42 3 23 0 0.04 0.0 0 8.7 22 280 M M 8 1 31 280
27 53 36 45 7 20 0 0.00 0.0 0 11.0 35 280 M M 7 48 280
28 62 34 48 10 17 0 0.00 0.0 0 5.8 24 230 M M 6 34 240
29 66 39 53 16 12 0 0.06 0.0 0 9.4 25 220 M M 3 1 35 220
30 46 32 39 2 26 0 T 0.0 0 6.9 17 350 M M 10 22 350
31 36 30 33 -3 32 0 0.00 0.0 0 6.9 16 140 M M 10 20 140
================================================================================
SM 1848 1025 570 0 1.75 4.0 177.7 M 150
================================================================================
AV 59.6 33.1 5.7 FASTST M M 5 MAX(MPH)
MISC ----> 35 280 48 280
================================================================================
NOTES:
# LAST OF SEVERAL OCCURRENCES
COLUMN 17 PEAK WIND IN M.P.H.
PRELIMINARY LOCAL CLIMATOLOGICAL DATA (WS FORM: F-6) , PAGE 2
STATION: BOZEMAN/GALLATIN FIELD MT
MONTH: OCTOBER
YEAR: 2021
LATITUDE: 45 46 N
LONGITUDE: 111 9 W
[TEMPERATURE DATA] [PRECIPITATION DATA] SYMBOLS USED IN COLUMN 16
AVERAGE MONTHLY: 46.3 TOTAL FOR MONTH: 1.75 1 = FOG OR MIST
DPTR FM NORMAL: 2.9 DPTR FM NORMAL: 0.65 2 = FOG REDUCING VISIBILITY
HIGHEST: 85 ON 5 GRTST 24HR 0.66 ON 25-26 TO 1/4 MILE OR LESS
LOWEST: 24 ON 15 3 = THUNDER
SNOW, ICE PELLETS, HAIL 4 = ICE PELLETS
TOTAL MONTH: 4.0 INCHES 5 = HAIL
GRTST 24HR 4.0 ON 11-11 6 = FREEZING RAIN OR DRIZZLE
GRTST DEPTH: 4 ON 11 7 = DUSTSTORM OR SANDSTORM:
VSBY 1/2 MILE OR LESS
8 = SMOKE OR HAZE
[NO. OF DAYS WITH] [WEATHER - DAYS WITH] 9 = BLOWING SNOW
X = TORNADO
MAX 32 OR BELOW: 0 0.01 INCH OR MORE: 9
MAX 90 OR ABOVE: 0 0.10 INCH OR MORE: 5
MIN 32 OR BELOW: 17 0.50 INCH OR MORE: 1
MIN 0 OR BELOW: 0 1.00 INCH OR MORE: 0
[HDD (BASE 65) ]
TOTAL THIS MO. 570 CLEAR (SCALE 0-3) 12
DPTR FM NORMAL -100 PTCLDY (SCALE 4-7) 12
TOTAL FM JUL 1 874 CLOUDY (SCALE 8-10) 7
DPTR FM NORMAL -176
[CDD (BASE 65) ]
TOTAL THIS MO. 0
DPTR FM NORMAL 0 [PRESSURE DATA]
TOTAL FM JAN 1 452 HIGHEST SLP 30.36 ON 31
DPTR FM NORMAL 219 LOWEST SLP 29.48 ON 25
[REMARKS]
#FINAL-10-21#