000
CXUS56 KTFX 011110
CF6BZN
PRELIMINARY LOCAL CLIMATOLOGICAL DATA (WS FORM: F-6)
STATION: BOZEMAN/GALLATIN FIELD MT
MONTH: JUNE
YEAR: 2021
LATITUDE: 45 46 N
LONGITUDE: 111 9 W
TEMPERATURE IN F: :PCPN: SNOW: WIND :SUNSHINE: SKY :PK WND
================================================================================
1 2 3 4 5 6A 6B 7 8 9 10 11 12 13 14 15 16 17 18
12Z AVG MX 2MIN
DY MAX MIN AVG DEP HDD CDD WTR SNW DPTH SPD SPD DIR MIN PSBL S-S WX SPD DR
================================================================================
1 80 41 61 5 4 0 0.00 0.0 0 4.3 12 180 M M 0 14 310
2 84 45 65 9 0 0 0.00 0.0 0 5.5 12 150 M M 0 14 280
3 92 47 70 14 0 5 0.00 0.0 0 4.1 20 350 M M 0 25 330
4 90 53 72 16 0 7 0.03 0.0 0 8.0 33 180 M M 1 3 43 190
5 85 51 68 12 0 3 0.09 0.0 0 9.3 25 190 M M 2 38 30 170
6 74 44 59 2 6 0 0.00 0.0 0 6.1 22 340 M M 2 28 340
7 79 42 61 4 4 0 0.00 0.0 0 5.1 13 310 M M 1 16 330
8 80 50 65 8 0 0 0.00 0.0 0 8.2 24 350 M M 1 32 350
9 88 43 66 9 0 1 0.00 0.0 0 5.8 18 240 M M 0 23 230
10 73 44 59 1 6 0 T 0.0 0 13.9 40 230 M M 3 8 51 230
11 73 32 53 -5 12 0 0.00 0.0 0 7.4 21 250 M M 0 28 240
12 82 40 61 3 4 0 0.00 0.0 0 6.1 18 320 M M 1 22 320
13 92 45 69 11 0 4 0.00 0.0 0 4.5 16 70 M M 0 22 90
14 99 51 75 17 0 10 0.00 0.0 0 6.8 18 220 M M 0 24 240
15 99 55 77 18 0 12 0.00 0.0 0 12.5 31 210 M M 0 47 200
16 81 47 64 5 1 0 0.00 0.0 0 5.8 13 300 M M 0 17 310
17 85 43 64 5 1 0 0.00 0.0 0 5.9 15 360 M M 0 20 20
18 86 42 64 5 1 0 0.00 0.0 0 4.4 14 140 M M 0 17 140
19 83 45 64 4 1 0 0.00 0.0 0 7.5 20 350 M M 1 25 360
20 65 49 57 -3 8 0 0.01 0.0 0 6.6 22 340 M M 9 1 28 340
21 85 39 62 2 3 0 0.00 0.0 0 4.0 12 170 M M 0 15 340
22 93 47 70 10 0 5 0.00 0.0 0 6.9 22 220 M M 0 33 230
23 86 54 70 9 0 5 0.03 0.0 0 6.6 20 320 M M 2 29 330
24 87 48 68 7 0 3 0.07 0.0 0 8.5 28 10 M M 3 3 36 20
25 82 49 66 5 0 1 0.00 0.0 0 6.3 17 360 M M 4 25 300
26 84 51 68 6 0 3 0.00 0.0 0 6.5 22 360 M M 6 28 350
27 88 50 69 7 0 4 0.00 0.0 0 5.5 16 350 M M 4 22 360
28 90 55 73 11 0 8 0.00 0.0 0 4.8 16 150 M M 0 22 150
29 95 51 73 10 0 8 0.00 0.0 0 7.1 21 130 M M 0 8 28 130
30 96 51 74 11 0 9 0.00 0.0 0 5.6 16 60 M M 0 23 60
================================================================================
SM 2556 1404 51 88 0.23 0.0 199.6 M 40
================================================================================
AV 85.2 46.8 6.7 FASTST M M 1 MAX(MPH)
MISC ----> 40 230 51 230
================================================================================
NOTES:
# LAST OF SEVERAL OCCURRENCES
COLUMN 17 PEAK WIND IN M.P.H.
PRELIMINARY LOCAL CLIMATOLOGICAL DATA (WS FORM: F-6) , PAGE 2
STATION: BOZEMAN/GALLATIN FIELD MT
MONTH: JUNE
YEAR: 2021
LATITUDE: 45 46 N
LONGITUDE: 111 9 W
[TEMPERATURE DATA] [PRECIPITATION DATA] SYMBOLS USED IN COLUMN 16
AVERAGE MONTHLY: 66.0 TOTAL FOR MONTH: 0.23 1 = FOG OR MIST
DPTR FM NORMAL: 7.1 DPTR FM NORMAL: -2.31 2 = FOG REDUCING VISIBILITY
HIGHEST: 99 ON 15,14 GRTST 24HR 0.12 ON 4- 5 TO 1/4 MILE OR LESS
LOWEST: 32 ON 11 3 = THUNDER
SNOW, ICE PELLETS, HAIL 4 = ICE PELLETS
TOTAL MONTH: 0.0 INCH 5 = HAIL
GRTST 24HR 0.0 6 = FREEZING RAIN OR DRIZZLE
GRTST DEPTH: 0 7 = DUSTSTORM OR SANDSTORM:
VSBY 1/2 MILE OR LESS
8 = SMOKE OR HAZE
[NO. OF DAYS WITH] [WEATHER - DAYS WITH] 9 = BLOWING SNOW
X = TORNADO
MAX 32 OR BELOW: 0 0.01 INCH OR MORE: 5
MAX 90 OR ABOVE: 9 0.10 INCH OR MORE: 0
MIN 32 OR BELOW: 1 0.50 INCH OR MORE: 0
MIN 0 OR BELOW: 0 1.00 INCH OR MORE: 0
[HDD (BASE 65) ]
TOTAL THIS MO. 51 CLEAR (SCALE 0-3) 26
DPTR FM NORMAL -147 PTCLDY (SCALE 4-7) 3
TOTAL FM JUL 1 7958 CLOUDY (SCALE 8-10) 1
DPTR FM NORMAL -289
[CDD (BASE 65) ]
TOTAL THIS MO. 88
DPTR FM NORMAL 71 [PRESSURE DATA]
TOTAL FM JAN 1 88 HIGHEST SLP 30.21 ON 11
DPTR FM NORMAL 70 LOWEST SLP 29.41 ON 5
[REMARKS]
#FINAL-06-21#