000
CXUS56 KTFX 011110
CF6BZN
PRELIMINARY LOCAL CLIMATOLOGICAL DATA (WS FORM: F-6)
STATION: BOZEMAN/GALLATIN FIELD MT
MONTH: MAY
YEAR: 2021
LATITUDE: 45 46 N
LONGITUDE: 111 9 W
TEMPERATURE IN F: :PCPN: SNOW: WIND :SUNSHINE: SKY :PK WND
================================================================================
1 2 3 4 5 6A 6B 7 8 9 10 11 12 13 14 15 16 17 18
12Z AVG MX 2MIN
DY MAX MIN AVG DEP HDD CDD WTR SNW DPTH SPD SPD DIR MIN PSBL S-S WX SPD DR
================================================================================
1 72 39 56 10 9 0 0.08 0.0 0 6.2 24 240 M M 3 36 250
2 54 33 44 -3 21 0 0.01 0.0 0 9.6 21 150 M M 9 1 25 320
3 59 30 45 -2 20 0 0.00 0.0 0 3.3 10 300 M M 2 16 330
4 59 39 49 2 16 0 0.03 0.0 0 6.2 21 310 M M 7 30 300
5 63 33 48 0 17 0 0.00 0.0 0 5.4 21 150 M M 4 8 26 140
6 77 33 55 7 10 0 0.00 0.0 0 5.6 21 140 M M 0 25 140
7 72 38 55 7 10 0 0.69 0.0 0 9.7 46 300 M M 4 13 58 300
8 45 33 39 -10 26 0 0.17 T 0 8.1 29 270 M M 10 18 35 260
9 49 32 41 -8 24 0 T T 0 5.2 15 350 M M 7 17 350
10 54 31 43 -7 22 0 0.00 0.0 0 4.2 14 80 M M 6 17 80
11 59 28 44 -6 21 0 0.00 0.0 0 4.4 14 320 M M 4 17 300
12 64 30 47 -3 18 0 0.00 0.0 0 5.3 13 10 M M 2 18 350
13 69 43 56 6 9 0 0.00 0.0 0 6.1 17 280 M M 4 22 290
14 69 41 55 4 10 0 0.00 0.0 0 6.0 26 350 M M 1 30 350
15 70 38 54 3 11 0 0.00 0.0 0 4.1 22 50 M M 2 28 60
16 75 36 56 4 9 0 0.00 0.0 0 5.0 16 140 M M 0 19 140
17 80 38 59 7 6 0 0.00 0.0 0 4.1 14 290 M M 0 17 290
18 83 43 63 11 2 0 T 0.0 0 10.3 32 200 M M 1 39 190
19 66 36 51 -1 14 0 T 0.0 0 9.0 17 280 M M 3 20 280
20 43 32 38 -15 27 0 0.29 T 0 6.8 21 280 M M 10 1 24 210
21 32 28 30 -23 35 0 0.52 5.0 5 6.8 20 10 M M 10 12 24 360
22 39 27 33 -20 32 0 T T 5 3.3 10 270 M M 10 18 12 260
23 48 33 41 -13 24 0 0.35 T 0 6.6 18 230 M M 10 1 24 230
24 63 43 53 -1 12 0 0.00 0.0 0 14.4 32 230 M M 8 44 230
25 68 38 53 -1 12 0 0.25 0.0 0 5.2 29 210 M M 6 13 34 210
26 58 38 48 -6 17 0 0.42 0.0 0 5.8 20 300 M M 7 1238 25 320
27 72 34 53 -2 12 0 0.00 0.0 0 5.9 13 160 M M 1 17 200
28 66 42 54 -1 11 0 0.00 0.0 0 9.3 18 340 M M 0 23 310
29 64 31 48 -7 17 0 0.00 0.0 0 5.1 13 310 M M 0 16 300
30 73 32 53 -2 12 0 0.00 0.0 0 3.3 13 150 M M 0 14 140
31 77 35 56 0 9 0 0.00 0.0 0 5.3 13 150 M M 0 14 320
================================================================================
SM 1942 1087 495 0 2.81 5.0 195.6 M 131
================================================================================
AV 62.6 35.1 6.3 FASTST M M 4 MAX(MPH)
MISC ----> 46 300 58 300
================================================================================
NOTES:
# LAST OF SEVERAL OCCURRENCES
COLUMN 17 PEAK WIND IN M.P.H.
PRELIMINARY LOCAL CLIMATOLOGICAL DATA (WS FORM: F-6) , PAGE 2
STATION: BOZEMAN/GALLATIN FIELD MT
MONTH: MAY
YEAR: 2021
LATITUDE: 45 46 N
LONGITUDE: 111 9 W
[TEMPERATURE DATA] [PRECIPITATION DATA] SYMBOLS USED IN COLUMN 16
AVERAGE MONTHLY: 48.9 TOTAL FOR MONTH: 2.81 1 = FOG OR MIST
DPTR FM NORMAL: -2.4 DPTR FM NORMAL: 0.69 2 = FOG REDUCING VISIBILITY
HIGHEST: 83 ON 18 GRTST 24HR 0.86 ON 7- 8 TO 1/4 MILE OR LESS
LOWEST: 27 ON 22 3 = THUNDER
SNOW, ICE PELLETS, HAIL 4 = ICE PELLETS
TOTAL MONTH: 5.0 INCHES 5 = HAIL
GRTST 24HR 5.0 ON 21-21 6 = FREEZING RAIN OR DRIZZLE
GRTST DEPTH: 5 ON 22,21 7 = DUSTSTORM OR SANDSTORM:
VSBY 1/2 MILE OR LESS
8 = SMOKE OR HAZE
[NO. OF DAYS WITH] [WEATHER - DAYS WITH] 9 = BLOWING SNOW
X = TORNADO
MAX 32 OR BELOW: 1 0.01 INCH OR MORE: 10
MAX 90 OR ABOVE: 0 0.10 INCH OR MORE: 7
MIN 32 OR BELOW: 10 0.50 INCH OR MORE: 2
MIN 0 OR BELOW: 0 1.00 INCH OR MORE: 0
[HDD (BASE 65) ]
TOTAL THIS MO. 495 CLEAR (SCALE 0-3) 15
DPTR FM NORMAL 69 PTCLDY (SCALE 4-7) 9
TOTAL FM JUL 1 7907 CLOUDY (SCALE 8-10) 7
DPTR FM NORMAL -142
[CDD (BASE 65) ]
TOTAL THIS MO. 0
DPTR FM NORMAL -1 [PRESSURE DATA]
TOTAL FM JAN 1 0 HIGHEST SLP 30.34 ON 22
DPTR FM NORMAL -1 LOWEST SLP 29.57 ON 18
[REMARKS]
#FINAL-05-21#