098
CXUS56 KTFX 011629
CF6BZN
PRELIMINARY LOCAL CLIMATOLOGICAL DATA (WS FORM: F-6)
STATION: BOZEMAN/GALLATIN FIELD MT
MONTH: FEBRUARY
YEAR: 2020
LATITUDE: 45 46 N
LONGITUDE: 111 9 W
TEMPERATURE IN F: :PCPN: SNOW: WIND :SUNSHINE: SKY :PK WND
================================================================================
1 2 3 4 5 6A 6B 7 8 9 10 11 12 13 14 15 16 17 18
12Z AVG MX 2MIN
DY MAX MIN AVG DEP HDD CDD WTR SNW DPTH SPD SPD DIR MIN PSBL S-S WX SPD DR
================================================================================
1 59 36 48 23 17 0 0.00 0.0 0 17.1 36 240 M M 0 47 230
2 50 19 35 10 30 0 0.15 4.4 T 9.0 23 360 M M 10 18 30 240
3 24 -3 11 -14 54 0 0.00 0.0 3 4.9 15 40 M M 6 16 40
4 25 -2 12 -13 53 0 0.04 0.9 4 3.2 9 190 M M 5 1 11 190
5 31 19 25 0 40 0 0.06 0.5 4 3.9 12 70 M M 10 18 13 70
6 35 25 30 5 35 0 0.32 7.1 8 3.3 13 240 M M 9 1 16 240
7 35 24 30 4 35 0 0.05 2.5 8 3.6 10 150 M M 9 1 11 150
8 37 19 28 2 37 0 0.07 2.0 7 9.2 31 340 M M 10 12 37 340
9 29 4 17 -9 48 0 T T 9 4.8 14 210 M M 6 15 210
10 30 2 16 -10 49 0 0.02 0.6 9 4.6 13 140 M M 6 1 13 140
11 32 -5 14 -12 51 0 T T 9 3.5 13 30 M M 7 14 20
12 30 20 25 -1 40 0 T T 8 5.0 18 320 M M 10 22 320
13 30 6 18 -8 47 0 0.00 0.0 8 2.2 9 230 M M 2 1 12 230
14 38 11 25 -2 40 0 T 0.2 8 10.5 30 300 M M 7 128 40 300
15 37 18 28 1 37 0 0.00 0.0 9 6.9 21 230 M M 10 25 230
16 40 21 31 4 34 0 T 0.2 7 4.0 18 340 M M 8 1 23 330
17 32 10 21 -6 44 0 T 0.3 7 4.3 20 330 M M 7 1 22 330
18 28 9 19 -9 46 0 T 0.2 8 3.9 20 360 M M 8 18 23 360
19 24 1 13 -15 52 0 T T 7 4.3 9 160 M M 4 1 10 140
20 24 -9 8 -20 57 0 0.00 0.0 7 2.9 9 150 M M 0 10 140
21 34 -4 15 -13 50 0 0.00 0.0 6 2.7 12 200 M M 0 13 210
22 46 6 26 -3 39 0 0.00 0.0 6 4.5 14 80 M M 0 15 130
23 45 11 28 -1 37 0 T 0.3 6 5.7 39 310 M M 4 1 48 300
24 32 23 28 -1 37 0 0.05 1.2 6 7.3 17 270 M M 9 1 21 280
25 32 10 21 -9 44 0 T T 8 5.9 14 130 M M 6 1 14 130
26 37 11 24 -6 41 0 0.00 0.0 7 2.8 14 310 M M 9 15 320
27 42 12 27 -3 38 0 0.00 0.0 6 4.5 13 150 M M 1 13 140
28 44 11 28 -3 37 0 0.00 0.0 6 3.3 10 140 M M 0 12 40
29 47 26 37 6 28 0 T T 6 5.6 25 360 M M 4 31 360
================================================================================
SM 1029 331 1197 0 0.76 20.4 153.4 M 167
================================================================================
AV 35.5 11.4 5.3 FASTST M M 6 MAX(MPH)
MISC ----> 39 310 48 300
================================================================================
NOTES:
# LAST OF SEVERAL OCCURRENCES
COLUMN 17 PEAK WIND IN M.P.H.
PRELIMINARY LOCAL CLIMATOLOGICAL DATA (WS FORM: F-6) , PAGE 2
STATION: BOZEMAN/GALLATIN FIELD MT
MONTH: FEBRUARY
YEAR: 2020
LATITUDE: 45 46 N
LONGITUDE: 111 9 W
[TEMPERATURE DATA] [PRECIPITATION DATA] SYMBOLS USED IN COLUMN 16
AVERAGE MONTHLY: 23.4 TOTAL FOR MONTH: 0.76 1 = FOG OR MIST
DPTR FM NORMAL: -3.8 DPTR FM NORMAL: 0.33 2 = FOG REDUCING VISIBILITY
HIGHEST: 59 ON 1 GRTST 24HR 0.37 ON 5- 6 TO 1/4 MILE OR LESS
LOWEST: -9 ON 20 3 = THUNDER
SNOW, ICE PELLETS, HAIL 4 = ICE PELLETS
TOTAL MONTH: 20.4 INCHES 5 = HAIL
GRTST 24HR 7.1 ON 6- 6 6 = FREEZING RAIN OR DRIZZLE
GRTST DEPTH: 9 ON 15,11 7 = DUSTSTORM OR SANDSTORM:
VSBY 1/2 MILE OR LESS
8 = SMOKE OR HAZE
[NO. OF DAYS WITH] [WEATHER - DAYS WITH] 9 = BLOWING SNOW
X = TORNADO
MAX 32 OR BELOW: 14 0.01 INCH OR MORE: 8
MAX 90 OR ABOVE: 0 0.10 INCH OR MORE: 2
MIN 32 OR BELOW: 28 0.50 INCH OR MORE: 0
MIN 0 OR BELOW: 5 1.00 INCH OR MORE: 0
[HDD (BASE 65) ]
TOTAL THIS MO. 1197 CLEAR (SCALE 0-3) 7
DPTR FM NORMAL 139 PTCLDY (SCALE 4-7) 11
TOTAL FM JUL 1 5874 CLOUDY (SCALE 8-10) 11
DPTR FM NORMAL 225
[CDD (BASE 65) ]
TOTAL THIS MO. 0
DPTR FM NORMAL 0 [PRESSURE DATA]
TOTAL FM JAN 1 0 HIGHEST SLP 30.73 ON 20
DPTR FM NORMAL 0 LOWEST SLP 29.57 ON 8
[REMARKS]
#FINAL-02-20#