000
CXUS52 KCAE 011539
CF6CAE
PRELIMINARY LOCAL CLIMATOLOGICAL DATA (WS FORM: F-6)
STATION: COLUMBIA METRO AIRPORT SC
MONTH: OCTOBER
YEAR: 2022
LATITUDE: 33 57 N
LONGITUDE: 81 7 W
TEMPERATURE IN F: :PCPN: SNOW: WIND :SUNSHINE: SKY :PK WND
================================================================================
1 2 3 4 5 6A 6B 7 8 9 10 11 12 13 14 15 16 17 18
12Z AVG MX 2MIN
DY MAX MIN AVG DEP HDD CDD WTR SNW DPTH SPD SPD DIR MIN PSBL S-S WX SPD DR
================================================================================
1 71 58 65 -6 0 0 0.01 0.0 0 4.6 17 280 M M 9 1 22 310
2 74 55 65 -5 0 0 0.00 0.0 0 4.4 15 10 M M 7 24 20
3 69 54 62 -8 3 0 0.00 0.0 0 6.3 17 30 M M 7 18 25 40
4 76 44 60 -9 5 0 0.00 0.0 0 4.9 15 290 M M 0 1 24 280
5 78 45 62 -7 3 0 0.00 0.0 0 4.5 16 290 M M 1 1 21 280
6 83 49 66 -3 0 1 0.00 0.0 0 1.5 7 320 M M 1 1 11 110
7 86 51 69 1 0 4 0.00 0.0 0 1.9 15 300 M M 0 1 19 300
8 77 54 66 -2 0 1 0.00 0.0 0 5.1 17 60 M M 5 22 30
9 71 55 63 -4 2 0 0.00 0.0 0 6.2 13 70 M M 8 17 80
10 71 61 66 -1 0 1 T 0.0 0 5.9 14 70 M M 8 17 70
11 78 62 70 3 0 5 0.00 0.0 0 6.3 13 90 M M 7 20 70
12 81 62 72 6 0 7 0.82 0.0 0 6.9 15 160 M M 8 18 19 150
13 78 61 70 4 0 5 0.00 0.0 0 4.5 12 200 M M 6 128 14 180
14 74 50 62 -3 3 0 0.00 0.0 0 3.1 12 280 M M 0 1 15 250
15 82 45 64 -1 1 0 0.00 0.0 0 3.2 12 200 M M 1 1 16 220
16 84 52 68 3 0 3 0.00 0.0 0 4.3 14 280 M M 3 17 280
17 82 59 71 7 0 6 0.00 0.0 0 7.0 25 250 M M 7 32 260
18 60 43 52 -12 13 0 0.00 0.0 0 8.8 18 290 M M 1 23 300
19 62 33 48 -15 17 0 0.00 0.0 0 4.1 16 280 M M 0 21 290
20 67 33 50 -13 15 0 0.00 0.0 0 3.5 15 210 M M 1 1 18 240
21 71 33 52 -10 13 0 0.00 0.0 0 1.3 9 280 M M 0 1 10 280
22 74 35 55 -7 10 0 0.00 0.0 0 2.6 9 100 M M 1 12 100
23 77 42 60 -2 5 0 0.00 0.0 0 2.3 12 310 M M 1 15 320
24 77 40 59 -2 6 0 0.00 0.0 0 1.2 8 350 M M 1 11 330
25 77 40 59 -2 6 0 0.00 0.0 0 2.8 10 100 M M 3 18 13 120
26 80 57 69 8 0 4 0.00 0.0 0 6.2 15 270 M M 4 20 240
27 73 54 64 4 1 0 0.00 0.0 0 6.7 15 40 M M 3 20 60
28 74 57 66 6 0 1 0.00 0.0 0 7.8 14 40 M M 6 19 30
29 63 57 60 0 5 0 0.02 0.0 0 7.5 13 30 M M 10 18 20 60
30 60 57 59 0 6 0 0.19 0.0 0 5.7 10 80 M M 10 1 12 70
31 80 58 69 10 0 4 T 0.0 0 4.2 20 250 M M 8 1 25 240
================================================================================
SM 2310 1556 114 42 1.04 0.0 145.3 M 127
================================================================================
AV 74.5 50.2 4.7 FASTST M M 4 MAX(MPH)
MISC ----> 25 250 32 260
================================================================================
NOTES:
# LAST OF SEVERAL OCCURRENCES
COLUMN 17 PEAK WIND IN M.P.H.
PRELIMINARY LOCAL CLIMATOLOGICAL DATA (WS FORM: F-6) , PAGE 2
STATION: COLUMBIA METRO AIRPORT SC
MONTH: OCTOBER
YEAR: 2022
LATITUDE: 33 57 N
LONGITUDE: 81 7 W
[TEMPERATURE DATA] [PRECIPITATION DATA] SYMBOLS USED IN COLUMN 16
AVERAGE MONTHLY: 62.4 TOTAL FOR MONTH: 1.04 1 = FOG OR MIST
DPTR FM NORMAL: -2.2 DPTR FM NORMAL: -2.09 2 = FOG REDUCING VISIBILITY
HIGHEST: 86 ON 7 GRTST 24HR 1.67 ON 30- 1 TO 1/4 MILE OR LESS
LOWEST: 33 ON 21,20 3 = THUNDER
SNOW, ICE PELLETS, HAIL 4 = ICE PELLETS
TOTAL MONTH: 0.0 INCH 5 = HAIL
GRTST 24HR 0.0 6 = FREEZING RAIN OR DRIZZLE
GRTST DEPTH: 0 7 = DUSTSTORM OR SANDSTORM:
VSBY 1/2 MILE OR LESS
8 = SMOKE OR HAZE
[NO. OF DAYS WITH] [WEATHER - DAYS WITH] 9 = BLOWING SNOW
X = TORNADO
MAX 32 OR BELOW: 0 0.01 INCH OR MORE: 4
MAX 90 OR ABOVE: 0 0.10 INCH OR MORE: 2
MIN 32 OR BELOW: 0 0.50 INCH OR MORE: 1
MIN 0 OR BELOW: 0 1.00 INCH OR MORE: 0
[HDD (BASE 65) ]
TOTAL THIS MO. 114 CLEAR (SCALE 0-3) 16
DPTR FM NORMAL 10 PTCLDY (SCALE 4-7) 9
TOTAL FM JUL 1 122 CLOUDY (SCALE 8-10) 6
DPTR FM NORMAL 12
[CDD (BASE 65) ]
TOTAL THIS MO. 42
DPTR FM NORMAL -50 [PRESSURE DATA]
TOTAL FM JAN 1 2298 HIGHEST SLP 30.34 ON 29
DPTR FM NORMAL 78 LOWEST SLP 29.66 ON 17
[REMARKS]
#FINAL-10-22#