000
CXUS51 KCLE 010800
CF6CAK
PRELIMINARY LOCAL CLIMATOLOGICAL DATA (WS FORM: F-6)
STATION: AKRON CANTON OH
MONTH: JUNE
YEAR: 2023
LATITUDE: 40 55 N
LONGITUDE: 81 26 W
TEMPERATURE IN F: :PCPN: SNOW: WIND :SUNSHINE: SKY :PK WND
================================================================================
1 2 3 4 5 6A 6B 7 8 9 10 11 12 13 14 15 16 17 18
12Z AVG MX 2MIN
DY MAX MIN AVG DEP HDD CDD WTR SNW DPTH SPD SPD DIR MIN PSBL S-S WX SPD DR
================================================================================
1 85 52 69 3 0 4 0.00 0.0 0 5.6 14 30 M M 0 20 60
2 88 58 73 7 0 8 0.00 0.0 0 9.3 21 10 M M 3 27 20
3 88 57 73 6 0 8 0.00 0.0 0 10.7 22 20 M M 4 8 29 10
4 79 54 67 0 0 2 0.00 0.0 0 10.6 17 40 M M 0 22 30
5 72 45 59 -8 6 0 0.00 0.0 0 6.7 13 40 M M 7 8 19 30
6 77 50 64 -4 1 0 0.00 0.0 0 8.1 20 360 M M 8 8 25 360
7 71 47 59 -9 6 0 0.00 0.0 0 9.6 20 330 M M 2 18 25 10
8 71 43 57 -11 8 0 0.00 0.0 0 7.5 17 300 M M 5 18 24 330
9 73 52 63 -5 2 0 0.00 0.0 0 6.7 16 350 M M 5 20 350
10 81 52 67 -2 0 2 0.00 0.0 0 7.5 18 250 M M 4 26 230
11 80 58 69 0 0 4 0.17 0.0 0 9.6 28 210 M M 7 1 34 210
12 63 52 58 -11 7 0 0.22 0.0 0 10.3 21 310 M M 9 1 31 300
13 63 45 54 -15 11 0 0.52 0.0 0 10.6 26 230 M M 7 1 35 230
14 70 51 61 -9 4 0 0.38 0.0 0 9.5 20 300 M M 7 1 25 300
15 73 49 61 -9 4 0 0.55 0.0 0 6.9 18 150 M M 5 13 21 150
16 69 55 62 -8 3 0 0.07 0.0 0 10.2 23 340 M M 8 138 28 350
17 75 52 64 -6 1 0 0.00 0.0 0 7.5 16 340 M M 2 18 21 300
18 80 52 66 -5 0 1 0.00 0.0 0 3.2 12 20 M M 2 18 14 100
19 83 55 69 -2 0 4 0.00 0.0 0 7.8 14 140 M M 8 17 140
20 79 65 72 1 0 7 0.00 0.0 0 9.4 18 100 M M 8 23 110
21 81 63 72 1 0 7 0.00 0.0 0 10.8 21 130 M M 7 26 80
22 71 57 64 -8 1 0 0.08 0.0 0 11.4 24 130 M M 9 1 31 130
23 69 61 65 -7 0 0 0.03 0.0 0 5.0 12 110 M M 10 1 14 110
24 76 63 70 -2 0 5 0.03 0.0 0 4.9 13 280 M M 8 1 17 310
25 86 61 74 2 0 9 0.00 0.0 0 8.7 22 190 M M 5 1 27 220
26 76 63 70 -2 0 5 0.25 0.0 0 10.4 24 240 M M 8 13 35 230
27 67 61 64 -9 1 0 0.09 0.0 0 8.7 17 340 M M 10 18 25 330
28 74 57 66 -7 0 1 0.00 0.0 0 6.9 14 340 M M 10 18 19 330
29 81 55 68 -5 0 3 0.00 0.0 0 6.4 15 200 M M 8 8 21 190
30 82 63 73 0 0 8 0.00 0.0 0 7.9 16 220 M M 7 18 20 240
================================================================================
SM 2283 1648 55 78 2.39 0.0 248.4 M 183
================================================================================
AV 76.1 54.9 8.3 FASTST M M 6 MAX(MPH)
MISC ----> 28 210 # 35 230
================================================================================
NOTES:
# LAST OF SEVERAL OCCURRENCES
COLUMN 17 PEAK WIND IN M.P.H.
PRELIMINARY LOCAL CLIMATOLOGICAL DATA (WS FORM: F-6) , PAGE 2
STATION: AKRON CANTON OH
MONTH: JUNE
YEAR: 2023
LATITUDE: 40 55 N
LONGITUDE: 81 26 W
[TEMPERATURE DATA] [PRECIPITATION DATA] SYMBOLS USED IN COLUMN 16
AVERAGE MONTHLY: 65.5 TOTAL FOR MONTH: 2.39 1 = FOG OR MIST
DPTR FM NORMAL: -4.4 DPTR FM NORMAL: -2.04 2 = FOG REDUCING VISIBILITY
HIGHEST: 88 ON 3, 2 GRTST 24HR 0.90 ON 13-14 TO 1/4 MILE OR LESS
LOWEST: 43 ON 8 3 = THUNDER
SNOW, ICE PELLETS, HAIL 4 = ICE PELLETS
TOTAL MONTH: 0.0 INCH 5 = HAIL
GRTST 24HR 0.0 6 = FREEZING RAIN OR DRIZZLE
GRTST DEPTH: 0 7 = DUSTSTORM OR SANDSTORM:
VSBY 1/2 MILE OR LESS
8 = SMOKE OR HAZE
[NO. OF DAYS WITH] [WEATHER - DAYS WITH] 9 = BLOWING SNOW
X = TORNADO
MAX 32 OR BELOW: 0 0.01 INCH OR MORE: 11
MAX 90 OR ABOVE: 0 0.10 INCH OR MORE: 6
MIN 32 OR BELOW: 0 0.50 INCH OR MORE: 2
MIN 0 OR BELOW: 0 1.00 INCH OR MORE: 0
[HDD (BASE 65) ]
TOTAL THIS MO. 55 CLEAR (SCALE 0-3) 6
DPTR FM NORMAL 25 PTCLDY (SCALE 4-7) 16
TOTAL FM JUL 1 5000 CLOUDY (SCALE 8-10) 8
DPTR FM NORMAL -698
[CDD (BASE 65) ]
TOTAL THIS MO. 78
DPTR FM NORMAL -99 [PRESSURE DATA]
TOTAL FM JAN 1 115 HIGHEST SLP 30.16 ON 21
DPTR FM NORMAL -135 LOWEST SLP 29.43 ON 14
[REMARKS]
#FINAL-06-23#