000
CXUS51 KCLE 010800
CF6CAK
PRELIMINARY LOCAL CLIMATOLOGICAL DATA (WS FORM: F-6)
STATION: AKRON CANTON OH
MONTH: APRIL
YEAR: 2022
LATITUDE: 40 55 N
LONGITUDE: 81 26 W
TEMPERATURE IN F: :PCPN: SNOW: WIND :SUNSHINE: SKY :PK WND
================================================================================
1 2 3 4 5 6A 6B 7 8 9 10 11 12 13 14 15 16 17 18
12Z AVG MX 2MIN
DY MAX MIN AVG DEP HDD CDD WTR SNW DPTH SPD SPD DIR MIN PSBL S-S WX SPD DR
================================================================================
1 42 34 38 -7 27 0 0.07 0.2 T 11.4 22 300 M M 10 1 30 280
2 50 31 41 -4 24 0 0.01 0.0 0 4.9 16 230 M M 7 22 240
3 44 35 40 -6 25 0 0.06 T 0 8.3 21 300 M M 9 1 25 280
4 46 32 39 -7 26 0 0.10 0.0 0 8.9 17 160 M M 8 18 21 150
5 60 36 48 1 17 0 0.04 0.0 0 7.7 14 150 M M 9 16 180
6 59 49 54 7 11 0 0.25 0.0 0 11.1 25 150 M M 10 1 32 170
7 58 41 50 3 15 0 0.06 T 0 9.1 35 210 M M 5 135 39 210
8 51 34 43 -5 22 0 0.05 0.0 0 9.2 25 290 M M 7 31 250
9 44 35 40 -8 25 0 0.11 0.3 0 10.0 20 270 M M 9 12 25 210
10 54 35 45 -4 20 0 0.01 T 0 9.1 18 310 M M 6 26 290
11 58 42 50 1 15 0 0.55 0.0 0 12.1 22 180 M M 8 18 31 190
12 69 43 56 6 9 0 0.07 0.0 0 5.9 16 340 M M 5 12 20 340
13 75 58 67 17 0 2 0.03 0.0 0 14.4 29 220 M M 7 40 230
14 64 47 56 6 9 0 0.12 0.0 0 16.3 30 280 M M 7 18 39 280
15 69 43 56 5 9 0 0.00 0.0 0 16.1 36 240 M M 4 45 240
16 57 37 47 -4 18 0 0.39 0.0 0 9.8 24 280 M M 8 1 30 260
17 45 32 39 -13 26 0 T T 0 9.5 18 20 M M 6 22 20
18 42 33 38 -14 27 0 0.67 T 0 12.9 24 260 M M 8 1 30 280
19 42 34 38 -14 27 0 0.09 0.8 T 13.4 28 300 M M 9 18 35 310
20 57 29 43 -10 22 0 0.00 0.0 0 7.6 17 140 M M 6 22 150
21 65 50 58 5 7 0 0.16 0.0 0 13.1 26 220 M M 8 18 39 210
22 65 44 55 1 10 0 T 0.0 0 6.9 15 80 M M 6 8 19 80
23 84 54 69 15 0 4 T 0.0 0 8.8 18 260 M M 5 26 270
24 84 61 73 19 0 8 0.00 0.0 0 10.6 25 230 M M 5 30 230
25 82 56 69 14 0 4 0.23 0.0 0 10.2 26 220 M M 8 1 35 220
26 55 42 49 -6 16 0 0.00 0.0 0 11.3 21 260 M M 9 25 280
27 42 29 36 -19 29 0 T 0.0 0 11.5 21 280 M M 8 25 270
28 55 26 41 -15 24 0 0.00 0.0 0 5.9 14 10 M M 4 17 100
29 63 31 47 -9 18 0 0.00 0.0 0 7.0 13 60 M M 4 15 90
30 70 43 57 1 8 0 0.01 0.0 0 9.2 15 100 M M 8 8 29 350
================================================================================
SM 1751 1196 486 18 3.08 1.3 302.2 M 213
================================================================================
AV 58.4 39.9 10.1 FASTST M M 7 MAX(MPH)
MISC ----> 36 240 45 240
================================================================================
NOTES:
# LAST OF SEVERAL OCCURRENCES
COLUMN 17 PEAK WIND IN M.P.H.
PRELIMINARY LOCAL CLIMATOLOGICAL DATA (WS FORM: F-6) , PAGE 2
STATION: AKRON CANTON OH
MONTH: APRIL
YEAR: 2022
LATITUDE: 40 55 N
LONGITUDE: 81 26 W
[TEMPERATURE DATA] [PRECIPITATION DATA] SYMBOLS USED IN COLUMN 16
AVERAGE MONTHLY: 49.1 TOTAL FOR MONTH: 3.08 1 = FOG OR MIST
DPTR FM NORMAL: -1.7 DPTR FM NORMAL: -0.78 2 = FOG REDUCING VISIBILITY
HIGHEST: 84 ON 24,23 GRTST 24HR 0.68 ON 18-19 TO 1/4 MILE OR LESS
LOWEST: 26 ON 28 3 = THUNDER
SNOW, ICE PELLETS, HAIL 4 = ICE PELLETS
TOTAL MONTH: 1.3 INCHES 5 = HAIL
GRTST 24HR 0.8 ON 19-19 6 = FREEZING RAIN OR DRIZZLE
GRTST DEPTH: T 7 = DUSTSTORM OR SANDSTORM:
VSBY 1/2 MILE OR LESS
8 = SMOKE OR HAZE
[NO. OF DAYS WITH] [WEATHER - DAYS WITH] 9 = BLOWING SNOW
X = TORNADO
MAX 32 OR BELOW: 0 0.01 INCH OR MORE: 20
MAX 90 OR ABOVE: 0 0.10 INCH OR MORE: 9
MIN 32 OR BELOW: 7 0.50 INCH OR MORE: 2
MIN 0 OR BELOW: 0 1.00 INCH OR MORE: 0
[HDD (BASE 65) ]
TOTAL THIS MO. 486 CLEAR (SCALE 0-3) 0
DPTR FM NORMAL 52 PTCLDY (SCALE 4-7) 20
TOTAL FM JUL 1 5048 CLOUDY (SCALE 8-10) 10
DPTR FM NORMAL -444
[CDD (BASE 65) ]
TOTAL THIS MO. 18
DPTR FM NORMAL 10 [PRESSURE DATA]
TOTAL FM JAN 1 18 HIGHEST SLP 30.52 ON 22
DPTR FM NORMAL 9 LOWEST SLP 29.54 ON 6
[REMARKS]
#FINAL-04-22#