000
CXUS55 KABQ 011110
CF6CAO
PRELIMINARY LOCAL CLIMATOLOGICAL DATA (WS FORM: F-6)
STATION: CLAYTON NM
MONTH: DECEMBER
YEAR: 2022
LATITUDE: 36 27 N
LONGITUDE: 103 9 W
TEMPERATURE IN F: :PCPN: SNOW: WIND :SUNSHINE: SKY :PK WND
================================================================================
1 2 3 4 5 6A 6B 7 8 9 10 11 12 13 14 15 16 17 18
12Z AVG MX 2MIN
DY MAX MIN AVG DEP HDD CDD WTR SNW DPTH SPD SPD DIR MIN PSBL S-S WX SPD DR
================================================================================
1 62 25 44 6 21 0 0.00 0.0 0 17.4 32 210 M M 0 42 210
2 64 23 44 6 21 0 0.00 0.0 0 24.1 49 250 M M 1 8 72 240
3 41 15 28 -10 37 0 0.00 0.0 0 14.8 28 200 M M 0 37 210
4 57 40 49 12 16 0 0.00 0.0 0 9.4 20 280 M M 0 26 280
5 69 28 49 12 16 0 0.00 0.0 0 9.1 18 40 M M 0 27 40
6 63 21 42 5 23 0 0.00 0.0 0 10.4 20 200 M M 0 24 190
7 60 33 47 11 18 0 0.00 0.0 0 12.3 25 200 M M 0 31 200
8 58 21 40 4 25 0 0.00 0.0 0 12.4 28 290 M M 0 39 280
9 53 18 36 0 29 0 0.00 0.0 0 11.3 29 200 M M 0 36 200
10 47 27 37 1 28 0 0.00 0.0 0 10.9 18 300 M M 0 24 300
11 64 28 46 10 19 0 0.00 0.0 0 13.9 23 200 M M 0 30 200
12 56 31 44 9 21 0 0.00 0.0 0 18.0 29 240 M M 3 42 250
13 44 13 29 -6 36 0 0.00 0.0 0 14.3 30 270 M M 0 48 270
14 42 13 28 -7 37 0 0.00 0.0 0 8.0 17 220 M M 1 22 240
15 37 12 25 -10 40 0 T T 0 8.6 18 30 M M 4 1 23 20
16 32 12 22 -13 43 0 0.05 0.5 T 8.0 15 360 M M 3 12 21 330
17 38 12 25 -10 40 0 0.00 0.0 0 8.0 15 260 M M 0 21 250
18 41 17 29 -5 36 0 0.00 0.0 0 12.6 28 200 M M 3 34 220
19 53 19 36 2 29 0 0.00 0.0 0 11.1 26 320 M M 0 35 320
20 47 11 29 -5 36 0 0.00 0.0 0 10.7 26 200 M M 0 35 210
21 59 4 32 -2 33 0 0.00 0.0 0 11.9 32 20 M M 1 8 41 30
22 6 -6 0 -34 65 0 0.00 0.0 0 20.7 36 10 M M 1 49 340
23 18 -5 7 -27 58 0 0.00 0.0 0 8.0 17 220 M M 0 26 240
24 52 8 30 -4 35 0 0.00 0.0 0 9.7 22 20 M M 0 29 30
25 60 26 43 9 22 0 0.00 0.0 0 11.9 25 40 M M 0 32 30
26 49 27 38 4 27 0 0.00 0.0 0 10.4 17 240 M M 3 24 250
27 69 32 51 17 14 0 0.00 0.0 0 17.3 29 250 M M 0 40 240
28 59 40 50 16 15 0 0.00 0.0 0 19.0 36 240 M M 0 52 240
29 50 22 36 2 29 0 0.00 0.0 0 13.1 32 240 M M 0 47 230
30 55 15 35 1 30 0 0.00 0.0 0 9.6 21 190 M M 0 31 240
31 65 29 47 13 18 0 0.00 0.0 0 11.6 29 280 M M 0 41 280
================================================================================
SM 1570 611 917 0 0.05 0.5 388.5 M 20
================================================================================
AV 50.6 19.7 12.5 FASTST M M 1 MAX(MPH)
MISC ----> 49 250 72 240
================================================================================
NOTES:
# LAST OF SEVERAL OCCURRENCES
COLUMN 17 PEAK WIND IN M.P.H.
PRELIMINARY LOCAL CLIMATOLOGICAL DATA (WS FORM: F-6) , PAGE 2
STATION: CLAYTON NM
MONTH: DECEMBER
YEAR: 2022
LATITUDE: 36 27 N
LONGITUDE: 103 9 W
[TEMPERATURE DATA] [PRECIPITATION DATA] SYMBOLS USED IN COLUMN 16
AVERAGE MONTHLY: 35.2 TOTAL FOR MONTH: 0.05 1 = FOG OR MIST
DPTR FM NORMAL: -0.1 DPTR FM NORMAL: -0.37 2 = FOG REDUCING VISIBILITY
HIGHEST: 69 ON 27, 5 GRTST 24HR 0.05 ON 16-16 TO 1/4 MILE OR LESS
LOWEST: -6 ON 22 3 = THUNDER
SNOW, ICE PELLETS, HAIL 4 = ICE PELLETS
TOTAL MONTH: 0.5 INCH 5 = HAIL
GRTST 24HR 0.5 ON 16-16 6 = FREEZING RAIN OR DRIZZLE
GRTST DEPTH: T 7 = DUSTSTORM OR SANDSTORM:
VSBY 1/2 MILE OR LESS
8 = SMOKE OR HAZE
[NO. OF DAYS WITH] [WEATHER - DAYS WITH] 9 = BLOWING SNOW
X = TORNADO
MAX 32 OR BELOW: 3 0.01 INCH OR MORE: 1
MAX 90 OR ABOVE: 0 0.10 INCH OR MORE: 0
MIN 32 OR BELOW: 28 0.50 INCH OR MORE: 0
MIN 0 OR BELOW: 2 1.00 INCH OR MORE: 0
[HDD (BASE 65) ]
TOTAL THIS MO. 917 CLEAR (SCALE 0-3) 29
DPTR FM NORMAL -3 PTCLDY (SCALE 4-7) 2
TOTAL FM JUL 1 1993 CLOUDY (SCALE 8-10) 0
DPTR FM NORMAL 24
[CDD (BASE 65) ]
TOTAL THIS MO. 0
DPTR FM NORMAL 0 [PRESSURE DATA]
TOTAL FM JAN 1 1252 HIGHEST SLP 30.73 ON 23
DPTR FM NORMAL 285 LOWEST SLP 29.26 ON 28
[REMARKS]
#FINAL-12-22#