000
CXUS55 KABQ 011528
CF6CAO
PRELIMINARY LOCAL CLIMATOLOGICAL DATA (WS FORM: F-6)
STATION: CLAYTON NM
MONTH: MAY
YEAR: 2022
LATITUDE: 36 27 N
LONGITUDE: 103 9 W
TEMPERATURE IN F: :PCPN: SNOW: WIND :SUNSHINE: SKY :PK WND
================================================================================
1 2 3 4 5 6A 6B 7 8 9 10 11 12 13 14 15 16 17 18
12Z AVG MX 2MIN
DY MAX MIN AVG DEP HDD CDD WTR SNW DPTH SPD SPD DIR MIN PSBL S-S WX SPD DR
================================================================================
1 76 36 56 0 9 0 0.09 0.0 0 16.1 35 170 M M 3 3 50 170
2 74 35 55 -1 10 0 0.00 0.0 0 17.0 32 20 M M 1 1 43 30
3 68 28 48 -9 17 0 0.00 0.0 0 15.3 31 160 M M 1 41 170
4 72 38 55 -2 10 0 0.00 0.0 0 12.7 38 40 M M 3 1 48 50
5 72 39 56 -1 9 0 0.00 0.0 0 11.6 24 340 M M 2 35 330
6 85 47 66 8 0 1 0.00 0.0 0 12.4 26 110 M M 0 34 110
7 95 50 73 15 0 8 0.00 0.0 0 13.9 37 180 M M 0 47 190
8 91 53 72 14 0 7 0.00 0.0 0 18.5 41 200 M M 0 58 190
9 89 58 74 15 0 9 0.00 0.0 0 21.2 36 200 M M 0 50 200
10 92 51 72 13 0 7 0.00 0.0 0 18.0 38 190 M M 0 50 190
11 91 55 73 13 0 8 0.00 0.0 0 23.2 36 160 M M 1 48 190
12 86 61 74 14 0 9 0.00 0.0 0 18.0 29 260 M M 2 8 45 270
13 79 45 62 2 3 0 0.00 0.0 0 9.6 22 150 M M 0 28 140
14 86 47 67 6 0 2 0.00 0.0 0 10.0 23 340 M M 0 36 10
15 85 56 71 10 0 6 0.00 0.0 0 16.0 32 20 M M 0 44 20
16 80 54 67 5 0 2 T 0.0 0 14.0 46 190 M M 3 38 59 190
17 93 57 75 13 0 10 0.00 0.0 0 13.9 29 200 M M 0 38 210
18 85 60 73 11 0 8 0.00 0.0 0 16.4 22 360 M M 0 38 32 360
19 93 52 73 10 0 8 0.00 0.0 0 13.9 29 230 M M 2 38 42 230
20 70 40 55 -8 10 0 0.00 0.0 0 21.0 36 20 M M 0 46 10
21 47 38 43 -20 22 0 0.00 0.0 0 16.0 29 360 M M 9 37 10
22 65 37 51 -13 14 0 0.00 0.0 0 14.6 31 170 M M 6 38 170
23 68 45 57 -7 8 0 0.77 0.0 0 16.2 45 10 M M 5 123 55 10
24 50 41 46 -18 19 0 0.32 0.0 0 18.0 28 20 M M 8 1 34 10
25 67 40 54 -11 11 0 0.00 0.0 0 17.1 28 350 M M 2 39 320
26 82 50 66 1 0 1 0.00 0.0 0 9.8 17 10 M M 0 24 20
27 93 54 74 8 0 9 0.00 0.0 0 16.9 33 210 M M 0 42 220
28 95 62 79 13 0 14 0.00 0.0 0 20.5 37 210 M M 0 52 220
29 89 59 74 8 0 9 0.00 0.0 0 17.6 38 210 M M 0 57 190
30 84 56 70 3 0 5 0.00 0.0 0 14.5 32 210 M M 1 45 220
31 76 51 64 -3 1 0 0.00 0.0 0 15.0 25 30 M M 0 33 10
================================================================================
SM 2478 1495 143 123 1.18 0.0 488.9 M 49
================================================================================
AV 79.9 48.2 15.8 FASTST M M 2 MAX(MPH)
MISC ----> 46 190 59 190
================================================================================
NOTES:
# LAST OF SEVERAL OCCURRENCES
COLUMN 17 PEAK WIND IN M.P.H.
PRELIMINARY LOCAL CLIMATOLOGICAL DATA (WS FORM: F-6) , PAGE 2
STATION: CLAYTON NM
MONTH: MAY
YEAR: 2022
LATITUDE: 36 27 N
LONGITUDE: 103 9 W
[TEMPERATURE DATA] [PRECIPITATION DATA] SYMBOLS USED IN COLUMN 16
AVERAGE MONTHLY: 64.1 TOTAL FOR MONTH: 1.18 1 = FOG OR MIST
DPTR FM NORMAL: 2.6 DPTR FM NORMAL: -0.67 2 = FOG REDUCING VISIBILITY
HIGHEST: 95 ON 28, 7 GRTST 24HR 1.09 ON 23-24 TO 1/4 MILE OR LESS
LOWEST: 28 ON 3 3 = THUNDER
SNOW, ICE PELLETS, HAIL 4 = ICE PELLETS
TOTAL MONTH: 0.0 INCH 5 = HAIL
GRTST 24HR 0.0 6 = FREEZING RAIN OR DRIZZLE
GRTST DEPTH: 0 7 = DUSTSTORM OR SANDSTORM:
VSBY 1/2 MILE OR LESS
8 = SMOKE OR HAZE
[NO. OF DAYS WITH] [WEATHER - DAYS WITH] 9 = BLOWING SNOW
X = TORNADO
MAX 32 OR BELOW: 0 0.01 INCH OR MORE: 3
MAX 90 OR ABOVE: 8 0.10 INCH OR MORE: 2
MIN 32 OR BELOW: 1 0.50 INCH OR MORE: 1
MIN 0 OR BELOW: 0 1.00 INCH OR MORE: 0
[HDD (BASE 65) ]
TOTAL THIS MO. 143 CLEAR (SCALE 0-3) 26
DPTR FM NORMAL -18 PTCLDY (SCALE 4-7) 4
TOTAL FM JUL 1 4377 CLOUDY (SCALE 8-10) 1
DPTR FM NORMAL -454
[CDD (BASE 65) ]
TOTAL THIS MO. 123
DPTR FM NORMAL 70 [PRESSURE DATA]
TOTAL FM JAN 1 128 HIGHEST SLP 30.39 ON 22
DPTR FM NORMAL 69 LOWEST SLP 29.19 ON 29
[REMARKS]
#FINAL-05-22#