000
CXUS55 KABQ 011010
CF6CAO
PRELIMINARY LOCAL CLIMATOLOGICAL DATA (WS FORM: F-6)
STATION: CLAYTON NM
MONTH: MARCH
YEAR: 2022
LATITUDE: 36 27 N
LONGITUDE: 103 9 W
TEMPERATURE IN F: :PCPN: SNOW: WIND :SUNSHINE: SKY :PK WND
================================================================================
1 2 3 4 5 6A 6B 7 8 9 10 11 12 13 14 15 16 17 18
12Z AVG MX 2MIN
DY MAX MIN AVG DEP HDD CDD WTR SNW DPTH SPD SPD DIR MIN PSBL S-S WX SPD DR
================================================================================
1 70 33 52 12 13 0 0.00 0.0 0 9.2 16 290 M M 0 23 120
2 72 40 56 15 9 0 0.00 0.0 0 8.4 14 270 M M 0 17 140
3 73 40 57 16 8 0 0.00 0.0 0 13.9 28 190 M M 0 39 200
4 71 44 58 17 7 0 T 0.0 0 17.3 35 210 M M 2 48 210
5 63 25 44 2 21 0 0.00 0.0 0 18.3 31 250 M M 0 45 260
6 32 14 23 -19 42 0 T T 0 12.2 22 350 M M 6 31 350
7 38 14 26 -16 39 0 0.00 0.0 0 10.7 20 360 M M 3 27 350
8 44 17 31 -12 34 0 0.00 0.0 0 6.8 18 60 M M 6 24 20
9 54 14 34 -9 31 0 0.00 0.0 0 17.4 37 10 M M 3 8 47 10
10 27 11 19 -24 46 0 0.04 1.5 0 15.7 26 10 M M 10 18 35 20
11 37 13 25 -19 40 0 0.01 0.2 T 9.6 18 350 M M 3 1 25 350
12 59 16 38 -6 27 0 0.00 0.0 0 9.1 18 200 M M 0 23 200
13 69 30 50 6 15 0 0.00 0.0 0 13.0 24 190 M M 0 36 280
14 58 32 45 1 20 0 0.00 0.0 0 19.5 41 360 M M 1 56 340
15 65 26 46 1 19 0 0.00 0.0 0 14.6 26 200 M M 0 35 200
16 69 38 54 9 11 0 0.00 0.0 0 12.1 21 10 M M 0 26 10
17 46 30 38 -7 27 0 0.01 T 0 25.0 47 360 M M 6 12 63 350
18 54 25 40 -6 25 0 0.00 0.0 0 10.6 23 320 M M 0 32 280
19 63 23 43 -3 22 0 0.00 0.0 0 7.5 18 200 M M 0 23 190
20 69 41 55 9 10 0 0.00 0.0 0 16.1 37 190 M M 2 8 46 190
21 52 29 41 -5 24 0 0.23 2.9 0 23.0 47 360 M M 7 123 62 360
22 43 27 35 -12 30 0 0.00 0.0 3 25.5 44 360 M M 2 58 350
23 47 28 38 -9 27 0 T 0.0 1 18.3 40 350 M M 2 59 10
24 68 27 48 1 17 0 0.00 0.0 0 13.8 26 340 M M 0 37 10
25 61 39 50 2 15 0 0.00 0.0 0 12.9 26 20 M M 0 35 50
26 82 36 59 11 6 0 0.00 0.0 0 10.7 17 300 M M 0 25 260
27 72 34 53 5 12 0 0.00 0.0 0 11.0 21 20 M M 0 27 120
28 79 37 58 10 7 0 0.00 0.0 0 12.6 25 220 M M 0 37 200
29 68 39 54 6 11 0 0.00 0.0 0 24.7 39 340 M M 1 58 220
30 48 28 38 -11 27 0 T T 0 18.3 32 350 M M 7 1 43 340
31 63 26 45 -4 20 0 0.00 0.0 0 10.5 20 200 M M 0 27 190
================================================================================
SM 1816 876 662 0 0.29 4.6 448.3 M 61
================================================================================
AV 58.6 28.3 14.5 FASTST M M 2 MAX(MPH)
MISC ----> # 47 360 63 350
================================================================================
NOTES:
# LAST OF SEVERAL OCCURRENCES
COLUMN 17 PEAK WIND IN M.P.H.
PRELIMINARY LOCAL CLIMATOLOGICAL DATA (WS FORM: F-6) , PAGE 2
STATION: CLAYTON NM
MONTH: MARCH
YEAR: 2022
LATITUDE: 36 27 N
LONGITUDE: 103 9 W
[TEMPERATURE DATA] [PRECIPITATION DATA] SYMBOLS USED IN COLUMN 16
AVERAGE MONTHLY: 43.4 TOTAL FOR MONTH: 0.29 1 = FOG OR MIST
DPTR FM NORMAL: -1.5 DPTR FM NORMAL: -0.62 2 = FOG REDUCING VISIBILITY
HIGHEST: 82 ON 26 GRTST 24HR 0.23 ON 21-21 TO 1/4 MILE OR LESS
LOWEST: 11 ON 10 3 = THUNDER
SNOW, ICE PELLETS, HAIL 4 = ICE PELLETS
TOTAL MONTH: 4.6 INCHES 5 = HAIL
GRTST 24HR 2.9 ON 21-21 6 = FREEZING RAIN OR DRIZZLE
GRTST DEPTH: 3 ON 22 7 = DUSTSTORM OR SANDSTORM:
VSBY 1/2 MILE OR LESS
8 = SMOKE OR HAZE
[NO. OF DAYS WITH] [WEATHER - DAYS WITH] 9 = BLOWING SNOW
X = TORNADO
MAX 32 OR BELOW: 2 0.01 INCH OR MORE: 4
MAX 90 OR ABOVE: 0 0.10 INCH OR MORE: 1
MIN 32 OR BELOW: 20 0.50 INCH OR MORE: 0
MIN 0 OR BELOW: 0 1.00 INCH OR MORE: 0
[HDD (BASE 65) ]
TOTAL THIS MO. 662 CLEAR (SCALE 0-3) 23
DPTR FM NORMAL 38 PTCLDY (SCALE 4-7) 7
TOTAL FM JUL 1 3895 CLOUDY (SCALE 8-10) 1
DPTR FM NORMAL -381
[CDD (BASE 65) ]
TOTAL THIS MO. 0
DPTR FM NORMAL -1 [PRESSURE DATA]
TOTAL FM JAN 1 0 HIGHEST SLP M ON M
DPTR FM NORMAL -1 LOWEST SLP 29.54 ON 5
[REMARKS]
#FINAL-03-22#